{"id":397,"date":"2018-08-24T09:05:59","date_gmt":"2018-08-24T07:05:59","guid":{"rendered":"http:\/\/wp.kristdemokraterna.se\/lidkoping\/?page_id=397"},"modified":"2018-08-24T09:50:51","modified_gmt":"2018-08-24T07:50:51","slug":"vara-kommunpolitiker-2014-2018","status":"publish","type":"page","link":"https:\/\/wp.kristdemokraterna.se\/lidkoping\/vara-kommunpolitiker-2014-2018\/","title":{"rendered":"V\u00e5ra kommunpolitiker 2014-2018"},"content":{"rendered":"<p><em><strong><span style=\"color: #000000\">Fullm\u00e4ktigeledam\u00f6ter:<\/span><\/strong><\/em><br style=\"color: #000000\" \/><span style=\"color: #000000\">Stefan Gustafsson, gruppledare,kommunstyrelsen<\/span><br style=\"color: #000000\" \/><span style=\"color: #000000\">Sten-Erik Lager<br \/>\n<\/span>Maria Edstr\u00f6m<br \/>\n<br style=\"color: #000000\" \/><span style=\"color: #000000\">Ers\u00e4ttare:<\/span><br style=\"color: #000000\" \/><span style=\"color: #000000\">Tommy Larsson<br \/>\nMaj Ader<\/span><\/p>\n<p><em><strong>Kommunstyrelsen:<\/strong><\/em><br \/>\nStefan Gustafsson, ledamot<br style=\"color: #000000\" \/><br style=\"color: #000000\" \/><em><strong><span style=\"color: #000000\">N\u00e4mndsledam\u00f6ter:<\/span><\/strong><\/em><br style=\"color: #000000\" \/><em><span style=\"color: #000000\">Barn- och skoln\u00e4mnd:<\/span><\/em><br style=\"color: #000000\" \/><span style=\"color: #000000\">Maria Edstr\u00f6m, ers\u00e4ttare<\/span><br style=\"color: #000000\" \/><br style=\"color: #000000\" \/><em><span style=\"color: #000000\">Kultur- \u00a0och fritidsn\u00e4mnd:<\/span><\/em><br style=\"color: #000000\" \/><span style=\"color: #000000\">Tommy Larsson, ledamot<\/span><br style=\"color: #000000\" \/><br style=\"color: #000000\" \/><em><span style=\"color: #000000\">Milj\u00f6- och byggn\u00e4mnd:<\/span><\/em><br style=\"color: #000000\" \/><span style=\"color: #000000\">Kenneth Holgersson, ledamot<\/span><br style=\"color: #000000\" \/><br style=\"color: #000000\" \/><em><span style=\"color: #000000\">Social- och arbetsmarknadsn\u00e4mnd:<\/span><\/em><br style=\"color: #000000\" \/><span style=\"color: #000000\">Annacarin Lager, ers\u00e4ttare<\/span><br style=\"color: #000000\" \/><br style=\"color: #000000\" \/><em><span style=\"color: #000000\">Samh\u00e4llsbyggnadsn\u00e4mnd:<\/span><\/em><br style=\"color: #000000\" \/><span style=\"color: #000000\">Sten-Eric Lager, 2:e v ordf<br \/>\n<\/span><br style=\"color: #000000\" \/><em><span style=\"color: #000000\">Utbildningsn\u00e4mnd:<\/span><\/em><br style=\"color: #000000\" \/><span style=\"color: #000000\">G\u00f6ran Svensson, ers\u00e4ttare<\/span><br style=\"color: #000000\" \/><br style=\"color: #000000\" \/><em><span style=\"color: #000000\">V\u00e5rd- och omsorgsn\u00e4mnd:<\/span><\/em><br style=\"color: #000000\" \/><span style=\"color: #000000\">Maj Ader, ledamot, ledamot<\/span><br style=\"color: #000000\" \/><br style=\"color: #000000\" \/><em><span style=\"color: #000000\">Teknisk servicen\u00e4mnd:\u00a0<\/span><\/em><br style=\"color: #000000\" \/><span style=\"color: #000000\">Jerry Nyberg, ledamot<\/span><\/p>\n<p><em>R\u00e4ddningsn\u00e4mnden V\u00e4stra Skaraborg:<\/em><br \/>\nJerry Nyberg, ledamot<br style=\"color: #000000\" \/><br style=\"color: #000000\" \/><em><strong><span style=\"color: #000000\">\u00d6vriga kommunala uppdrag:<\/span><\/strong><\/em><br style=\"color: #000000\" \/><span style=\"color: #000000\">Yngve Nordenstam, revisor<br \/>\n<\/span>Sten-Eric Lager, Lidk\u00f6ping Energi AB, vice ordf<br \/>\nSten-Eric Lager, Lidk\u00f6ping Hovby Flygplats AB, ers\u00e4ttare<br \/>\nJerry Nyberg, AB Bost\u00e4ders styrelse<br \/>\nIngemar Sixtensson, Lidk\u00f6pings\u00a0N\u00e4ringslivsfastigheter ABs styrelse<\/p>\n","protected":false},"excerpt":{"rendered":"<p>Fullm\u00e4ktigeledam\u00f6ter:Stefan Gustafsson, gruppledare,kommunstyrelsenSten-Erik Lager Maria Edstr\u00f6m Ers\u00e4ttare:Tommy Larsson Maj Ader Kommunstyrelsen: Stefan Gustafsson, ledamotN\u00e4mndsledam\u00f6ter:Barn- och skoln\u00e4mnd:Maria Edstr\u00f6m, ers\u00e4ttareKultur- \u00a0och fritidsn\u00e4mnd:Tommy Larsson, ledamotMilj\u00f6- och byggn\u00e4mnd:Kenneth Holgersson, ledamotSocial- och arbetsmarknadsn\u00e4mnd:Annacarin Lager, ers\u00e4ttareSamh\u00e4llsbyggnadsn\u00e4mnd:Sten-Eric Lager, 2:e v ordf Utbildningsn\u00e4mnd:G\u00f6ran Svensson, ers\u00e4ttareV\u00e5rd- och omsorgsn\u00e4mnd:Maj Ader, ledamot, ledamotTeknisk servicen\u00e4mnd:\u00a0Jerry Nyberg, ledamot R\u00e4ddningsn\u00e4mnden V\u00e4stra Skaraborg: Jerry Nyberg, ledamot\u00d6vriga kommunala uppdrag:Yngve Nordenstam, revisor <a class=\"read-more-link\" href=\"https:\/\/wp.kristdemokraterna.se\/lidkoping\/vara-kommunpolitiker-2014-2018\/\">Read More<\/a><\/p>\n","protected":false},"author":490,"featured_media":0,"parent":0,"menu_order":0,"comment_status":"closed","ping_status":"closed","template":"","meta":{"_acf_changed":false,"footnotes":""},"class_list":["post-397","page","type-page","status-publish","hentry"],"acf":[],"yoast_head":"<!-- This site is optimized with the Yoast SEO plugin v27.5 - https:\/\/yoast.com\/product\/yoast-seo-wordpress\/ -->\n<title>V\u00e5ra kommunpolitiker 2014-2018 - KRISTDEMOKRATERNA I LIDK\u00d6PING<\/title>\n<meta name=\"robots\" content=\"index, follow, max-snippet:-1, max-image-preview:large, max-video-preview:-1\" \/>\n<link rel=\"canonical\" href=\"https:\/\/wp.kristdemokraterna.se\/lidkoping\/vara-kommunpolitiker-2014-2018\/\" \/>\n<meta property=\"og:locale\" content=\"sv_SE\" \/>\n<meta property=\"og:type\" content=\"article\" \/>\n<meta property=\"og:title\" content=\"V\u00e5ra kommunpolitiker 2014-2018 - KRISTDEMOKRATERNA I LIDK\u00d6PING\" \/>\n<meta property=\"og:description\" content=\"Fullm\u00e4ktigeledam\u00f6ter:Stefan Gustafsson, gruppledare,kommunstyrelsenSten-Erik Lager Maria Edstr\u00f6m Ers\u00e4ttare:Tommy Larsson Maj Ader Kommunstyrelsen: Stefan Gustafsson, ledamotN\u00e4mndsledam\u00f6ter:Barn- och skoln\u00e4mnd:Maria Edstr\u00f6m, ers\u00e4ttareKultur- \u00a0och fritidsn\u00e4mnd:Tommy Larsson, ledamotMilj\u00f6- och byggn\u00e4mnd:Kenneth Holgersson, ledamotSocial- och arbetsmarknadsn\u00e4mnd:Annacarin Lager, ers\u00e4ttareSamh\u00e4llsbyggnadsn\u00e4mnd:Sten-Eric Lager, 2:e v ordf Utbildningsn\u00e4mnd:G\u00f6ran Svensson, ers\u00e4ttareV\u00e5rd- och omsorgsn\u00e4mnd:Maj Ader, ledamot, ledamotTeknisk servicen\u00e4mnd:\u00a0Jerry Nyberg, ledamot R\u00e4ddningsn\u00e4mnden V\u00e4stra Skaraborg: Jerry Nyberg, ledamot\u00d6vriga kommunala uppdrag:Yngve Nordenstam, revisor Read More\" \/>\n<meta property=\"og:url\" content=\"https:\/\/wp.kristdemokraterna.se\/lidkoping\/vara-kommunpolitiker-2014-2018\/\" \/>\n<meta property=\"og:site_name\" content=\"KRISTDEMOKRATERNA I LIDK\u00d6PING\" \/>\n<meta property=\"article:modified_time\" content=\"2018-08-24T07:50:51+00:00\" \/>\n<meta name=\"twitter:card\" content=\"summary_large_image\" \/>\n<meta name=\"twitter:label1\" content=\"Ber\u00e4knad l\u00e4stid\" \/>\n\t<meta name=\"twitter:data1\" content=\"1 minut\" \/>\n<script type=\"application\/ld+json\" class=\"yoast-schema-graph\">{\"@context\":\"https:\\\/\\\/schema.org\",\"@graph\":[{\"@type\":\"WebPage\",\"@id\":\"https:\\\/\\\/wp.kristdemokraterna.se\\\/lidkoping\\\/vara-kommunpolitiker-2014-2018\\\/\",\"url\":\"https:\\\/\\\/wp.kristdemokraterna.se\\\/lidkoping\\\/vara-kommunpolitiker-2014-2018\\\/\",\"name\":\"V\u00e5ra kommunpolitiker 2014-2018 - KRISTDEMOKRATERNA I LIDK\u00d6PING\",\"isPartOf\":{\"@id\":\"https:\\\/\\\/wp.kristdemokraterna.se\\\/lidkoping\\\/#website\"},\"datePublished\":\"2018-08-24T07:05:59+00:00\",\"dateModified\":\"2018-08-24T07:50:51+00:00\",\"breadcrumb\":{\"@id\":\"https:\\\/\\\/wp.kristdemokraterna.se\\\/lidkoping\\\/vara-kommunpolitiker-2014-2018\\\/#breadcrumb\"},\"inLanguage\":\"sv-SE\",\"potentialAction\":[{\"@type\":\"ReadAction\",\"target\":[\"https:\\\/\\\/wp.kristdemokraterna.se\\\/lidkoping\\\/vara-kommunpolitiker-2014-2018\\\/\"]}]},{\"@type\":\"BreadcrumbList\",\"@id\":\"https:\\\/\\\/wp.kristdemokraterna.se\\\/lidkoping\\\/vara-kommunpolitiker-2014-2018\\\/#breadcrumb\",\"itemListElement\":[{\"@type\":\"ListItem\",\"position\":1,\"name\":\"Hem\",\"item\":\"https:\\\/\\\/wp.kristdemokraterna.se\\\/lidkoping\\\/\"},{\"@type\":\"ListItem\",\"position\":2,\"name\":\"V\u00e5ra kommunpolitiker 2014-2018\"}]},{\"@type\":\"WebSite\",\"@id\":\"https:\\\/\\\/wp.kristdemokraterna.se\\\/lidkoping\\\/#website\",\"url\":\"https:\\\/\\\/wp.kristdemokraterna.se\\\/lidkoping\\\/\",\"name\":\"KRISTDEMOKRATERNA I LIDK\u00d6PING\",\"description\":\"Kristdemokraterna Lidk\u00f6pings webbplats\",\"inLanguage\":\"sv-SE\"}]}<\/script>\n<!-- \/ Yoast SEO plugin. -->","yoast_head_json":{"title":"V\u00e5ra kommunpolitiker 2014-2018 - KRISTDEMOKRATERNA I LIDK\u00d6PING","robots":{"index":"index","follow":"follow","max-snippet":"max-snippet:-1","max-image-preview":"max-image-preview:large","max-video-preview":"max-video-preview:-1"},"canonical":"https:\/\/wp.kristdemokraterna.se\/lidkoping\/vara-kommunpolitiker-2014-2018\/","og_locale":"sv_SE","og_type":"article","og_title":"V\u00e5ra kommunpolitiker 2014-2018 - KRISTDEMOKRATERNA I LIDK\u00d6PING","og_description":"Fullm\u00e4ktigeledam\u00f6ter:Stefan Gustafsson, gruppledare,kommunstyrelsenSten-Erik Lager Maria Edstr\u00f6m Ers\u00e4ttare:Tommy Larsson Maj Ader Kommunstyrelsen: Stefan Gustafsson, ledamotN\u00e4mndsledam\u00f6ter:Barn- och skoln\u00e4mnd:Maria Edstr\u00f6m, ers\u00e4ttareKultur- \u00a0och fritidsn\u00e4mnd:Tommy Larsson, ledamotMilj\u00f6- och byggn\u00e4mnd:Kenneth Holgersson, ledamotSocial- och arbetsmarknadsn\u00e4mnd:Annacarin Lager, ers\u00e4ttareSamh\u00e4llsbyggnadsn\u00e4mnd:Sten-Eric Lager, 2:e v ordf Utbildningsn\u00e4mnd:G\u00f6ran Svensson, ers\u00e4ttareV\u00e5rd- och omsorgsn\u00e4mnd:Maj Ader, ledamot, ledamotTeknisk servicen\u00e4mnd:\u00a0Jerry Nyberg, ledamot R\u00e4ddningsn\u00e4mnden V\u00e4stra Skaraborg: Jerry Nyberg, ledamot\u00d6vriga kommunala uppdrag:Yngve Nordenstam, revisor Read More","og_url":"https:\/\/wp.kristdemokraterna.se\/lidkoping\/vara-kommunpolitiker-2014-2018\/","og_site_name":"KRISTDEMOKRATERNA I LIDK\u00d6PING","article_modified_time":"2018-08-24T07:50:51+00:00","twitter_card":"summary_large_image","twitter_misc":{"Ber\u00e4knad l\u00e4stid":"1 minut"},"schema":{"@context":"https:\/\/schema.org","@graph":[{"@type":"WebPage","@id":"https:\/\/wp.kristdemokraterna.se\/lidkoping\/vara-kommunpolitiker-2014-2018\/","url":"https:\/\/wp.kristdemokraterna.se\/lidkoping\/vara-kommunpolitiker-2014-2018\/","name":"V\u00e5ra kommunpolitiker 2014-2018 - KRISTDEMOKRATERNA I LIDK\u00d6PING","isPartOf":{"@id":"https:\/\/wp.kristdemokraterna.se\/lidkoping\/#website"},"datePublished":"2018-08-24T07:05:59+00:00","dateModified":"2018-08-24T07:50:51+00:00","breadcrumb":{"@id":"https:\/\/wp.kristdemokraterna.se\/lidkoping\/vara-kommunpolitiker-2014-2018\/#breadcrumb"},"inLanguage":"sv-SE","potentialAction":[{"@type":"ReadAction","target":["https:\/\/wp.kristdemokraterna.se\/lidkoping\/vara-kommunpolitiker-2014-2018\/"]}]},{"@type":"BreadcrumbList","@id":"https:\/\/wp.kristdemokraterna.se\/lidkoping\/vara-kommunpolitiker-2014-2018\/#breadcrumb","itemListElement":[{"@type":"ListItem","position":1,"name":"Hem","item":"https:\/\/wp.kristdemokraterna.se\/lidkoping\/"},{"@type":"ListItem","position":2,"name":"V\u00e5ra kommunpolitiker 2014-2018"}]},{"@type":"WebSite","@id":"https:\/\/wp.kristdemokraterna.se\/lidkoping\/#website","url":"https:\/\/wp.kristdemokraterna.se\/lidkoping\/","name":"KRISTDEMOKRATERNA I LIDK\u00d6PING","description":"Kristdemokraterna Lidk\u00f6pings webbplats","inLanguage":"sv-SE"}]}},"_links":{"self":[{"href":"https:\/\/wp.kristdemokraterna.se\/lidkoping\/wp-json\/wp\/v2\/pages\/397","targetHints":{"allow":["GET"]}}],"collection":[{"href":"https:\/\/wp.kristdemokraterna.se\/lidkoping\/wp-json\/wp\/v2\/pages"}],"about":[{"href":"https:\/\/wp.kristdemokraterna.se\/lidkoping\/wp-json\/wp\/v2\/types\/page"}],"author":[{"embeddable":true,"href":"https:\/\/wp.kristdemokraterna.se\/lidkoping\/wp-json\/wp\/v2\/users\/490"}],"replies":[{"embeddable":true,"href":"https:\/\/wp.kristdemokraterna.se\/lidkoping\/wp-json\/wp\/v2\/comments?post=397"}],"version-history":[{"count":3,"href":"https:\/\/wp.kristdemokraterna.se\/lidkoping\/wp-json\/wp\/v2\/pages\/397\/revisions"}],"predecessor-version":[{"id":400,"href":"https:\/\/wp.kristdemokraterna.se\/lidkoping\/wp-json\/wp\/v2\/pages\/397\/revisions\/400"}],"wp:attachment":[{"href":"https:\/\/wp.kristdemokraterna.se\/lidkoping\/wp-json\/wp\/v2\/media?parent=397"}],"curies":[{"name":"wp","href":"https:\/\/api.w.org\/{rel}","templated":true}]}}

Våra kommunpolitiker 2014-2018

<p><em><strong><span style="color: #000000">Fullmäktigeledamöter:</span></strong></em><br style="color: #000000" /><span style="color: #000000">Stefan Gustafsson, gruppledare,kommunstyrelsen</span><br style="color: #000000" /><span style="color: #000000">Sten-Erik Lager<br />
</span>Maria Edström<br />
<br style="color: #000000" /><span style="color: #000000">Ersättare:</span><br style="color: #000000" /><span style="color: #000000">Tommy Larsson<br />
Maj Ader</span></p>
<p><em><strong>Kommunstyrelsen:</strong></em><br />
Stefan Gustafsson, ledamot<br style="color: #000000" /><br style="color: #000000" /><em><strong><span style="color: #000000">Nämndsledamöter:</span></strong></em><br style="color: #000000" /><em><span style="color: #000000">Barn- och skolnämnd:</span></em><br style="color: #000000" /><span style="color: #000000">Maria Edström, ersättare</span><br style="color: #000000" /><br style="color: #000000" /><em><span style="color: #000000">Kultur-  och fritidsnämnd:</span></em><br style="color: #000000" /><span style="color: #000000">Tommy Larsson, ledamot</span><br style="color: #000000" /><br style="color: #000000" /><em><span style="color: #000000">Miljö- och byggnämnd:</span></em><br style="color: #000000" /><span style="color: #000000">Kenneth Holgersson, ledamot</span><br style="color: #000000" /><br style="color: #000000" /><em><span style="color: #000000">Social- och arbetsmarknadsnämnd:</span></em><br style="color: #000000" /><span style="color: #000000">Annacarin Lager, ersättare</span><br style="color: #000000" /><br style="color: #000000" /><em><span style="color: #000000">Samhällsbyggnadsnämnd:</span></em><br style="color: #000000" /><span style="color: #000000">Sten-Eric Lager, 2:e v ordf<br />
</span><br style="color: #000000" /><em><span style="color: #000000">Utbildningsnämnd:</span></em><br style="color: #000000" /><span style="color: #000000">Göran Svensson, ersättare</span><br style="color: #000000" /><br style="color: #000000" /><em><span style="color: #000000">Vård- och omsorgsnämnd:</span></em><br style="color: #000000" /><span style="color: #000000">Maj Ader, ledamot, ledamot</span><br style="color: #000000" /><br style="color: #000000" /><em><span style="color: #000000">Teknisk servicenämnd: </span></em><br style="color: #000000" /><span style="color: #000000">Jerry Nyberg, ledamot</span></p>
<p><em>Räddningsnämnden Västra Skaraborg:</em><br />
Jerry Nyberg, ledamot<br style="color: #000000" /><br style="color: #000000" /><em><strong><span style="color: #000000">Övriga kommunala uppdrag:</span></strong></em><br style="color: #000000" /><span style="color: #000000">Yngve Nordenstam, revisor<br />
</span>Sten-Eric Lager, Lidköping Energi AB, vice ordf<br />
Sten-Eric Lager, Lidköping Hovby Flygplats AB, ersättare<br />
Jerry Nyberg, AB Bostäders styrelse<br />
Ingemar Sixtensson, Lidköpings Näringslivsfastigheter ABs styrelse</p>

<p>Fullmäktigeledamöter:Stefan Gustafsson, gruppledare,kommunstyrelsenSten-Erik Lager Maria Edström Ersättare:Tommy Larsson Maj Ader Kommunstyrelsen: Stefan Gustafsson, ledamotNämndsledamöter:Barn- och skolnämnd:Maria Edström, ersättareKultur-  och fritidsnämnd:Tommy Larsson, ledamotMiljö- och byggnämnd:Kenneth Holgersson, ledamotSocial- och arbetsmarknadsnämnd:Annacarin Lager, ersättareSamhällsbyggnadsnämnd:Sten-Eric Lager, 2:e v ordf Utbildningsnämnd:Göran Svensson, ersättareVård- och omsorgsnämnd:Maj Ader, ledamot, ledamotTeknisk servicenämnd: Jerry Nyberg, ledamot Räddningsnämnden Västra Skaraborg: Jerry Nyberg, ledamotÖvriga kommunala uppdrag:Yngve Nordenstam, revisor <a class="read-more-link" href="https://wp.kristdemokraterna.se/lidkoping/vara-kommunpolitiker-2014-2018/">Read More</a></p>

<!-- This site is optimized with the Yoast SEO plugin v27.5 - https://yoast.com/product/yoast-seo-wordpress/ -->
<title>Våra kommunpolitiker 2014-2018 - KRISTDEMOKRATERNA I LIDKÖPING</title>
<meta name="robots" content="index, follow, max-snippet:-1, max-image-preview:large, max-video-preview:-1" />
<link rel="canonical" href="https://wp.kristdemokraterna.se/lidkoping/vara-kommunpolitiker-2014-2018/" />
<meta property="og:locale" content="sv_SE" />
<meta property="og:type" content="article" />
<meta property="og:title" content="Våra kommunpolitiker 2014-2018 - KRISTDEMOKRATERNA I LIDKÖPING" />
<meta property="og:description" content="Fullmäktigeledamöter:Stefan Gustafsson, gruppledare,kommunstyrelsenSten-Erik Lager Maria Edström Ersättare:Tommy Larsson Maj Ader Kommunstyrelsen: Stefan Gustafsson, ledamotNämndsledamöter:Barn- och skolnämnd:Maria Edström, ersättareKultur-  och fritidsnämnd:Tommy Larsson, ledamotMiljö- och byggnämnd:Kenneth Holgersson, ledamotSocial- och arbetsmarknadsnämnd:Annacarin Lager, ersättareSamhällsbyggnadsnämnd:Sten-Eric Lager, 2:e v ordf Utbildningsnämnd:Göran Svensson, ersättareVård- och omsorgsnämnd:Maj Ader, ledamot, ledamotTeknisk servicenämnd: Jerry Nyberg, ledamot Räddningsnämnden Västra Skaraborg: Jerry Nyberg, ledamotÖvriga kommunala uppdrag:Yngve Nordenstam, revisor Read More" />
<meta property="og:url" content="https://wp.kristdemokraterna.se/lidkoping/vara-kommunpolitiker-2014-2018/" />
<meta property="og:site_name" content="KRISTDEMOKRATERNA I LIDKÖPING" />
<meta property="article:modified_time" content="2018-08-24T07:50:51+00:00" />
<meta name="twitter:card" content="summary_large_image" />
<meta name="twitter:label1" content="Beräknad lästid" />
	<meta name="twitter:data1" content="1 minut" />
<script type="application/ld+json" class="yoast-schema-graph">{"@context":"https:\/\/schema.org","@graph":[{"@type":"WebPage","@id":"https:\/\/wp.kristdemokraterna.se\/lidkoping\/vara-kommunpolitiker-2014-2018\/","url":"https:\/\/wp.kristdemokraterna.se\/lidkoping\/vara-kommunpolitiker-2014-2018\/","name":"Våra kommunpolitiker 2014-2018 - KRISTDEMOKRATERNA I LIDKÖPING","isPartOf":{"@id":"https:\/\/wp.kristdemokraterna.se\/lidkoping\/#website"},"datePublished":"2018-08-24T07:05:59+00:00","dateModified":"2018-08-24T07:50:51+00:00","breadcrumb":{"@id":"https:\/\/wp.kristdemokraterna.se\/lidkoping\/vara-kommunpolitiker-2014-2018\/#breadcrumb"},"inLanguage":"sv-SE","potentialAction":[{"@type":"ReadAction","target":["https:\/\/wp.kristdemokraterna.se\/lidkoping\/vara-kommunpolitiker-2014-2018\/"]}]},{"@type":"BreadcrumbList","@id":"https:\/\/wp.kristdemokraterna.se\/lidkoping\/vara-kommunpolitiker-2014-2018\/#breadcrumb","itemListElement":[{"@type":"ListItem","position":1,"name":"Hem","item":"https:\/\/wp.kristdemokraterna.se\/lidkoping\/"},{"@type":"ListItem","position":2,"name":"Våra kommunpolitiker 2014-2018"}]},{"@type":"WebSite","@id":"https:\/\/wp.kristdemokraterna.se\/lidkoping\/#website","url":"https:\/\/wp.kristdemokraterna.se\/lidkoping\/","name":"KRISTDEMOKRATERNA I LIDKÖPING","description":"Kristdemokraterna Lidköpings webbplats","inLanguage":"sv-SE"}]}</script>
<!-- / Yoast SEO plugin. -->

Våra kommunpolitiker 2014-2018 - KRISTDEMOKRATERNA I LIDKÖPING

Fullmäktigeledamöter:Stefan Gustafsson, gruppledare,kommunstyrelsenSten-Erik Lager Maria Edström Ersättare:Tommy Larsson Maj Ader Kommunstyrelsen: Stefan Gustafsson, ledamotNämndsledamöter:Barn- och skolnämnd:Maria Edström, ersättareKultur-  och fritidsnämnd:Tommy Larsson, ledamotMiljö- och byggnämnd:Kenneth Holgersson, ledamotSocial- och arbetsmarknadsnämnd:Annacarin Lager, ersättareSamhällsbyggnadsnämnd:Sten-Eric Lager, 2:e v ordf Utbildningsnämnd:Göran Svensson, ersättareVård- och omsorgsnämnd:Maj Ader, ledamot, ledamotTeknisk servicenämnd: Jerry Nyberg, ledamot Räddningsnämnden Västra Skaraborg: Jerry Nyberg, ledamotÖvriga kommunala uppdrag:Yngve Nordenstam, revisor Read More

KRISTDEMOKRATERNA I LIDKÖPING

Kristdemokraterna Lidköpings webbplats
