{"id":591,"date":"2022-11-15T20:11:03","date_gmt":"2022-11-15T19:11:03","guid":{"rendered":"https:\/\/wp.kristdemokraterna.se\/lindesberg\/?page_id=591"},"modified":"2026-02-23T17:34:37","modified_gmt":"2026-02-23T16:34:37","slug":"styrelse","status":"publish","type":"page","link":"https:\/\/wp.kristdemokraterna.se\/lindesberg\/textsida-med-vanster-sidebar\/styrelse\/","title":{"rendered":"Styrelsen"},"content":{"rendered":"<p><strong>Ordf\u00f6rande <\/strong><\/p>\n<ul>\n<li>Markus Lundin<\/li>\n<\/ul>\n<p><strong>Vice ordf\u00f6rande <\/strong><\/p>\n<ul>\n<li>Marlen\u00e9 Evaldsson<\/li>\n<\/ul>\n<p><strong>\u00d6vriga ledam\u00f6ter<\/strong><\/p>\n<ul>\n<li>Margareta Andergard<\/li>\n<li>Kent Hiding<\/li>\n<li>Patrik Kretschmann<\/li>\n<li>Sven-G\u00f6ran Holm<\/li>\n<li>Jenny Alamartin<\/li>\n<li>Joacim T\u00f6rnqvist<\/li>\n<li>Helene Lundin: Kass\u00f6r<\/li>\n<\/ul>\n<p>&nbsp;<\/p>\n","protected":false},"excerpt":{"rendered":"<p>Ordf\u00f6rande Markus Lundin Vice ordf\u00f6rande Marlen\u00e9 Evaldsson \u00d6vriga ledam\u00f6ter Margareta Andergard Kent Hiding Patrik Kretschmann Sven-G\u00f6ran Holm Jenny Alamartin Joacim T\u00f6rnqvist Helene Lundin: Kass\u00f6r &nbsp;<\/p>\n","protected":false},"author":38,"featured_media":714,"parent":269,"menu_order":0,"comment_status":"closed","ping_status":"closed","template":"","meta":{"_acf_changed":false,"footnotes":""},"class_list":["post-591","page","type-page","status-publish","hentry"],"acf":[],"yoast_head":"<!-- This site is optimized with the Yoast SEO plugin v27.3 - https:\/\/yoast.com\/product\/yoast-seo-wordpress\/ -->\n<title>Styrelsen - Lindesberg<\/title>\n<meta name=\"robots\" content=\"index, follow, max-snippet:-1, max-image-preview:large, max-video-preview:-1\" \/>\n<link rel=\"canonical\" href=\"https:\/\/wp.kristdemokraterna.se\/lindesberg\/textsida-med-vanster-sidebar\/styrelse\/\" \/>\n<meta property=\"og:locale\" content=\"sv_SE\" \/>\n<meta property=\"og:type\" content=\"article\" \/>\n<meta property=\"og:title\" content=\"Styrelsen - Lindesberg\" \/>\n<meta property=\"og:description\" content=\"Ordf\u00f6rande Markus Lundin Vice ordf\u00f6rande Marlen\u00e9 Evaldsson \u00d6vriga ledam\u00f6ter Margareta Andergard Kent Hiding Patrik Kretschmann Sven-G\u00f6ran Holm Jenny Alamartin Joacim T\u00f6rnqvist Helene Lundin: Kass\u00f6r &nbsp;\" \/>\n<meta property=\"og:url\" content=\"https:\/\/wp.kristdemokraterna.se\/lindesberg\/textsida-med-vanster-sidebar\/styrelse\/\" \/>\n<meta property=\"og:site_name\" content=\"Lindesberg\" \/>\n<meta property=\"article:modified_time\" content=\"2026-02-23T16:34:37+00:00\" \/>\n<meta name=\"twitter:card\" content=\"summary_large_image\" \/>\n<meta name=\"twitter:label1\" content=\"Ber\u00e4knad l\u00e4stid\" \/>\n\t<meta name=\"twitter:data1\" content=\"1 minut\" \/>\n<script type=\"application\/ld+json\" class=\"yoast-schema-graph\">{\"@context\":\"https:\\\/\\\/schema.org\",\"@graph\":[{\"@type\":\"WebPage\",\"@id\":\"https:\\\/\\\/wp.kristdemokraterna.se\\\/lindesberg\\\/textsida-med-vanster-sidebar\\\/styrelse\\\/\",\"url\":\"https:\\\/\\\/wp.kristdemokraterna.se\\\/lindesberg\\\/textsida-med-vanster-sidebar\\\/styrelse\\\/\",\"name\":\"Styrelsen - Lindesberg\",\"isPartOf\":{\"@id\":\"https:\\\/\\\/wp.kristdemokraterna.se\\\/lindesberg\\\/#website\"},\"primaryImageOfPage\":{\"@id\":\"https:\\\/\\\/wp.kristdemokraterna.se\\\/lindesberg\\\/textsida-med-vanster-sidebar\\\/styrelse\\\/#primaryimage\"},\"image\":{\"@id\":\"https:\\\/\\\/wp.kristdemokraterna.se\\\/lindesberg\\\/textsida-med-vanster-sidebar\\\/styrelse\\\/#primaryimage\"},\"thumbnailUrl\":\"\",\"datePublished\":\"2022-11-15T19:11:03+00:00\",\"dateModified\":\"2026-02-23T16:34:37+00:00\",\"breadcrumb\":{\"@id\":\"https:\\\/\\\/wp.kristdemokraterna.se\\\/lindesberg\\\/textsida-med-vanster-sidebar\\\/styrelse\\\/#breadcrumb\"},\"inLanguage\":\"sv-SE\",\"potentialAction\":[{\"@type\":\"ReadAction\",\"target\":[\"https:\\\/\\\/wp.kristdemokraterna.se\\\/lindesberg\\\/textsida-med-vanster-sidebar\\\/styrelse\\\/\"]}]},{\"@type\":\"ImageObject\",\"inLanguage\":\"sv-SE\",\"@id\":\"https:\\\/\\\/wp.kristdemokraterna.se\\\/lindesberg\\\/textsida-med-vanster-sidebar\\\/styrelse\\\/#primaryimage\",\"url\":\"\",\"contentUrl\":\"\"},{\"@type\":\"BreadcrumbList\",\"@id\":\"https:\\\/\\\/wp.kristdemokraterna.se\\\/lindesberg\\\/textsida-med-vanster-sidebar\\\/styrelse\\\/#breadcrumb\",\"itemListElement\":[{\"@type\":\"ListItem\",\"position\":1,\"name\":\"Hem\",\"item\":\"https:\\\/\\\/wp.kristdemokraterna.se\\\/lindesberg\\\/\"},{\"@type\":\"ListItem\",\"position\":2,\"name\":\"V\u00e5r partiavdelning\",\"item\":\"https:\\\/\\\/wp.kristdemokraterna.se\\\/lindesberg\\\/textsida-med-vanster-sidebar\\\/\"},{\"@type\":\"ListItem\",\"position\":3,\"name\":\"Styrelsen\"}]},{\"@type\":\"WebSite\",\"@id\":\"https:\\\/\\\/wp.kristdemokraterna.se\\\/lindesberg\\\/#website\",\"url\":\"https:\\\/\\\/wp.kristdemokraterna.se\\\/lindesberg\\\/\",\"name\":\"Lindesberg\",\"description\":\"V\u00e5rd, vardag, v\u00e4rderingar\",\"inLanguage\":\"sv-SE\"}]}<\/script>\n<!-- \/ Yoast SEO plugin. -->","yoast_head_json":{"title":"Styrelsen - Lindesberg","robots":{"index":"index","follow":"follow","max-snippet":"max-snippet:-1","max-image-preview":"max-image-preview:large","max-video-preview":"max-video-preview:-1"},"canonical":"https:\/\/wp.kristdemokraterna.se\/lindesberg\/textsida-med-vanster-sidebar\/styrelse\/","og_locale":"sv_SE","og_type":"article","og_title":"Styrelsen - Lindesberg","og_description":"Ordf\u00f6rande Markus Lundin Vice ordf\u00f6rande Marlen\u00e9 Evaldsson \u00d6vriga ledam\u00f6ter Margareta Andergard Kent Hiding Patrik Kretschmann Sven-G\u00f6ran Holm Jenny Alamartin Joacim T\u00f6rnqvist Helene Lundin: Kass\u00f6r &nbsp;","og_url":"https:\/\/wp.kristdemokraterna.se\/lindesberg\/textsida-med-vanster-sidebar\/styrelse\/","og_site_name":"Lindesberg","article_modified_time":"2026-02-23T16:34:37+00:00","twitter_card":"summary_large_image","twitter_misc":{"Ber\u00e4knad l\u00e4stid":"1 minut"},"schema":{"@context":"https:\/\/schema.org","@graph":[{"@type":"WebPage","@id":"https:\/\/wp.kristdemokraterna.se\/lindesberg\/textsida-med-vanster-sidebar\/styrelse\/","url":"https:\/\/wp.kristdemokraterna.se\/lindesberg\/textsida-med-vanster-sidebar\/styrelse\/","name":"Styrelsen - Lindesberg","isPartOf":{"@id":"https:\/\/wp.kristdemokraterna.se\/lindesberg\/#website"},"primaryImageOfPage":{"@id":"https:\/\/wp.kristdemokraterna.se\/lindesberg\/textsida-med-vanster-sidebar\/styrelse\/#primaryimage"},"image":{"@id":"https:\/\/wp.kristdemokraterna.se\/lindesberg\/textsida-med-vanster-sidebar\/styrelse\/#primaryimage"},"thumbnailUrl":"","datePublished":"2022-11-15T19:11:03+00:00","dateModified":"2026-02-23T16:34:37+00:00","breadcrumb":{"@id":"https:\/\/wp.kristdemokraterna.se\/lindesberg\/textsida-med-vanster-sidebar\/styrelse\/#breadcrumb"},"inLanguage":"sv-SE","potentialAction":[{"@type":"ReadAction","target":["https:\/\/wp.kristdemokraterna.se\/lindesberg\/textsida-med-vanster-sidebar\/styrelse\/"]}]},{"@type":"ImageObject","inLanguage":"sv-SE","@id":"https:\/\/wp.kristdemokraterna.se\/lindesberg\/textsida-med-vanster-sidebar\/styrelse\/#primaryimage","url":"","contentUrl":""},{"@type":"BreadcrumbList","@id":"https:\/\/wp.kristdemokraterna.se\/lindesberg\/textsida-med-vanster-sidebar\/styrelse\/#breadcrumb","itemListElement":[{"@type":"ListItem","position":1,"name":"Hem","item":"https:\/\/wp.kristdemokraterna.se\/lindesberg\/"},{"@type":"ListItem","position":2,"name":"V\u00e5r partiavdelning","item":"https:\/\/wp.kristdemokraterna.se\/lindesberg\/textsida-med-vanster-sidebar\/"},{"@type":"ListItem","position":3,"name":"Styrelsen"}]},{"@type":"WebSite","@id":"https:\/\/wp.kristdemokraterna.se\/lindesberg\/#website","url":"https:\/\/wp.kristdemokraterna.se\/lindesberg\/","name":"Lindesberg","description":"V\u00e5rd, vardag, v\u00e4rderingar","inLanguage":"sv-SE"}]}},"_links":{"self":[{"href":"https:\/\/wp.kristdemokraterna.se\/lindesberg\/wp-json\/wp\/v2\/pages\/591","targetHints":{"allow":["GET"]}}],"collection":[{"href":"https:\/\/wp.kristdemokraterna.se\/lindesberg\/wp-json\/wp\/v2\/pages"}],"about":[{"href":"https:\/\/wp.kristdemokraterna.se\/lindesberg\/wp-json\/wp\/v2\/types\/page"}],"author":[{"embeddable":true,"href":"https:\/\/wp.kristdemokraterna.se\/lindesberg\/wp-json\/wp\/v2\/users\/38"}],"replies":[{"embeddable":true,"href":"https:\/\/wp.kristdemokraterna.se\/lindesberg\/wp-json\/wp\/v2\/comments?post=591"}],"version-history":[{"count":15,"href":"https:\/\/wp.kristdemokraterna.se\/lindesberg\/wp-json\/wp\/v2\/pages\/591\/revisions"}],"predecessor-version":[{"id":811,"href":"https:\/\/wp.kristdemokraterna.se\/lindesberg\/wp-json\/wp\/v2\/pages\/591\/revisions\/811"}],"up":[{"embeddable":true,"href":"https:\/\/wp.kristdemokraterna.se\/lindesberg\/wp-json\/wp\/v2\/pages\/269"}],"wp:featuredmedia":[{"embeddable":true,"href":"https:\/\/wp.kristdemokraterna.se\/lindesberg\/wp-json\/"}],"wp:attachment":[{"href":"https:\/\/wp.kristdemokraterna.se\/lindesberg\/wp-json\/wp\/v2\/media?parent=591"}],"curies":[{"name":"wp","href":"https:\/\/api.w.org\/{rel}","templated":true}]}}