{"version":"1.0","provider_name":"Kristdemokraterna i Link\u00f6ping","provider_url":"https:\/\/wp.kristdemokraterna.se\/linkoping","title":"Kristdemokraternas valprogram 2018 - Kristdemokraterna i Link\u00f6ping","type":"rich","width":600,"height":338,"html":"<blockquote class=\"wp-embedded-content\" data-secret=\"nbMxo2Vkn1\"><a href=\"https:\/\/wp.kristdemokraterna.se\/linkoping\/pressmeddelande-kristdemokraternas-valprogram-2018\/\">Kristdemokraternas valprogram 2018<\/a><\/blockquote><iframe sandbox=\"allow-scripts\" security=\"restricted\" src=\"https:\/\/wp.kristdemokraterna.se\/linkoping\/pressmeddelande-kristdemokraternas-valprogram-2018\/embed\/#?secret=nbMxo2Vkn1\" width=\"600\" height=\"338\" title=\"\u201dKristdemokraternas valprogram 2018\u201d &ndash; Kristdemokraterna i Link\u00f6ping\" data-secret=\"nbMxo2Vkn1\" frameborder=\"0\" marginwidth=\"0\" marginheight=\"0\" scrolling=\"no\" class=\"wp-embedded-content\"><\/iframe><script type=\"text\/javascript\">\n\/* <![CDATA[ *\/\n\/*! This file is auto-generated *\/\n!function(d,l){\"use strict\";l.querySelector&&d.addEventListener&&\"undefined\"!=typeof URL&&(d.wp=d.wp||{},d.wp.receiveEmbedMessage||(d.wp.receiveEmbedMessage=function(e){var t=e.data;if((t||t.secret||t.message||t.value)&&!\/[^a-zA-Z0-9]\/.test(t.secret)){for(var s,r,n,a=l.querySelectorAll('iframe[data-secret=\"'+t.secret+'\"]'),o=l.querySelectorAll('blockquote[data-secret=\"'+t.secret+'\"]'),c=new RegExp(\"^https?:$\",\"i\"),i=0;i<o.length;i++)o[i].style.display=\"none\";for(i=0;i<a.length;i++)s=a[i],e.source===s.contentWindow&&(s.removeAttribute(\"style\"),\"height\"===t.message?(1e3<(r=parseInt(t.value,10))?r=1e3:~~r<200&&(r=200),s.height=r):\"link\"===t.message&&(r=new URL(s.getAttribute(\"src\")),n=new URL(t.value),c.test(n.protocol))&&n.host===r.host&&l.activeElement===s&&(d.top.location.href=t.value))}},d.addEventListener(\"message\",d.wp.receiveEmbedMessage,!1),l.addEventListener(\"DOMContentLoaded\",function(){for(var e,t,s=l.querySelectorAll(\"iframe.wp-embedded-content\"),r=0;r<s.length;r++)(t=(e=s[r]).getAttribute(\"data-secret\"))||(t=Math.random().toString(36).substring(2,12),e.src+=\"#?secret=\"+t,e.setAttribute(\"data-secret\",t)),e.contentWindow.postMessage({message:\"ready\",secret:t},\"*\")},!1)))}(window,document);\n\/\/# sourceURL=https:\/\/wp.kristdemokraterna.se\/linkoping\/wp-includes\/js\/wp-embed.min.js\n\/* ]]> *\/\n<\/script>\n","thumbnail_url":"https:\/\/wp.kristdemokraterna.se\/linkoping\/files\/2018\/06\/valprogram_magnus_sara_liselotte.jpg","thumbnail_width":2769,"thumbnail_height":2157,"description":"Bilden: Fr\u00e5n v\u00e4nster: Magnus Engstr\u00f6m, Sara Skyttedal och Liselotte Fager. Pressmeddelande fr\u00e5n Kristdemokraterna i Link\u00f6pings kommun Vall\u00f6ften innanf\u00f6r boxen \u2013 Valprogram i Link\u00f6pings kommun I september st\u00e5r Link\u00f6ping inf\u00f6r ett v\u00e4gval. Sveriges kommuner st\u00e5r inf\u00f6r stora utmaningar, och Link\u00f6ping \u00e4r inget undantag. F\u00f6r att ha r\u00e5d att bekosta v\u00e4lf\u00e4rden imorgon beh\u00f6ver vi idag inventera verksamheterna Read More"}

Kristdemokraterna i Linköping

Kristdemokraternas valprogram 2018 - Kristdemokraterna i Linköping

<blockquote class="wp-embedded-content" data-secret="nbMxo2Vkn1"><a href="https://wp.kristdemokraterna.se/linkoping/pressmeddelande-kristdemokraternas-valprogram-2018/">Kristdemokraternas valprogram 2018</a></blockquote><iframe sandbox="allow-scripts" security="restricted" src="https://wp.kristdemokraterna.se/linkoping/pressmeddelande-kristdemokraternas-valprogram-2018/embed/#?secret=nbMxo2Vkn1" width="600" height="338" title="”Kristdemokraternas valprogram 2018” &ndash; Kristdemokraterna i Linköping" data-secret="nbMxo2Vkn1" frameborder="0" marginwidth="0" marginheight="0" scrolling="no" class="wp-embedded-content"></iframe><script type="text/javascript">
/* <![CDATA[ */
/*! This file is auto-generated */
!function(d,l){"use strict";l.querySelector&&d.addEventListener&&"undefined"!=typeof URL&&(d.wp=d.wp||{},d.wp.receiveEmbedMessage||(d.wp.receiveEmbedMessage=function(e){var t=e.data;if((t||t.secret||t.message||t.value)&&!/[^a-zA-Z0-9]/.test(t.secret)){for(var s,r,n,a=l.querySelectorAll('iframe[data-secret="'+t.secret+'"]'),o=l.querySelectorAll('blockquote[data-secret="'+t.secret+'"]'),c=new RegExp("^https?:$","i"),i=0;i<o.length;i++)o[i].style.display="none";for(i=0;i<a.length;i++)s=a[i],e.source===s.contentWindow&&(s.removeAttribute("style"),"height"===t.message?(1e3<(r=parseInt(t.value,10))?r=1e3:~~r<200&&(r=200),s.height=r):"link"===t.message&&(r=new URL(s.getAttribute("src")),n=new URL(t.value),c.test(n.protocol))&&n.host===r.host&&l.activeElement===s&&(d.top.location.href=t.value))}},d.addEventListener("message",d.wp.receiveEmbedMessage,!1),l.addEventListener("DOMContentLoaded",function(){for(var e,t,s=l.querySelectorAll("iframe.wp-embedded-content"),r=0;r<s.length;r++)(t=(e=s[r]).getAttribute("data-secret"))||(t=Math.random().toString(36).substring(2,12),e.src+="#?secret="+t,e.setAttribute("data-secret",t)),e.contentWindow.postMessage({message:"ready",secret:t},"*")},!1)))}(window,document);
//# sourceURL=https://wp.kristdemokraterna.se/linkoping/wp-includes/js/wp-embed.min.js
/* ]]> */
</script>

Bilden: Från vänster: Magnus Engström, Sara Skyttedal och Liselotte Fager. Pressmeddelande från Kristdemokraterna i Linköpings kommun Vallöften innanför boxen – Valprogram i Linköpings kommun I september står Linköping inför ett vägval. Sveriges kommuner står inför stora utmaningar, och Linköping är inget undantag. För att ha råd att bekosta välfärden imorgon behöver vi idag inventera verksamheterna Read More
