{"version":"1.0","provider_name":"Kristdemokraterna i Link\u00f6ping","provider_url":"https:\/\/wp.kristdemokraterna.se\/linkoping","title":"Utdelningskampanj i Ek\u00e4ngen - Kristdemokraterna i Link\u00f6ping","type":"rich","width":600,"height":338,"html":"<blockquote class=\"wp-embedded-content\" data-secret=\"SamjtqSFci\"><a href=\"https:\/\/wp.kristdemokraterna.se\/linkoping\/utdelningskampanj-i-ekangen\/\">Utdelningskampanj i Ek\u00e4ngen<\/a><\/blockquote><iframe sandbox=\"allow-scripts\" security=\"restricted\" src=\"https:\/\/wp.kristdemokraterna.se\/linkoping\/utdelningskampanj-i-ekangen\/embed\/#?secret=SamjtqSFci\" width=\"600\" height=\"338\" title=\"\u201dUtdelningskampanj i Ek\u00e4ngen\u201d &ndash; Kristdemokraterna i Link\u00f6ping\" data-secret=\"SamjtqSFci\" frameborder=\"0\" marginwidth=\"0\" marginheight=\"0\" scrolling=\"no\" class=\"wp-embedded-content\"><\/iframe><script type=\"text\/javascript\">\n\/* <![CDATA[ *\/\n\/*! This file is auto-generated *\/\n!function(d,l){\"use strict\";l.querySelector&&d.addEventListener&&\"undefined\"!=typeof URL&&(d.wp=d.wp||{},d.wp.receiveEmbedMessage||(d.wp.receiveEmbedMessage=function(e){var t=e.data;if((t||t.secret||t.message||t.value)&&!\/[^a-zA-Z0-9]\/.test(t.secret)){for(var s,r,n,a=l.querySelectorAll('iframe[data-secret=\"'+t.secret+'\"]'),o=l.querySelectorAll('blockquote[data-secret=\"'+t.secret+'\"]'),c=new RegExp(\"^https?:$\",\"i\"),i=0;i<o.length;i++)o[i].style.display=\"none\";for(i=0;i<a.length;i++)s=a[i],e.source===s.contentWindow&&(s.removeAttribute(\"style\"),\"height\"===t.message?(1e3<(r=parseInt(t.value,10))?r=1e3:~~r<200&&(r=200),s.height=r):\"link\"===t.message&&(r=new URL(s.getAttribute(\"src\")),n=new URL(t.value),c.test(n.protocol))&&n.host===r.host&&l.activeElement===s&&(d.top.location.href=t.value))}},d.addEventListener(\"message\",d.wp.receiveEmbedMessage,!1),l.addEventListener(\"DOMContentLoaded\",function(){for(var e,t,s=l.querySelectorAll(\"iframe.wp-embedded-content\"),r=0;r<s.length;r++)(t=(e=s[r]).getAttribute(\"data-secret\"))||(t=Math.random().toString(36).substring(2,12),e.src+=\"#?secret=\"+t,e.setAttribute(\"data-secret\",t)),e.contentWindow.postMessage({message:\"ready\",secret:t},\"*\")},!1)))}(window,document);\n\/\/# sourceURL=https:\/\/wp.kristdemokraterna.se\/linkoping\/wp-includes\/js\/wp-embed.min.js\n\/* ]]> *\/\n<\/script>\n","description":"Ig\u00e5r kv\u00e4ll begav sig ett g\u00e4ng fr\u00e5n Kristdemokraterna i Link\u00f6ping till Ek\u00e4ngen f\u00f6r att dela ut kampanjtidningen Vardagsliv. Efter\u00e5t tr\u00e4ffades vi vid Tv\u00e4rskogsudde vid Roxen, grillade och nj\u00f6t av solsken och vacker vy \u00f6ver sj\u00f6n! H\u00e4r ser vi \u00a0Petra Hellsing, andre vice ordf\u00f6rande och Magnus Engstr\u00f6m, ordf\u00f6rande.","thumbnail_url":"http:\/\/wp.kristdemokraterna.se\/linkoping\/files\/2013\/06\/ekangen-300x224.jpg"}

Kristdemokraterna i Linköping

Utdelningskampanj i Ekängen - Kristdemokraterna i Linköping

<blockquote class="wp-embedded-content" data-secret="SamjtqSFci"><a href="https://wp.kristdemokraterna.se/linkoping/utdelningskampanj-i-ekangen/">Utdelningskampanj i Ekängen</a></blockquote><iframe sandbox="allow-scripts" security="restricted" src="https://wp.kristdemokraterna.se/linkoping/utdelningskampanj-i-ekangen/embed/#?secret=SamjtqSFci" width="600" height="338" title="”Utdelningskampanj i Ekängen” &ndash; Kristdemokraterna i Linköping" data-secret="SamjtqSFci" frameborder="0" marginwidth="0" marginheight="0" scrolling="no" class="wp-embedded-content"></iframe><script type="text/javascript">
/* <![CDATA[ */
/*! This file is auto-generated */
!function(d,l){"use strict";l.querySelector&&d.addEventListener&&"undefined"!=typeof URL&&(d.wp=d.wp||{},d.wp.receiveEmbedMessage||(d.wp.receiveEmbedMessage=function(e){var t=e.data;if((t||t.secret||t.message||t.value)&&!/[^a-zA-Z0-9]/.test(t.secret)){for(var s,r,n,a=l.querySelectorAll('iframe[data-secret="'+t.secret+'"]'),o=l.querySelectorAll('blockquote[data-secret="'+t.secret+'"]'),c=new RegExp("^https?:$","i"),i=0;i<o.length;i++)o[i].style.display="none";for(i=0;i<a.length;i++)s=a[i],e.source===s.contentWindow&&(s.removeAttribute("style"),"height"===t.message?(1e3<(r=parseInt(t.value,10))?r=1e3:~~r<200&&(r=200),s.height=r):"link"===t.message&&(r=new URL(s.getAttribute("src")),n=new URL(t.value),c.test(n.protocol))&&n.host===r.host&&l.activeElement===s&&(d.top.location.href=t.value))}},d.addEventListener("message",d.wp.receiveEmbedMessage,!1),l.addEventListener("DOMContentLoaded",function(){for(var e,t,s=l.querySelectorAll("iframe.wp-embedded-content"),r=0;r<s.length;r++)(t=(e=s[r]).getAttribute("data-secret"))||(t=Math.random().toString(36).substring(2,12),e.src+="#?secret="+t,e.setAttribute("data-secret",t)),e.contentWindow.postMessage({message:"ready",secret:t},"*")},!1)))}(window,document);
//# sourceURL=https://wp.kristdemokraterna.se/linkoping/wp-includes/js/wp-embed.min.js
/* ]]> */
</script>

Igår kväll begav sig ett gäng från Kristdemokraterna i Linköping till Ekängen för att dela ut kampanjtidningen Vardagsliv. Efteråt träffades vi vid Tvärskogsudde vid Roxen, grillade och njöt av solsken och vacker vy över sjön! Här ser vi  Petra Hellsing, andre vice ordförande och Magnus Engström, ordförande.
