{"id":1166,"date":"2019-04-01T09:41:34","date_gmt":"2019-04-01T07:41:34","guid":{"rendered":"http:\/\/wp.kristdemokraterna.se\/linkoping\/?page_id=1166"},"modified":"2025-02-25T06:33:51","modified_gmt":"2025-02-25T05:33:51","slug":"lars-roxa","status":"publish","type":"page","link":"https:\/\/wp.kristdemokraterna.se\/linkoping\/vart-parti\/fullmaktigegruppen\/lars-roxa\/","title":{"rendered":"Lars Rox\u00e5"},"content":{"rendered":"<p><strong><img loading=\"lazy\" decoding=\"async\" class=\"alignnone wp-image-2488 size-medium\" src=\"https:\/\/wp.kristdemokraterna.se\/linkoping\/files\/2022\/10\/lars-r_dsc4010_korr-206x300.jpg\" alt=\"\" width=\"206\" height=\"300\" \/><\/strong><\/p>\n<p><strong>Namn:<\/strong> Lars Rox\u00e5<\/p>\n<p><b>F\u00f6dd:\u00a0<\/b>Link\u00f6ping<\/p>\n<p><b>Familj:\u00a0<\/b>Gift, 3 barn<\/p>\n<p><b>Uppvuxen:\u00a0<\/b>Link\u00f6ping<\/p>\n<p><b>Vad har du f\u00f6r bakgrund utanf\u00f6r politiken? <\/b><\/p>\n<p>F\u00f6dd och uppvuxen i Link\u00f6ping. Bor sedan m\u00e5nga \u00e5r ute p\u00e5 landet n\u00e4ra Vikingstad.<b> <\/b>Jag \u00e4r civilekonom och har arbetat i flera olika ekonomiroller inom Saab AB i m\u00e5nga \u00e5r.<span class=\"Apple-converted-space\">\u00a0<\/span><\/p>\n<p><b>Vilka fr\u00e5gor brinner du extra f\u00f6r?<span class=\"Apple-converted-space\">\u00a0<\/span><\/b><\/p>\n<p>Jag \u00e4r engagerad i KD tack vare partiets v\u00e4rderingar och profilen som ett borgerligt v\u00e4lf\u00e4rdsparti. Jag vill f\u00f6rvandla kristdemokratisk politik till konkreta f\u00f6rb\u00e4ttringsf\u00f6rslag f\u00f6r Link\u00f6ping.<\/p>\n<p><b>Vad \u00e4r styrkan i Kristdemokraternas KF-grupp?<\/b><\/p>\n<p>Vi \u00e4r en blandad grupp. N\u00e5gra nykomlingar i kf och n\u00e5gra mer erfarna, men alla med ambitionen att g\u00f6ra ett bra arbete och driva kristdemokratisk politik. Kombinationen k\u00e4nns v\u00e4ldigt bra.<\/p>\n<p><b>Har du andra politiska uppdrag ut\u00f6ver kommunfullm\u00e4ktige?<\/b><\/p>\n<p>Kommunstyrelsen, Ers\u00e4ttare<br \/>\nArbetsmarknadsn\u00e4mnden, Ers\u00e4ttare<br \/>\nKommunfullm\u00e4ktiges valberedning, Ledamot<br \/>\nKommunstyrelsens \u00e4rendeberedning, Ers\u00e4ttare<br \/>\nPartiavdelningsstyrelsen Link\u00f6ping, Ledamot<\/p>\n<p><strong>Foto: <\/strong>\u00d6rjan Karlsson<\/p>\n","protected":false},"excerpt":{"rendered":"<p>Namn: Lars Rox\u00e5 F\u00f6dd:\u00a0Link\u00f6ping Familj:\u00a0Gift, 3 barn Uppvuxen:\u00a0Link\u00f6ping Vad har du f\u00f6r bakgrund utanf\u00f6r politiken? F\u00f6dd och uppvuxen i Link\u00f6ping. Bor sedan m\u00e5nga \u00e5r ute p\u00e5 landet n\u00e4ra Vikingstad. Jag \u00e4r civilekonom och har arbetat i flera olika ekonomiroller inom Saab AB i m\u00e5nga \u00e5r.\u00a0 Vilka fr\u00e5gor brinner du extra f\u00f6r?\u00a0 Jag \u00e4r engagerad i <a class=\"read-more-link\" href=\"https:\/\/wp.kristdemokraterna.se\/linkoping\/vart-parti\/fullmaktigegruppen\/lars-roxa\/\">Read More<\/a><\/p>\n","protected":false},"author":410,"featured_media":0,"parent":1873,"menu_order":2,"comment_status":"closed","ping_status":"closed","template":"","meta":{"_acf_changed":false,"footnotes":""},"class_list":["post-1166","page","type-page","status-publish","hentry"],"acf":[],"yoast_head":"<!-- This site is optimized with the Yoast SEO plugin v27.3 - https:\/\/yoast.com\/product\/yoast-seo-wordpress\/ -->\n<title>Lars Rox\u00e5 - Kristdemokraterna i Link\u00f6ping<\/title>\n<meta name=\"robots\" content=\"index, follow, max-snippet:-1, max-image-preview:large, max-video-preview:-1\" \/>\n<link rel=\"canonical\" href=\"https:\/\/wp.kristdemokraterna.se\/linkoping\/vart-parti\/fullmaktigegruppen\/lars-roxa\/\" \/>\n<meta property=\"og:locale\" content=\"sv_SE\" \/>\n<meta property=\"og:type\" content=\"article\" \/>\n<meta property=\"og:title\" content=\"Lars Rox\u00e5 - Kristdemokraterna i Link\u00f6ping\" \/>\n<meta property=\"og:description\" content=\"Namn: Lars Rox\u00e5 F\u00f6dd:\u00a0Link\u00f6ping Familj:\u00a0Gift, 3 barn Uppvuxen:\u00a0Link\u00f6ping Vad har du f\u00f6r bakgrund utanf\u00f6r politiken? F\u00f6dd och uppvuxen i Link\u00f6ping. Bor sedan m\u00e5nga \u00e5r ute p\u00e5 landet n\u00e4ra Vikingstad. Jag \u00e4r civilekonom och har arbetat i flera olika ekonomiroller inom Saab AB i m\u00e5nga \u00e5r.\u00a0 Vilka fr\u00e5gor brinner du extra f\u00f6r?\u00a0 Jag \u00e4r engagerad i Read More\" \/>\n<meta property=\"og:url\" content=\"https:\/\/wp.kristdemokraterna.se\/linkoping\/vart-parti\/fullmaktigegruppen\/lars-roxa\/\" \/>\n<meta property=\"og:site_name\" content=\"Kristdemokraterna i Link\u00f6ping\" \/>\n<meta property=\"article:modified_time\" content=\"2025-02-25T05:33:51+00:00\" \/>\n<meta property=\"og:image\" content=\"https:\/\/wp.kristdemokraterna.se\/linkoping\/files\/2022\/10\/lars-r_dsc4010_korr-scaled-e1665738128871.jpg\" \/>\n\t<meta property=\"og:image:width\" content=\"600\" \/>\n\t<meta property=\"og:image:height\" content=\"873\" \/>\n\t<meta property=\"og:image:type\" content=\"image\/jpeg\" \/>\n<meta name=\"twitter:card\" content=\"summary_large_image\" \/>\n<meta name=\"twitter:label1\" content=\"Ber\u00e4knad l\u00e4stid\" \/>\n\t<meta name=\"twitter:data1\" content=\"1 minut\" \/>\n<script type=\"application\/ld+json\" class=\"yoast-schema-graph\">{\"@context\":\"https:\\\/\\\/schema.org\",\"@graph\":[{\"@type\":\"WebPage\",\"@id\":\"https:\\\/\\\/wp.kristdemokraterna.se\\\/linkoping\\\/vart-parti\\\/fullmaktigegruppen\\\/lars-roxa\\\/\",\"url\":\"https:\\\/\\\/wp.kristdemokraterna.se\\\/linkoping\\\/vart-parti\\\/fullmaktigegruppen\\\/lars-roxa\\\/\",\"name\":\"Lars Rox\u00e5 - Kristdemokraterna i Link\u00f6ping\",\"isPartOf\":{\"@id\":\"https:\\\/\\\/wp.kristdemokraterna.se\\\/linkoping\\\/#website\"},\"primaryImageOfPage\":{\"@id\":\"https:\\\/\\\/wp.kristdemokraterna.se\\\/linkoping\\\/vart-parti\\\/fullmaktigegruppen\\\/lars-roxa\\\/#primaryimage\"},\"image\":{\"@id\":\"https:\\\/\\\/wp.kristdemokraterna.se\\\/linkoping\\\/vart-parti\\\/fullmaktigegruppen\\\/lars-roxa\\\/#primaryimage\"},\"thumbnailUrl\":\"https:\\\/\\\/wp.kristdemokraterna.se\\\/linkoping\\\/files\\\/2022\\\/10\\\/lars-r_dsc4010_korr-206x300.jpg\",\"datePublished\":\"2019-04-01T07:41:34+00:00\",\"dateModified\":\"2025-02-25T05:33:51+00:00\",\"breadcrumb\":{\"@id\":\"https:\\\/\\\/wp.kristdemokraterna.se\\\/linkoping\\\/vart-parti\\\/fullmaktigegruppen\\\/lars-roxa\\\/#breadcrumb\"},\"inLanguage\":\"sv-SE\",\"potentialAction\":[{\"@type\":\"ReadAction\",\"target\":[\"https:\\\/\\\/wp.kristdemokraterna.se\\\/linkoping\\\/vart-parti\\\/fullmaktigegruppen\\\/lars-roxa\\\/\"]}]},{\"@type\":\"ImageObject\",\"inLanguage\":\"sv-SE\",\"@id\":\"https:\\\/\\\/wp.kristdemokraterna.se\\\/linkoping\\\/vart-parti\\\/fullmaktigegruppen\\\/lars-roxa\\\/#primaryimage\",\"url\":\"https:\\\/\\\/wp.kristdemokraterna.se\\\/linkoping\\\/files\\\/2022\\\/10\\\/lars-r_dsc4010_korr-scaled-e1665738128871.jpg\",\"contentUrl\":\"https:\\\/\\\/wp.kristdemokraterna.se\\\/linkoping\\\/files\\\/2022\\\/10\\\/lars-r_dsc4010_korr-scaled-e1665738128871.jpg\",\"width\":600,\"height\":873},{\"@type\":\"BreadcrumbList\",\"@id\":\"https:\\\/\\\/wp.kristdemokraterna.se\\\/linkoping\\\/vart-parti\\\/fullmaktigegruppen\\\/lars-roxa\\\/#breadcrumb\",\"itemListElement\":[{\"@type\":\"ListItem\",\"position\":1,\"name\":\"Hem\",\"item\":\"https:\\\/\\\/wp.kristdemokraterna.se\\\/linkoping\\\/\"},{\"@type\":\"ListItem\",\"position\":2,\"name\":\"V\u00e5rt parti\",\"item\":\"https:\\\/\\\/wp.kristdemokraterna.se\\\/linkoping\\\/vart-parti\\\/\"},{\"@type\":\"ListItem\",\"position\":3,\"name\":\"Fullm\u00e4ktigegruppen\",\"item\":\"https:\\\/\\\/wp.kristdemokraterna.se\\\/linkoping\\\/vart-parti\\\/fullmaktigegruppen\\\/\"},{\"@type\":\"ListItem\",\"position\":4,\"name\":\"Lars Rox\u00e5\"}]},{\"@type\":\"WebSite\",\"@id\":\"https:\\\/\\\/wp.kristdemokraterna.se\\\/linkoping\\\/#website\",\"url\":\"https:\\\/\\\/wp.kristdemokraterna.se\\\/linkoping\\\/\",\"name\":\"Kristdemokraterna i Link\u00f6ping\",\"description\":\"\",\"inLanguage\":\"sv-SE\"}]}<\/script>\n<!-- \/ Yoast SEO plugin. -->","yoast_head_json":{"title":"Lars Rox\u00e5 - Kristdemokraterna i Link\u00f6ping","robots":{"index":"index","follow":"follow","max-snippet":"max-snippet:-1","max-image-preview":"max-image-preview:large","max-video-preview":"max-video-preview:-1"},"canonical":"https:\/\/wp.kristdemokraterna.se\/linkoping\/vart-parti\/fullmaktigegruppen\/lars-roxa\/","og_locale":"sv_SE","og_type":"article","og_title":"Lars Rox\u00e5 - Kristdemokraterna i Link\u00f6ping","og_description":"Namn: Lars Rox\u00e5 F\u00f6dd:\u00a0Link\u00f6ping Familj:\u00a0Gift, 3 barn Uppvuxen:\u00a0Link\u00f6ping Vad har du f\u00f6r bakgrund utanf\u00f6r politiken? F\u00f6dd och uppvuxen i Link\u00f6ping. Bor sedan m\u00e5nga \u00e5r ute p\u00e5 landet n\u00e4ra Vikingstad. Jag \u00e4r civilekonom och har arbetat i flera olika ekonomiroller inom Saab AB i m\u00e5nga \u00e5r.\u00a0 Vilka fr\u00e5gor brinner du extra f\u00f6r?\u00a0 Jag \u00e4r engagerad i Read More","og_url":"https:\/\/wp.kristdemokraterna.se\/linkoping\/vart-parti\/fullmaktigegruppen\/lars-roxa\/","og_site_name":"Kristdemokraterna i Link\u00f6ping","article_modified_time":"2025-02-25T05:33:51+00:00","og_image":[{"width":600,"height":873,"url":"https:\/\/wp.kristdemokraterna.se\/linkoping\/files\/2022\/10\/lars-r_dsc4010_korr-scaled-e1665738128871.jpg","type":"image\/jpeg"}],"twitter_card":"summary_large_image","twitter_misc":{"Ber\u00e4knad l\u00e4stid":"1 minut"},"schema":{"@context":"https:\/\/schema.org","@graph":[{"@type":"WebPage","@id":"https:\/\/wp.kristdemokraterna.se\/linkoping\/vart-parti\/fullmaktigegruppen\/lars-roxa\/","url":"https:\/\/wp.kristdemokraterna.se\/linkoping\/vart-parti\/fullmaktigegruppen\/lars-roxa\/","name":"Lars Rox\u00e5 - Kristdemokraterna i Link\u00f6ping","isPartOf":{"@id":"https:\/\/wp.kristdemokraterna.se\/linkoping\/#website"},"primaryImageOfPage":{"@id":"https:\/\/wp.kristdemokraterna.se\/linkoping\/vart-parti\/fullmaktigegruppen\/lars-roxa\/#primaryimage"},"image":{"@id":"https:\/\/wp.kristdemokraterna.se\/linkoping\/vart-parti\/fullmaktigegruppen\/lars-roxa\/#primaryimage"},"thumbnailUrl":"https:\/\/wp.kristdemokraterna.se\/linkoping\/files\/2022\/10\/lars-r_dsc4010_korr-206x300.jpg","datePublished":"2019-04-01T07:41:34+00:00","dateModified":"2025-02-25T05:33:51+00:00","breadcrumb":{"@id":"https:\/\/wp.kristdemokraterna.se\/linkoping\/vart-parti\/fullmaktigegruppen\/lars-roxa\/#breadcrumb"},"inLanguage":"sv-SE","potentialAction":[{"@type":"ReadAction","target":["https:\/\/wp.kristdemokraterna.se\/linkoping\/vart-parti\/fullmaktigegruppen\/lars-roxa\/"]}]},{"@type":"ImageObject","inLanguage":"sv-SE","@id":"https:\/\/wp.kristdemokraterna.se\/linkoping\/vart-parti\/fullmaktigegruppen\/lars-roxa\/#primaryimage","url":"https:\/\/wp.kristdemokraterna.se\/linkoping\/files\/2022\/10\/lars-r_dsc4010_korr-scaled-e1665738128871.jpg","contentUrl":"https:\/\/wp.kristdemokraterna.se\/linkoping\/files\/2022\/10\/lars-r_dsc4010_korr-scaled-e1665738128871.jpg","width":600,"height":873},{"@type":"BreadcrumbList","@id":"https:\/\/wp.kristdemokraterna.se\/linkoping\/vart-parti\/fullmaktigegruppen\/lars-roxa\/#breadcrumb","itemListElement":[{"@type":"ListItem","position":1,"name":"Hem","item":"https:\/\/wp.kristdemokraterna.se\/linkoping\/"},{"@type":"ListItem","position":2,"name":"V\u00e5rt parti","item":"https:\/\/wp.kristdemokraterna.se\/linkoping\/vart-parti\/"},{"@type":"ListItem","position":3,"name":"Fullm\u00e4ktigegruppen","item":"https:\/\/wp.kristdemokraterna.se\/linkoping\/vart-parti\/fullmaktigegruppen\/"},{"@type":"ListItem","position":4,"name":"Lars Rox\u00e5"}]},{"@type":"WebSite","@id":"https:\/\/wp.kristdemokraterna.se\/linkoping\/#website","url":"https:\/\/wp.kristdemokraterna.se\/linkoping\/","name":"Kristdemokraterna i Link\u00f6ping","description":"","inLanguage":"sv-SE"}]}},"_links":{"self":[{"href":"https:\/\/wp.kristdemokraterna.se\/linkoping\/wp-json\/wp\/v2\/pages\/1166","targetHints":{"allow":["GET"]}}],"collection":[{"href":"https:\/\/wp.kristdemokraterna.se\/linkoping\/wp-json\/wp\/v2\/pages"}],"about":[{"href":"https:\/\/wp.kristdemokraterna.se\/linkoping\/wp-json\/wp\/v2\/types\/page"}],"author":[{"embeddable":true,"href":"https:\/\/wp.kristdemokraterna.se\/linkoping\/wp-json\/wp\/v2\/users\/410"}],"replies":[{"embeddable":true,"href":"https:\/\/wp.kristdemokraterna.se\/linkoping\/wp-json\/wp\/v2\/comments?post=1166"}],"version-history":[{"count":29,"href":"https:\/\/wp.kristdemokraterna.se\/linkoping\/wp-json\/wp\/v2\/pages\/1166\/revisions"}],"predecessor-version":[{"id":2795,"href":"https:\/\/wp.kristdemokraterna.se\/linkoping\/wp-json\/wp\/v2\/pages\/1166\/revisions\/2795"}],"up":[{"embeddable":true,"href":"https:\/\/wp.kristdemokraterna.se\/linkoping\/wp-json\/wp\/v2\/pages\/1873"}],"wp:attachment":[{"href":"https:\/\/wp.kristdemokraterna.se\/linkoping\/wp-json\/wp\/v2\/media?parent=1166"}],"curies":[{"name":"wp","href":"https:\/\/api.w.org\/{rel}","templated":true}]}}