{"id":2849,"date":"2026-03-12T08:51:45","date_gmt":"2026-03-12T07:51:45","guid":{"rendered":"https:\/\/wp.kristdemokraterna.se\/linkoping\/?page_id=2849"},"modified":"2026-04-07T11:55:25","modified_gmt":"2026-04-07T09:55:25","slug":"var-kommunlista-for-valet-i-host","status":"publish","type":"page","link":"https:\/\/wp.kristdemokraterna.se\/linkoping\/valet-2026\/var-kommunlista-for-valet-i-host\/","title":{"rendered":"V\u00e5r kommunlista f\u00f6r valet i h\u00f6st"},"content":{"rendered":"<p><img loading=\"lazy\" decoding=\"async\" class=\"alignnone wp-image-2837 size-full\" src=\"https:\/\/wp.kristdemokraterna.se\/linkoping\/files\/2026\/02\/kd_lkpg_arsmote_2026_7.jpg\" alt=\"\" width=\"1600\" height=\"1068\" srcset=\"https:\/\/wp.kristdemokraterna.se\/linkoping\/files\/2026\/02\/kd_lkpg_arsmote_2026_7.jpg 1600w, https:\/\/wp.kristdemokraterna.se\/linkoping\/files\/2026\/02\/kd_lkpg_arsmote_2026_7-300x200.jpg 300w, https:\/\/wp.kristdemokraterna.se\/linkoping\/files\/2026\/02\/kd_lkpg_arsmote_2026_7-540x360.jpg 540w, https:\/\/wp.kristdemokraterna.se\/linkoping\/files\/2026\/02\/kd_lkpg_arsmote_2026_7-768x513.jpg 768w, https:\/\/wp.kristdemokraterna.se\/linkoping\/files\/2026\/02\/kd_lkpg_arsmote_2026_7-1536x1025.jpg 1536w, https:\/\/wp.kristdemokraterna.se\/linkoping\/files\/2026\/02\/kd_lkpg_arsmote_2026_7-370x247.jpg 370w, https:\/\/wp.kristdemokraterna.se\/linkoping\/files\/2026\/02\/kd_lkpg_arsmote_2026_7-770x514.jpg 770w, https:\/\/wp.kristdemokraterna.se\/linkoping\/files\/2026\/02\/kd_lkpg_arsmote_2026_7-450x300.jpg 450w, https:\/\/wp.kristdemokraterna.se\/linkoping\/files\/2026\/02\/kd_lkpg_arsmote_2026_7-280x187.jpg 280w, https:\/\/wp.kristdemokraterna.se\/linkoping\/files\/2026\/02\/kd_lkpg_arsmote_2026_7-340x227.jpg 340w, https:\/\/wp.kristdemokraterna.se\/linkoping\/files\/2026\/02\/kd_lkpg_arsmote_2026_7-200x134.jpg 200w, https:\/\/wp.kristdemokraterna.se\/linkoping\/files\/2026\/02\/kd_lkpg_arsmote_2026_7-84x56.jpg 84w\" sizes=\"auto, (max-width: 1600px) 100vw, 1600px\" \/><\/p>\n<p><strong>Kristdemokraterna i Link\u00f6pings kommunlista<\/strong> inf\u00f6r h\u00f6stens val \u00e4r spikad sedan en tid tillbaka. Listan kombinerar en stor bredd och stark erfarenhet med m\u00e5nga nya engagerade namn. Kristdemokraterna siktar p\u00e5 att ta ledartr\u00f6jan i Link\u00f6ping under n\u00e4sta mandatperiod och bli ett styrande parti.<\/p>\n<blockquote><p><em>&#8221;Det k\u00e4nns mycket positivt att vi har kunnat f\u00f6resl\u00e5 en valsedel med en stor bredd av kandidater, b\u00e5de n\u00e4r det g\u00e4ller \u00e5ldrar, yrken och bostadsort. Dessutom \u00e4r det mycket gl\u00e4djande att vi har 17 helt nya kandidater p\u00e5 valsedeln. Tio i topp p\u00e5 valsedeln best\u00e5r av b\u00e5de starka erfarna namn och nya engagerade kandidater, vilket ger goda f\u00f6ruts\u00e4ttningar f\u00f6r ett bra valresultat. Med nuvarande gruppledare Liselotte Fager som toppkandidat f\u00e5r vi b\u00e5de erfarenhet och fram\u00e5tanda. Liselotte har sett till att Kristdemokraterna som mindre oppositionsparti har synts, m\u00e4rkts och p\u00e5verkat. Det \u00e4r en bra grund f\u00f6r att ta ledartr\u00f6jan i n\u00e4sta mandatperiod, med fler mandat och som styrande parti.&#8221;<\/em><\/p><\/blockquote>\n<p><strong>Per Larsson<\/strong>, ordf\u00f6rande i nomineringskommitt\u00e9n.<\/p>\n<blockquote><p><em>&#8221;Det \u00e4r en stor \u00e4ra att f\u00e5 f\u00f6rtroendet att leda Kristdemokraterna i Link\u00f6ping in i denna valr\u00f6relse. V\u00e5r lista \u00e4r stark och bred, och den signalerar en sak: Vi \u00e4r redo att ta ansvar och styra. Vi har visat att vi kan p\u00e5verka Link\u00f6ping fr\u00e5n oppositionen, men nu siktar vi p\u00e5 att bli ett styrande parti f\u00f6r att p\u00e5 allvar kunna genomf\u00f6ra v\u00e5r politik f\u00f6r ett tryggare, varmare och mer fram\u00e5tblickande Link\u00f6ping.&#8221;<\/em><\/p><\/blockquote>\n<p><strong>Liselotte Fager<\/strong>, toppkandidat f\u00f6r KD Link\u00f6ping.<\/p>\n<p>&nbsp;<\/p>\n<p>&nbsp;<\/p>\n<p><strong>Ladda ner<\/strong>\u00a0KD Link\u00f6pings kommunlista h\u00e4r:<\/p>\n<p><a href=\"https:\/\/wp.kristdemokraterna.se\/linkoping\/files\/2026\/04\/kommuinlistan_2026_2.pdf\" target=\"_blank\" rel=\"noopener\"><img loading=\"lazy\" decoding=\"async\" class=\"alignleft wp-image-2397 size-thumbnail\" src=\"https:\/\/wp.kristdemokraterna.se\/linkoping\/files\/2022\/07\/pdf_icon-150x150.png\" alt=\"\" width=\"150\" height=\"150\" srcset=\"https:\/\/wp.kristdemokraterna.se\/linkoping\/files\/2022\/07\/pdf_icon-150x150.png 150w, https:\/\/wp.kristdemokraterna.se\/linkoping\/files\/2022\/07\/pdf_icon-300x300.png 300w, https:\/\/wp.kristdemokraterna.se\/linkoping\/files\/2022\/07\/pdf_icon-200x200.png 200w, https:\/\/wp.kristdemokraterna.se\/linkoping\/files\/2022\/07\/pdf_icon-370x370.png 370w, https:\/\/wp.kristdemokraterna.se\/linkoping\/files\/2022\/07\/pdf_icon-90x90.png 90w, https:\/\/wp.kristdemokraterna.se\/linkoping\/files\/2022\/07\/pdf_icon-450x450.png 450w, https:\/\/wp.kristdemokraterna.se\/linkoping\/files\/2022\/07\/pdf_icon-280x280.png 280w, https:\/\/wp.kristdemokraterna.se\/linkoping\/files\/2022\/07\/pdf_icon-340x340.png 340w, https:\/\/wp.kristdemokraterna.se\/linkoping\/files\/2022\/07\/pdf_icon-56x56.png 56w, https:\/\/wp.kristdemokraterna.se\/linkoping\/files\/2022\/07\/pdf_icon.png 512w\" sizes=\"auto, (max-width: 150px) 100vw, 150px\" \/><\/a><\/p>\n","protected":false},"excerpt":{"rendered":"<p>Kristdemokraterna i Link\u00f6pings kommunlista inf\u00f6r h\u00f6stens val \u00e4r spikad sedan en tid tillbaka. Listan kombinerar en stor bredd och stark erfarenhet med m\u00e5nga nya engagerade namn. Kristdemokraterna siktar p\u00e5 att ta ledartr\u00f6jan i Link\u00f6ping under n\u00e4sta mandatperiod och bli ett styrande parti. &#8221;Det k\u00e4nns mycket positivt att vi har kunnat f\u00f6resl\u00e5 en valsedel med en <a class=\"read-more-link\" href=\"https:\/\/wp.kristdemokraterna.se\/linkoping\/valet-2026\/var-kommunlista-for-valet-i-host\/\">Read More<\/a><\/p>\n","protected":false},"author":410,"featured_media":0,"parent":2839,"menu_order":1,"comment_status":"closed","ping_status":"closed","template":"","meta":{"_acf_changed":false,"footnotes":""},"class_list":["post-2849","page","type-page","status-publish","hentry"],"acf":[],"yoast_head":"<!-- This site is optimized with the Yoast SEO plugin v27.4 - https:\/\/yoast.com\/product\/yoast-seo-wordpress\/ -->\n<title>V\u00e5r kommunlista f\u00f6r valet i h\u00f6st - Kristdemokraterna i Link\u00f6ping<\/title>\n<meta name=\"robots\" content=\"index, follow, max-snippet:-1, max-image-preview:large, max-video-preview:-1\" \/>\n<link rel=\"canonical\" href=\"https:\/\/wp.kristdemokraterna.se\/linkoping\/valet-2026\/var-kommunlista-for-valet-i-host\/\" \/>\n<meta property=\"og:locale\" content=\"sv_SE\" \/>\n<meta property=\"og:type\" content=\"article\" \/>\n<meta property=\"og:title\" content=\"V\u00e5r kommunlista f\u00f6r valet i h\u00f6st - Kristdemokraterna i Link\u00f6ping\" \/>\n<meta property=\"og:description\" content=\"Kristdemokraterna i Link\u00f6pings kommunlista inf\u00f6r h\u00f6stens val \u00e4r spikad sedan en tid tillbaka. Listan kombinerar en stor bredd och stark erfarenhet med m\u00e5nga nya engagerade namn. Kristdemokraterna siktar p\u00e5 att ta ledartr\u00f6jan i Link\u00f6ping under n\u00e4sta mandatperiod och bli ett styrande parti. &#8221;Det k\u00e4nns mycket positivt att vi har kunnat f\u00f6resl\u00e5 en valsedel med en Read More\" \/>\n<meta property=\"og:url\" content=\"https:\/\/wp.kristdemokraterna.se\/linkoping\/valet-2026\/var-kommunlista-for-valet-i-host\/\" \/>\n<meta property=\"og:site_name\" content=\"Kristdemokraterna i Link\u00f6ping\" \/>\n<meta property=\"article:modified_time\" content=\"2026-04-07T09:55:25+00:00\" \/>\n<meta property=\"og:image\" content=\"https:\/\/wp.kristdemokraterna.se\/linkoping\/files\/2026\/02\/kd_lkpg_arsmote_2026_7.jpg\" \/>\n\t<meta property=\"og:image:width\" content=\"1600\" \/>\n\t<meta property=\"og:image:height\" content=\"1068\" \/>\n\t<meta property=\"og:image:type\" content=\"image\/jpeg\" \/>\n<meta name=\"twitter:card\" content=\"summary_large_image\" \/>\n<meta name=\"twitter:label1\" content=\"Ber\u00e4knad l\u00e4stid\" \/>\n\t<meta name=\"twitter:data1\" content=\"1 minut\" \/>\n<script type=\"application\/ld+json\" class=\"yoast-schema-graph\">{\"@context\":\"https:\\\/\\\/schema.org\",\"@graph\":[{\"@type\":\"WebPage\",\"@id\":\"https:\\\/\\\/wp.kristdemokraterna.se\\\/linkoping\\\/valet-2026\\\/var-kommunlista-for-valet-i-host\\\/\",\"url\":\"https:\\\/\\\/wp.kristdemokraterna.se\\\/linkoping\\\/valet-2026\\\/var-kommunlista-for-valet-i-host\\\/\",\"name\":\"V\u00e5r kommunlista f\u00f6r valet i h\u00f6st - Kristdemokraterna i Link\u00f6ping\",\"isPartOf\":{\"@id\":\"https:\\\/\\\/wp.kristdemokraterna.se\\\/linkoping\\\/#website\"},\"primaryImageOfPage\":{\"@id\":\"https:\\\/\\\/wp.kristdemokraterna.se\\\/linkoping\\\/valet-2026\\\/var-kommunlista-for-valet-i-host\\\/#primaryimage\"},\"image\":{\"@id\":\"https:\\\/\\\/wp.kristdemokraterna.se\\\/linkoping\\\/valet-2026\\\/var-kommunlista-for-valet-i-host\\\/#primaryimage\"},\"thumbnailUrl\":\"https:\\\/\\\/wp.kristdemokraterna.se\\\/linkoping\\\/files\\\/2026\\\/02\\\/kd_lkpg_arsmote_2026_7.jpg\",\"datePublished\":\"2026-03-12T07:51:45+00:00\",\"dateModified\":\"2026-04-07T09:55:25+00:00\",\"breadcrumb\":{\"@id\":\"https:\\\/\\\/wp.kristdemokraterna.se\\\/linkoping\\\/valet-2026\\\/var-kommunlista-for-valet-i-host\\\/#breadcrumb\"},\"inLanguage\":\"sv-SE\",\"potentialAction\":[{\"@type\":\"ReadAction\",\"target\":[\"https:\\\/\\\/wp.kristdemokraterna.se\\\/linkoping\\\/valet-2026\\\/var-kommunlista-for-valet-i-host\\\/\"]}]},{\"@type\":\"ImageObject\",\"inLanguage\":\"sv-SE\",\"@id\":\"https:\\\/\\\/wp.kristdemokraterna.se\\\/linkoping\\\/valet-2026\\\/var-kommunlista-for-valet-i-host\\\/#primaryimage\",\"url\":\"https:\\\/\\\/wp.kristdemokraterna.se\\\/linkoping\\\/files\\\/2026\\\/02\\\/kd_lkpg_arsmote_2026_7.jpg\",\"contentUrl\":\"https:\\\/\\\/wp.kristdemokraterna.se\\\/linkoping\\\/files\\\/2026\\\/02\\\/kd_lkpg_arsmote_2026_7.jpg\",\"width\":1600,\"height\":1068},{\"@type\":\"BreadcrumbList\",\"@id\":\"https:\\\/\\\/wp.kristdemokraterna.se\\\/linkoping\\\/valet-2026\\\/var-kommunlista-for-valet-i-host\\\/#breadcrumb\",\"itemListElement\":[{\"@type\":\"ListItem\",\"position\":1,\"name\":\"Hem\",\"item\":\"https:\\\/\\\/wp.kristdemokraterna.se\\\/linkoping\\\/\"},{\"@type\":\"ListItem\",\"position\":2,\"name\":\"Valet 2026\",\"item\":\"https:\\\/\\\/wp.kristdemokraterna.se\\\/linkoping\\\/valet-2026\\\/\"},{\"@type\":\"ListItem\",\"position\":3,\"name\":\"V\u00e5r kommunlista f\u00f6r valet i h\u00f6st\"}]},{\"@type\":\"WebSite\",\"@id\":\"https:\\\/\\\/wp.kristdemokraterna.se\\\/linkoping\\\/#website\",\"url\":\"https:\\\/\\\/wp.kristdemokraterna.se\\\/linkoping\\\/\",\"name\":\"Kristdemokraterna i Link\u00f6ping\",\"description\":\"\",\"inLanguage\":\"sv-SE\"}]}<\/script>\n<!-- \/ Yoast SEO plugin. -->","yoast_head_json":{"title":"V\u00e5r kommunlista f\u00f6r valet i h\u00f6st - Kristdemokraterna i Link\u00f6ping","robots":{"index":"index","follow":"follow","max-snippet":"max-snippet:-1","max-image-preview":"max-image-preview:large","max-video-preview":"max-video-preview:-1"},"canonical":"https:\/\/wp.kristdemokraterna.se\/linkoping\/valet-2026\/var-kommunlista-for-valet-i-host\/","og_locale":"sv_SE","og_type":"article","og_title":"V\u00e5r kommunlista f\u00f6r valet i h\u00f6st - Kristdemokraterna i Link\u00f6ping","og_description":"Kristdemokraterna i Link\u00f6pings kommunlista inf\u00f6r h\u00f6stens val \u00e4r spikad sedan en tid tillbaka. Listan kombinerar en stor bredd och stark erfarenhet med m\u00e5nga nya engagerade namn. Kristdemokraterna siktar p\u00e5 att ta ledartr\u00f6jan i Link\u00f6ping under n\u00e4sta mandatperiod och bli ett styrande parti. &#8221;Det k\u00e4nns mycket positivt att vi har kunnat f\u00f6resl\u00e5 en valsedel med en Read More","og_url":"https:\/\/wp.kristdemokraterna.se\/linkoping\/valet-2026\/var-kommunlista-for-valet-i-host\/","og_site_name":"Kristdemokraterna i Link\u00f6ping","article_modified_time":"2026-04-07T09:55:25+00:00","og_image":[{"width":1600,"height":1068,"url":"https:\/\/wp.kristdemokraterna.se\/linkoping\/files\/2026\/02\/kd_lkpg_arsmote_2026_7.jpg","type":"image\/jpeg"}],"twitter_card":"summary_large_image","twitter_misc":{"Ber\u00e4knad l\u00e4stid":"1 minut"},"schema":{"@context":"https:\/\/schema.org","@graph":[{"@type":"WebPage","@id":"https:\/\/wp.kristdemokraterna.se\/linkoping\/valet-2026\/var-kommunlista-for-valet-i-host\/","url":"https:\/\/wp.kristdemokraterna.se\/linkoping\/valet-2026\/var-kommunlista-for-valet-i-host\/","name":"V\u00e5r kommunlista f\u00f6r valet i h\u00f6st - Kristdemokraterna i Link\u00f6ping","isPartOf":{"@id":"https:\/\/wp.kristdemokraterna.se\/linkoping\/#website"},"primaryImageOfPage":{"@id":"https:\/\/wp.kristdemokraterna.se\/linkoping\/valet-2026\/var-kommunlista-for-valet-i-host\/#primaryimage"},"image":{"@id":"https:\/\/wp.kristdemokraterna.se\/linkoping\/valet-2026\/var-kommunlista-for-valet-i-host\/#primaryimage"},"thumbnailUrl":"https:\/\/wp.kristdemokraterna.se\/linkoping\/files\/2026\/02\/kd_lkpg_arsmote_2026_7.jpg","datePublished":"2026-03-12T07:51:45+00:00","dateModified":"2026-04-07T09:55:25+00:00","breadcrumb":{"@id":"https:\/\/wp.kristdemokraterna.se\/linkoping\/valet-2026\/var-kommunlista-for-valet-i-host\/#breadcrumb"},"inLanguage":"sv-SE","potentialAction":[{"@type":"ReadAction","target":["https:\/\/wp.kristdemokraterna.se\/linkoping\/valet-2026\/var-kommunlista-for-valet-i-host\/"]}]},{"@type":"ImageObject","inLanguage":"sv-SE","@id":"https:\/\/wp.kristdemokraterna.se\/linkoping\/valet-2026\/var-kommunlista-for-valet-i-host\/#primaryimage","url":"https:\/\/wp.kristdemokraterna.se\/linkoping\/files\/2026\/02\/kd_lkpg_arsmote_2026_7.jpg","contentUrl":"https:\/\/wp.kristdemokraterna.se\/linkoping\/files\/2026\/02\/kd_lkpg_arsmote_2026_7.jpg","width":1600,"height":1068},{"@type":"BreadcrumbList","@id":"https:\/\/wp.kristdemokraterna.se\/linkoping\/valet-2026\/var-kommunlista-for-valet-i-host\/#breadcrumb","itemListElement":[{"@type":"ListItem","position":1,"name":"Hem","item":"https:\/\/wp.kristdemokraterna.se\/linkoping\/"},{"@type":"ListItem","position":2,"name":"Valet 2026","item":"https:\/\/wp.kristdemokraterna.se\/linkoping\/valet-2026\/"},{"@type":"ListItem","position":3,"name":"V\u00e5r kommunlista f\u00f6r valet i h\u00f6st"}]},{"@type":"WebSite","@id":"https:\/\/wp.kristdemokraterna.se\/linkoping\/#website","url":"https:\/\/wp.kristdemokraterna.se\/linkoping\/","name":"Kristdemokraterna i Link\u00f6ping","description":"","inLanguage":"sv-SE"}]}},"_links":{"self":[{"href":"https:\/\/wp.kristdemokraterna.se\/linkoping\/wp-json\/wp\/v2\/pages\/2849","targetHints":{"allow":["GET"]}}],"collection":[{"href":"https:\/\/wp.kristdemokraterna.se\/linkoping\/wp-json\/wp\/v2\/pages"}],"about":[{"href":"https:\/\/wp.kristdemokraterna.se\/linkoping\/wp-json\/wp\/v2\/types\/page"}],"author":[{"embeddable":true,"href":"https:\/\/wp.kristdemokraterna.se\/linkoping\/wp-json\/wp\/v2\/users\/410"}],"replies":[{"embeddable":true,"href":"https:\/\/wp.kristdemokraterna.se\/linkoping\/wp-json\/wp\/v2\/comments?post=2849"}],"version-history":[{"count":17,"href":"https:\/\/wp.kristdemokraterna.se\/linkoping\/wp-json\/wp\/v2\/pages\/2849\/revisions"}],"predecessor-version":[{"id":2891,"href":"https:\/\/wp.kristdemokraterna.se\/linkoping\/wp-json\/wp\/v2\/pages\/2849\/revisions\/2891"}],"up":[{"embeddable":true,"href":"https:\/\/wp.kristdemokraterna.se\/linkoping\/wp-json\/wp\/v2\/pages\/2839"}],"wp:attachment":[{"href":"https:\/\/wp.kristdemokraterna.se\/linkoping\/wp-json\/wp\/v2\/media?parent=2849"}],"curies":[{"name":"wp","href":"https:\/\/api.w.org\/{rel}","templated":true}]}}