{"id":43,"date":"2013-06-18T16:48:41","date_gmt":"2013-06-18T14:48:41","guid":{"rendered":"http:\/\/wp.kristdemokraterna.se\/linkoping\/?page_id=43"},"modified":"2026-02-26T10:12:12","modified_gmt":"2026-02-26T09:12:12","slug":"fortroendevalda","status":"publish","type":"page","link":"https:\/\/wp.kristdemokraterna.se\/linkoping\/vart-parti\/fortroendevalda\/","title":{"rendered":"F\u00f6rtroendevalda"},"content":{"rendered":"<p><strong><img loading=\"lazy\" decoding=\"async\" class=\"alignnone size-full wp-image-1885\" src=\"https:\/\/wp.kristdemokraterna.se\/linkoping\/files\/2021\/08\/vitsippa.jpg\" alt=\"vitsippa\" width=\"1600\" height=\"1068\" srcset=\"https:\/\/wp.kristdemokraterna.se\/linkoping\/files\/2021\/08\/vitsippa.jpg 1600w, https:\/\/wp.kristdemokraterna.se\/linkoping\/files\/2021\/08\/vitsippa-300x200.jpg 300w, https:\/\/wp.kristdemokraterna.se\/linkoping\/files\/2021\/08\/vitsippa-540x360.jpg 540w, https:\/\/wp.kristdemokraterna.se\/linkoping\/files\/2021\/08\/vitsippa-768x513.jpg 768w, https:\/\/wp.kristdemokraterna.se\/linkoping\/files\/2021\/08\/vitsippa-1536x1025.jpg 1536w, https:\/\/wp.kristdemokraterna.se\/linkoping\/files\/2021\/08\/vitsippa-370x247.jpg 370w, https:\/\/wp.kristdemokraterna.se\/linkoping\/files\/2021\/08\/vitsippa-770x514.jpg 770w, https:\/\/wp.kristdemokraterna.se\/linkoping\/files\/2021\/08\/vitsippa-450x300.jpg 450w, https:\/\/wp.kristdemokraterna.se\/linkoping\/files\/2021\/08\/vitsippa-280x187.jpg 280w, https:\/\/wp.kristdemokraterna.se\/linkoping\/files\/2021\/08\/vitsippa-340x227.jpg 340w, https:\/\/wp.kristdemokraterna.se\/linkoping\/files\/2021\/08\/vitsippa-200x134.jpg 200w, https:\/\/wp.kristdemokraterna.se\/linkoping\/files\/2021\/08\/vitsippa-84x56.jpg 84w\" sizes=\"auto, (max-width: 1600px) 100vw, 1600px\" \/><\/strong><\/p>\n<p><strong>Kristdemokraternas uppdrag i Link\u00f6pings kommun mandatperioden 2023-2026.<\/strong><\/p>\n<p><strong>Liselotte Fager<\/strong><br \/>\nGruppledare<br \/>\nKommunfullm\u00e4ktige, Ledamot<br \/>\nKommunstyrelsen, Ledamot<br \/>\nKommunstyrelsens \u00e4rendeberedning, Ledamot<br \/>\nSocial- och omsorgsn\u00e4mnden, Ers\u00e4ttare<\/p>\n<p><strong>Lars Rox\u00e5<\/strong><br \/>\nKommunfullm\u00e4ktige, Ledamot<br \/>\nArbetsmarknadsn\u00e4mnden, Ers\u00e4ttare<br \/>\nKommunstyrelsen, Ers\u00e4ttare<br \/>\nKommunfullm\u00e4ktiges valberedning, Ledamot<br \/>\nKommunstyrelsens \u00e4rendeberedning, Ers\u00e4ttare<\/p>\n<p><strong>Annika Lejon<\/strong><br \/>\nKommunfullm\u00e4ktige, Ledamot<br \/>\nBarn- och ungdomsn\u00e4mnden, Ledamot<br \/>\nKommunfullm\u00e4ktiges valberedning, Ers\u00e4ttare<\/p>\n<p><strong>Simon Posluk<\/strong><br \/>\nKommunfullm\u00e4ktige, Ledamot<br \/>\nStiftelsen Link\u00f6pings tr\u00e4dg\u00e5rdsf\u00f6renings park, Ers\u00e4ttare<\/p>\n<p><strong>Torbj\u00f6rn Nibelius<\/strong><br \/>\nLink\u00f6pings Stadshus AB, Ledamot<br \/>\nKommunfullm\u00e4ktige, Ers\u00e4ttare<\/p>\n<p><strong>Kjell O. Lejon<\/strong><br \/>\nSankt Kors Fastighets AB, Ledamot<\/p>\n<p><strong>Magnus Landberg<\/strong><br \/>\nTekniska Verken i Link\u00f6ping AB, Ledamot<\/p>\n<p><strong>Susanne H\u00e4rner<\/strong><br \/>\nKultur- och fritidsn\u00e4mnden, Ledamot<br \/>\nLeonard och Ida Westmans stiftelse f\u00f6r Link\u00f6pings prydande konstverk, Ledamot<\/p>\n<p><strong>Mattias Eveborn<\/strong><br \/>\nBygg- och milj\u00f6n\u00e4mnden, Ledamot<\/p>\n<p><strong>Rihab Al Chahaf<\/strong><br \/>\nV\u00e5rd- och \u00e4ldreomsorgsn\u00e4mnden, Ledamot<\/p>\n<p><strong>Pouya Gazerzadeh<\/strong><br \/>\nSamh\u00e4llsbyggnadsn\u00e4mnden, Ers\u00e4ttare<\/p>\n<p><strong>Richard Svenselius<\/strong><br \/>\nBildningsn\u00e4mnden, Ers\u00e4ttare<\/p>\n<p><strong>Solveig Danielsson<\/strong><br \/>\nKommunfullm\u00e4ktige, Ers\u00e4ttare<\/p>\n<p><strong>Lars Eklund<\/strong><br \/>\nBorgerlig vigself\u00f6rr\u00e4ttare<br \/>\nOmbud enligt begravningslagen<\/p>\n<p><strong>Dick Jonsson<\/strong><br \/>\nLink\u00f6pings Tingsr\u00e4tt, N\u00e4mndeman<\/p>\n<p><strong>Martina Melb\u00e9us<\/strong><br \/>\nLink\u00f6pings Tingsr\u00e4tt, N\u00e4mndeman<\/p>\n<p><strong>Thomas Swenson<\/strong><br \/>\nLink\u00f6pings Tingsr\u00e4tt, N\u00e4mndeman<\/p>\n","protected":false},"excerpt":{"rendered":"<p>Kristdemokraternas uppdrag i Link\u00f6pings kommun mandatperioden 2023-2026. Liselotte Fager Gruppledare Kommunfullm\u00e4ktige, Ledamot Kommunstyrelsen, Ledamot Kommunstyrelsens \u00e4rendeberedning, Ledamot Social- och omsorgsn\u00e4mnden, Ers\u00e4ttare Lars Rox\u00e5 Kommunfullm\u00e4ktige, Ledamot Arbetsmarknadsn\u00e4mnden, Ers\u00e4ttare Kommunstyrelsen, Ers\u00e4ttare Kommunfullm\u00e4ktiges valberedning, Ledamot Kommunstyrelsens \u00e4rendeberedning, Ers\u00e4ttare Annika Lejon Kommunfullm\u00e4ktige, Ledamot Barn- och ungdomsn\u00e4mnden, Ledamot Kommunfullm\u00e4ktiges valberedning, Ers\u00e4ttare Simon Posluk Kommunfullm\u00e4ktige, Ledamot Stiftelsen Link\u00f6pings tr\u00e4dg\u00e5rdsf\u00f6renings park, Ers\u00e4ttare <a class=\"read-more-link\" href=\"https:\/\/wp.kristdemokraterna.se\/linkoping\/vart-parti\/fortroendevalda\/\">Read More<\/a><\/p>\n","protected":false},"author":410,"featured_media":0,"parent":1955,"menu_order":3,"comment_status":"closed","ping_status":"closed","template":"","meta":{"_acf_changed":false,"footnotes":""},"class_list":["post-43","page","type-page","status-publish","hentry"],"acf":[],"yoast_head":"<!-- This site is optimized with the Yoast SEO plugin v27.4 - https:\/\/yoast.com\/product\/yoast-seo-wordpress\/ -->\n<title>F\u00f6rtroendevalda - Kristdemokraterna i Link\u00f6ping<\/title>\n<meta name=\"robots\" content=\"index, follow, max-snippet:-1, max-image-preview:large, max-video-preview:-1\" \/>\n<link rel=\"canonical\" href=\"https:\/\/wp.kristdemokraterna.se\/linkoping\/vart-parti\/fortroendevalda\/\" \/>\n<meta property=\"og:locale\" content=\"sv_SE\" \/>\n<meta property=\"og:type\" content=\"article\" \/>\n<meta property=\"og:title\" content=\"F\u00f6rtroendevalda - Kristdemokraterna i Link\u00f6ping\" \/>\n<meta property=\"og:description\" content=\"Kristdemokraternas uppdrag i Link\u00f6pings kommun mandatperioden 2023-2026. Liselotte Fager Gruppledare Kommunfullm\u00e4ktige, Ledamot Kommunstyrelsen, Ledamot Kommunstyrelsens \u00e4rendeberedning, Ledamot Social- och omsorgsn\u00e4mnden, Ers\u00e4ttare Lars Rox\u00e5 Kommunfullm\u00e4ktige, Ledamot Arbetsmarknadsn\u00e4mnden, Ers\u00e4ttare Kommunstyrelsen, Ers\u00e4ttare Kommunfullm\u00e4ktiges valberedning, Ledamot Kommunstyrelsens \u00e4rendeberedning, Ers\u00e4ttare Annika Lejon Kommunfullm\u00e4ktige, Ledamot Barn- och ungdomsn\u00e4mnden, Ledamot Kommunfullm\u00e4ktiges valberedning, Ers\u00e4ttare Simon Posluk Kommunfullm\u00e4ktige, Ledamot Stiftelsen Link\u00f6pings tr\u00e4dg\u00e5rdsf\u00f6renings park, Ers\u00e4ttare Read More\" \/>\n<meta property=\"og:url\" content=\"https:\/\/wp.kristdemokraterna.se\/linkoping\/vart-parti\/fortroendevalda\/\" \/>\n<meta property=\"og:site_name\" content=\"Kristdemokraterna i Link\u00f6ping\" \/>\n<meta property=\"article:modified_time\" content=\"2026-02-26T09:12:12+00:00\" \/>\n<meta property=\"og:image\" content=\"http:\/\/wp.kristdemokraterna.se\/linkoping\/files\/2021\/08\/vitsippa.jpg\" \/>\n<meta name=\"twitter:card\" content=\"summary_large_image\" \/>\n<meta name=\"twitter:label1\" content=\"Ber\u00e4knad l\u00e4stid\" \/>\n\t<meta name=\"twitter:data1\" content=\"1 minut\" \/>\n<script type=\"application\/ld+json\" class=\"yoast-schema-graph\">{\"@context\":\"https:\\\/\\\/schema.org\",\"@graph\":[{\"@type\":\"WebPage\",\"@id\":\"https:\\\/\\\/wp.kristdemokraterna.se\\\/linkoping\\\/vart-parti\\\/fortroendevalda\\\/\",\"url\":\"https:\\\/\\\/wp.kristdemokraterna.se\\\/linkoping\\\/vart-parti\\\/fortroendevalda\\\/\",\"name\":\"F\u00f6rtroendevalda - Kristdemokraterna i Link\u00f6ping\",\"isPartOf\":{\"@id\":\"https:\\\/\\\/wp.kristdemokraterna.se\\\/linkoping\\\/#website\"},\"primaryImageOfPage\":{\"@id\":\"https:\\\/\\\/wp.kristdemokraterna.se\\\/linkoping\\\/vart-parti\\\/fortroendevalda\\\/#primaryimage\"},\"image\":{\"@id\":\"https:\\\/\\\/wp.kristdemokraterna.se\\\/linkoping\\\/vart-parti\\\/fortroendevalda\\\/#primaryimage\"},\"thumbnailUrl\":\"http:\\\/\\\/wp.kristdemokraterna.se\\\/linkoping\\\/files\\\/2021\\\/08\\\/vitsippa.jpg\",\"datePublished\":\"2013-06-18T14:48:41+00:00\",\"dateModified\":\"2026-02-26T09:12:12+00:00\",\"breadcrumb\":{\"@id\":\"https:\\\/\\\/wp.kristdemokraterna.se\\\/linkoping\\\/vart-parti\\\/fortroendevalda\\\/#breadcrumb\"},\"inLanguage\":\"sv-SE\",\"potentialAction\":[{\"@type\":\"ReadAction\",\"target\":[\"https:\\\/\\\/wp.kristdemokraterna.se\\\/linkoping\\\/vart-parti\\\/fortroendevalda\\\/\"]}]},{\"@type\":\"ImageObject\",\"inLanguage\":\"sv-SE\",\"@id\":\"https:\\\/\\\/wp.kristdemokraterna.se\\\/linkoping\\\/vart-parti\\\/fortroendevalda\\\/#primaryimage\",\"url\":\"http:\\\/\\\/wp.kristdemokraterna.se\\\/linkoping\\\/files\\\/2021\\\/08\\\/vitsippa.jpg\",\"contentUrl\":\"http:\\\/\\\/wp.kristdemokraterna.se\\\/linkoping\\\/files\\\/2021\\\/08\\\/vitsippa.jpg\"},{\"@type\":\"BreadcrumbList\",\"@id\":\"https:\\\/\\\/wp.kristdemokraterna.se\\\/linkoping\\\/vart-parti\\\/fortroendevalda\\\/#breadcrumb\",\"itemListElement\":[{\"@type\":\"ListItem\",\"position\":1,\"name\":\"Hem\",\"item\":\"https:\\\/\\\/wp.kristdemokraterna.se\\\/linkoping\\\/\"},{\"@type\":\"ListItem\",\"position\":2,\"name\":\"V\u00e5rt parti\",\"item\":\"https:\\\/\\\/wp.kristdemokraterna.se\\\/linkoping\\\/vart-parti\\\/\"},{\"@type\":\"ListItem\",\"position\":3,\"name\":\"F\u00f6rtroendevalda\"}]},{\"@type\":\"WebSite\",\"@id\":\"https:\\\/\\\/wp.kristdemokraterna.se\\\/linkoping\\\/#website\",\"url\":\"https:\\\/\\\/wp.kristdemokraterna.se\\\/linkoping\\\/\",\"name\":\"Kristdemokraterna i Link\u00f6ping\",\"description\":\"\",\"inLanguage\":\"sv-SE\"}]}<\/script>\n<!-- \/ Yoast SEO plugin. -->","yoast_head_json":{"title":"F\u00f6rtroendevalda - Kristdemokraterna i Link\u00f6ping","robots":{"index":"index","follow":"follow","max-snippet":"max-snippet:-1","max-image-preview":"max-image-preview:large","max-video-preview":"max-video-preview:-1"},"canonical":"https:\/\/wp.kristdemokraterna.se\/linkoping\/vart-parti\/fortroendevalda\/","og_locale":"sv_SE","og_type":"article","og_title":"F\u00f6rtroendevalda - Kristdemokraterna i Link\u00f6ping","og_description":"Kristdemokraternas uppdrag i Link\u00f6pings kommun mandatperioden 2023-2026. Liselotte Fager Gruppledare Kommunfullm\u00e4ktige, Ledamot Kommunstyrelsen, Ledamot Kommunstyrelsens \u00e4rendeberedning, Ledamot Social- och omsorgsn\u00e4mnden, Ers\u00e4ttare Lars Rox\u00e5 Kommunfullm\u00e4ktige, Ledamot Arbetsmarknadsn\u00e4mnden, Ers\u00e4ttare Kommunstyrelsen, Ers\u00e4ttare Kommunfullm\u00e4ktiges valberedning, Ledamot Kommunstyrelsens \u00e4rendeberedning, Ers\u00e4ttare Annika Lejon Kommunfullm\u00e4ktige, Ledamot Barn- och ungdomsn\u00e4mnden, Ledamot Kommunfullm\u00e4ktiges valberedning, Ers\u00e4ttare Simon Posluk Kommunfullm\u00e4ktige, Ledamot Stiftelsen Link\u00f6pings tr\u00e4dg\u00e5rdsf\u00f6renings park, Ers\u00e4ttare Read More","og_url":"https:\/\/wp.kristdemokraterna.se\/linkoping\/vart-parti\/fortroendevalda\/","og_site_name":"Kristdemokraterna i Link\u00f6ping","article_modified_time":"2026-02-26T09:12:12+00:00","og_image":[{"url":"http:\/\/wp.kristdemokraterna.se\/linkoping\/files\/2021\/08\/vitsippa.jpg","type":"","width":"","height":""}],"twitter_card":"summary_large_image","twitter_misc":{"Ber\u00e4knad l\u00e4stid":"1 minut"},"schema":{"@context":"https:\/\/schema.org","@graph":[{"@type":"WebPage","@id":"https:\/\/wp.kristdemokraterna.se\/linkoping\/vart-parti\/fortroendevalda\/","url":"https:\/\/wp.kristdemokraterna.se\/linkoping\/vart-parti\/fortroendevalda\/","name":"F\u00f6rtroendevalda - Kristdemokraterna i Link\u00f6ping","isPartOf":{"@id":"https:\/\/wp.kristdemokraterna.se\/linkoping\/#website"},"primaryImageOfPage":{"@id":"https:\/\/wp.kristdemokraterna.se\/linkoping\/vart-parti\/fortroendevalda\/#primaryimage"},"image":{"@id":"https:\/\/wp.kristdemokraterna.se\/linkoping\/vart-parti\/fortroendevalda\/#primaryimage"},"thumbnailUrl":"http:\/\/wp.kristdemokraterna.se\/linkoping\/files\/2021\/08\/vitsippa.jpg","datePublished":"2013-06-18T14:48:41+00:00","dateModified":"2026-02-26T09:12:12+00:00","breadcrumb":{"@id":"https:\/\/wp.kristdemokraterna.se\/linkoping\/vart-parti\/fortroendevalda\/#breadcrumb"},"inLanguage":"sv-SE","potentialAction":[{"@type":"ReadAction","target":["https:\/\/wp.kristdemokraterna.se\/linkoping\/vart-parti\/fortroendevalda\/"]}]},{"@type":"ImageObject","inLanguage":"sv-SE","@id":"https:\/\/wp.kristdemokraterna.se\/linkoping\/vart-parti\/fortroendevalda\/#primaryimage","url":"http:\/\/wp.kristdemokraterna.se\/linkoping\/files\/2021\/08\/vitsippa.jpg","contentUrl":"http:\/\/wp.kristdemokraterna.se\/linkoping\/files\/2021\/08\/vitsippa.jpg"},{"@type":"BreadcrumbList","@id":"https:\/\/wp.kristdemokraterna.se\/linkoping\/vart-parti\/fortroendevalda\/#breadcrumb","itemListElement":[{"@type":"ListItem","position":1,"name":"Hem","item":"https:\/\/wp.kristdemokraterna.se\/linkoping\/"},{"@type":"ListItem","position":2,"name":"V\u00e5rt parti","item":"https:\/\/wp.kristdemokraterna.se\/linkoping\/vart-parti\/"},{"@type":"ListItem","position":3,"name":"F\u00f6rtroendevalda"}]},{"@type":"WebSite","@id":"https:\/\/wp.kristdemokraterna.se\/linkoping\/#website","url":"https:\/\/wp.kristdemokraterna.se\/linkoping\/","name":"Kristdemokraterna i Link\u00f6ping","description":"","inLanguage":"sv-SE"}]}},"_links":{"self":[{"href":"https:\/\/wp.kristdemokraterna.se\/linkoping\/wp-json\/wp\/v2\/pages\/43","targetHints":{"allow":["GET"]}}],"collection":[{"href":"https:\/\/wp.kristdemokraterna.se\/linkoping\/wp-json\/wp\/v2\/pages"}],"about":[{"href":"https:\/\/wp.kristdemokraterna.se\/linkoping\/wp-json\/wp\/v2\/types\/page"}],"author":[{"embeddable":true,"href":"https:\/\/wp.kristdemokraterna.se\/linkoping\/wp-json\/wp\/v2\/users\/410"}],"replies":[{"embeddable":true,"href":"https:\/\/wp.kristdemokraterna.se\/linkoping\/wp-json\/wp\/v2\/comments?post=43"}],"version-history":[{"count":154,"href":"https:\/\/wp.kristdemokraterna.se\/linkoping\/wp-json\/wp\/v2\/pages\/43\/revisions"}],"predecessor-version":[{"id":2835,"href":"https:\/\/wp.kristdemokraterna.se\/linkoping\/wp-json\/wp\/v2\/pages\/43\/revisions\/2835"}],"up":[{"embeddable":true,"href":"https:\/\/wp.kristdemokraterna.se\/linkoping\/wp-json\/wp\/v2\/pages\/1955"}],"wp:attachment":[{"href":"https:\/\/wp.kristdemokraterna.se\/linkoping\/wp-json\/wp\/v2\/media?parent=43"}],"curies":[{"name":"wp","href":"https:\/\/api.w.org\/{rel}","templated":true}]}}