{"id":47,"date":"2013-06-18T17:04:07","date_gmt":"2013-06-18T15:04:07","guid":{"rendered":"http:\/\/wp.kristdemokraterna.se\/linkoping\/?page_id=47"},"modified":"2019-03-17T13:29:57","modified_gmt":"2019-03-17T12:29:57","slug":"nya-tankar","status":"publish","type":"page","link":"https:\/\/wp.kristdemokraterna.se\/linkoping\/nya-tankar\/","title":{"rendered":"Nya tankar"},"content":{"rendered":"<p>Kristdemokraterna i Link\u00f6ping ger ut tidningen Nya tankar. H\u00e4r kan du l\u00e4sa det senaste och tidigare nummer av tidningen.<br \/>\n<strong><br \/>\n2017<br \/>\n<\/strong><\/p>\n<div style=\"clear: both\"><a href=\"https:\/\/wp.kristdemokraterna.se\/linkoping\/files\/2017\/02\/nya_tankar_2017_nr1.pdf\"><img loading=\"lazy\" decoding=\"async\" class=\"alignleft wp-image-558 size-medium\" src=\"https:\/\/wp.kristdemokraterna.se\/linkoping\/files\/2017\/02\/nya_tankar_2017_nr1-1-217x300.jpg\" alt=\"\" width=\"217\" height=\"300\" srcset=\"https:\/\/wp.kristdemokraterna.se\/linkoping\/files\/2017\/02\/nya_tankar_2017_nr1-1-217x300.jpg 217w, https:\/\/wp.kristdemokraterna.se\/linkoping\/files\/2017\/02\/nya_tankar_2017_nr1-1-391x540.jpg 391w, https:\/\/wp.kristdemokraterna.se\/linkoping\/files\/2017\/02\/nya_tankar_2017_nr1-1-250x346.jpg 250w, https:\/\/wp.kristdemokraterna.se\/linkoping\/files\/2017\/02\/nya_tankar_2017_nr1-1-81x112.jpg 81w, https:\/\/wp.kristdemokraterna.se\/linkoping\/files\/2017\/02\/nya_tankar_2017_nr1-1.jpg 595w\" sizes=\"auto, (max-width: 217px) 100vw, 217px\" \/><\/a><a href=\"https:\/\/wp.kristdemokraterna.se\/linkoping\/files\/2017\/05\/nya_tankar_2017_nr2_small.pdf\"><img loading=\"lazy\" decoding=\"async\" class=\"alignleft wp-image-612 size-medium\" src=\"https:\/\/wp.kristdemokraterna.se\/linkoping\/files\/2017\/05\/nya_tankar_2017_nr2_tryck-1-217x300.jpg\" alt=\"\" width=\"217\" height=\"300\" srcset=\"https:\/\/wp.kristdemokraterna.se\/linkoping\/files\/2017\/05\/nya_tankar_2017_nr2_tryck-1-217x300.jpg 217w, https:\/\/wp.kristdemokraterna.se\/linkoping\/files\/2017\/05\/nya_tankar_2017_nr2_tryck-1-390x540.jpg 390w, https:\/\/wp.kristdemokraterna.se\/linkoping\/files\/2017\/05\/nya_tankar_2017_nr2_tryck-1-250x346.jpg 250w, https:\/\/wp.kristdemokraterna.se\/linkoping\/files\/2017\/05\/nya_tankar_2017_nr2_tryck-1-81x112.jpg 81w, https:\/\/wp.kristdemokraterna.se\/linkoping\/files\/2017\/05\/nya_tankar_2017_nr2_tryck-1.jpg 595w\" sizes=\"auto, (max-width: 217px) 100vw, 217px\" \/><\/a><\/div>\n<p><strong>2015<br \/>\n<\/strong><a href=\"https:\/\/wp.kristdemokraterna.se\/linkoping\/files\/2015\/02\/1501.pdf\" target=\"_blank\" rel=\"noopener noreferrer\">Nya tankar 2015_01<\/a><\/p>\n<p><strong>2014<br \/>\n<\/strong><a href=\"https:\/\/wp.kristdemokraterna.se\/linkoping\/files\/2015\/01\/nyatankar2014_04.pdf\" target=\"_blank\" rel=\"noopener noreferrer\">Nya tankar 2014_04<br \/>\n<\/a><a href=\"https:\/\/wp.kristdemokraterna.se\/linkoping\/files\/2015\/01\/nyatankar_2014_03.pdf\" target=\"_blank\" rel=\"noopener noreferrer\">Nya tankar 2014_03<br \/>\n<\/a><a href=\"https:\/\/wp.kristdemokraterna.se\/linkoping\/files\/2014\/06\/nya-tankar-2014_02.pdf\" target=\"_blank\" rel=\"noopener noreferrer\">Nya tankar 2014_02<br \/>\n<\/a><a href=\"https:\/\/wp.kristdemokraterna.se\/linkoping\/files\/2014\/06\/nya-tankar-2014_01.pdf\" target=\"_blank\" rel=\"noopener noreferrer\">Nya tankar 2014_01<\/a><\/p>\n<p><strong> 2013<br \/>\n<\/strong><a href=\"https:\/\/wp.kristdemokraterna.se\/linkoping\/files\/2014\/06\/nya-tankar-2013_04.pdf\" target=\"_blank\" rel=\"noopener noreferrer\">Nya tankar 2013_04<\/a><br \/>\n<a href=\"https:\/\/wp.kristdemokraterna.se\/linkoping\/files\/2014\/06\/nya-tankar-2013_03.pdf\" target=\"_blank\" rel=\"noopener noreferrer\">Nya tankar 2013_03<\/a><br \/>\n<a href=\"https:\/\/wp.kristdemokraterna.se\/linkoping\/files\/2013\/06\/Nya-tankar-2013_02.pdf\" target=\"_blank\" rel=\"noopener noreferrer\">Nya tankar 2013_02<br \/>\n<\/a><a href=\"https:\/\/wp.kristdemokraterna.se\/linkoping\/files\/2013\/06\/Nya-tankar-2013_01.pdf\" target=\"_blank\" rel=\"noopener noreferrer\">Nya tankar 2013_01<\/a><\/p>\n<p><strong>2012<br \/>\n<\/strong><a href=\"https:\/\/wp.kristdemokraterna.se\/linkoping\/files\/2013\/06\/Nya-tankar-2012_04.pdf\" target=\"_blank\" rel=\"noopener noreferrer\">Nya tankar 2012_04<\/a><br \/>\n<a href=\"https:\/\/wp.kristdemokraterna.se\/linkoping\/files\/2013\/06\/Nya-tankar-2012_03.pdf\" target=\"_blank\" rel=\"noopener noreferrer\">Nya tankar 2012_03<\/a><br \/>\n<a href=\"https:\/\/wp.kristdemokraterna.se\/linkoping\/files\/2013\/06\/Nya-tankar-2012_02.pdf\" target=\"_blank\" rel=\"noopener noreferrer\">Nya tankar 2012_02<\/a><br \/>\n<a href=\"https:\/\/wp.kristdemokraterna.se\/linkoping\/files\/2013\/06\/Nya-tankar-2012_01.pdf\" target=\"_blank\" rel=\"noopener noreferrer\">Nya tankar 2012_01<\/a><\/p>\n<p><strong>2011<\/strong><br \/>\n<a href=\"https:\/\/wp.kristdemokraterna.se\/linkoping\/files\/2013\/06\/Nya-tankar-2011_04.pdf\" target=\"_blank\" rel=\"noopener noreferrer\">Nya tankar 2011_04<\/a><br \/>\n<a href=\"https:\/\/wp.kristdemokraterna.se\/linkoping\/files\/2013\/06\/Nya-tankar-2011_03.pdf\" target=\"_blank\" rel=\"noopener noreferrer\">Nya tankar 2011_03<\/a><br \/>\n<a href=\"https:\/\/wp.kristdemokraterna.se\/linkoping\/files\/2013\/06\/Nya-tankar-2011_02.pdf\" target=\"_blank\" rel=\"noopener noreferrer\">Nya tankar 2011_02<\/a><br \/>\n<a href=\"https:\/\/wp.kristdemokraterna.se\/linkoping\/files\/2013\/06\/Nya-tankar-2011_01.pdf\" target=\"_blank\" rel=\"noopener noreferrer\">Nya tankar 2011_01<\/a><\/p>\n<p><strong>2010<\/strong><br \/>\n<a href=\"https:\/\/wp.kristdemokraterna.se\/linkoping\/files\/2013\/06\/Nya-tankar-2010_04.pdf\" target=\"_blank\" rel=\"noopener noreferrer\">Nya tankar 2010_04<\/a><br \/>\n<a href=\"https:\/\/wp.kristdemokraterna.se\/linkoping\/files\/2013\/06\/Nya-tankar-2010_03.pdf\" target=\"_blank\" rel=\"noopener noreferrer\">Nya tankar 2010_03<\/a><br \/>\n<a href=\"https:\/\/wp.kristdemokraterna.se\/linkoping\/files\/2013\/06\/Nya-tankar-2010_02.pdf\" target=\"_blank\" rel=\"noopener noreferrer\">Nya tankar 2010_02<\/a><br \/>\n<a href=\"https:\/\/wp.kristdemokraterna.se\/linkoping\/files\/2013\/06\/Nya-tankar-2010_01.pdf\" target=\"_blank\" rel=\"noopener noreferrer\">Nya tankar 2010_01<\/a><\/p>\n<p><strong>2009<\/strong><br \/>\n<a href=\"https:\/\/wp.kristdemokraterna.se\/linkoping\/files\/2013\/06\/Nya-tankar-2009_04.pdf\" target=\"_blank\" rel=\"noopener noreferrer\">Nya tankar 2009_04<\/a><br \/>\n<a href=\"https:\/\/wp.kristdemokraterna.se\/linkoping\/files\/2013\/06\/Nya-tankar-2009_03.pdf\" target=\"_blank\" rel=\"noopener noreferrer\">Nya tankar 2009_03<\/a><br \/>\n<a href=\"https:\/\/wp.kristdemokraterna.se\/linkoping\/files\/2013\/06\/Nya-tankar-2009_02.pdf\" target=\"_blank\" rel=\"noopener noreferrer\">Nya tankar 2009_02<\/a><br \/>\n<a href=\"https:\/\/wp.kristdemokraterna.se\/linkoping\/files\/2013\/06\/Nya-tankar-2009_01.pdf\" target=\"_blank\" rel=\"noopener noreferrer\">Nya tankar 2009_01<\/a><\/p>\n<p><strong>2008<\/strong><br \/>\n<a href=\"https:\/\/wp.kristdemokraterna.se\/linkoping\/files\/2013\/06\/Nya-tankar-2008_04.pdf\" target=\"_blank\" rel=\"noopener noreferrer\">Nya tankar 2008_04<\/a><br \/>\n<a href=\"https:\/\/wp.kristdemokraterna.se\/linkoping\/files\/2013\/06\/Nya-tankar-2008_03.pdf\" target=\"_blank\" rel=\"noopener noreferrer\">Nya tankar 2008_03<\/a><br \/>\n<a href=\"https:\/\/wp.kristdemokraterna.se\/linkoping\/files\/2013\/06\/Nya-tankar-2008_02.pdf\" target=\"_blank\" rel=\"noopener noreferrer\">Nya tankar 2008_02<\/a><br \/>\n<a href=\"https:\/\/wp.kristdemokraterna.se\/linkoping\/files\/2013\/06\/Nya-tankar-2008_01.pdf\" target=\"_blank\" rel=\"noopener noreferrer\">Nya tankar 2008_01<\/a><\/p>\n<p><strong>2007<\/strong><br \/>\n<a href=\"https:\/\/wp.kristdemokraterna.se\/linkoping\/files\/2013\/06\/Nya-tankar-2007_04.pdf\" target=\"_blank\" rel=\"noopener noreferrer\">Nya tankar 2007_04<\/a><br \/>\n<a href=\"https:\/\/wp.kristdemokraterna.se\/linkoping\/files\/2013\/06\/Nya-tankar-2007_03.pdf\" target=\"_blank\" rel=\"noopener noreferrer\">Nya tankar 2007_03<\/a><br \/>\n<a href=\"https:\/\/wp.kristdemokraterna.se\/linkoping\/files\/2013\/06\/Nya-tankar-2007_02.pdf\" target=\"_blank\" rel=\"noopener noreferrer\">Nya tankar 2007_02<\/a><br \/>\n<a href=\"https:\/\/wp.kristdemokraterna.se\/linkoping\/files\/2013\/06\/Nya-tankar-2007_01.pdf\" target=\"_blank\" rel=\"noopener noreferrer\">Nya tankar 2007_01<\/a><\/p>\n<p><strong>2006<\/strong><br \/>\n<a href=\"https:\/\/wp.kristdemokraterna.se\/linkoping\/files\/2013\/06\/Nya-tankar-2006_04.pdf\" target=\"_blank\" rel=\"noopener noreferrer\">Nya tankar 2006_04<\/a><br \/>\n<a href=\"https:\/\/wp.kristdemokraterna.se\/linkoping\/files\/2013\/06\/Nya-tankar-2006_03.pdf\" target=\"_blank\" rel=\"noopener noreferrer\">Nya tankar 2006_03<\/a><br \/>\n<a href=\"https:\/\/wp.kristdemokraterna.se\/linkoping\/files\/2013\/06\/Nya-tankar-2006_02.pdf\" target=\"_blank\" rel=\"noopener noreferrer\">Nya tankar 2006_02<\/a><br \/>\n<a href=\"https:\/\/wp.kristdemokraterna.se\/linkoping\/files\/2013\/06\/Nya-tankar-2006_01.pdf\" target=\"_blank\" rel=\"noopener noreferrer\">Nya tankar 2006_01<\/a><\/p>\n<p><strong>2005<\/strong><br \/>\n<a href=\"https:\/\/wp.kristdemokraterna.se\/linkoping\/files\/2013\/06\/Nya-tankar-2005_04.pdf\" target=\"_blank\" rel=\"noopener noreferrer\">Nya tankar 2005_04<\/a><br \/>\n<a href=\"https:\/\/wp.kristdemokraterna.se\/linkoping\/files\/2013\/06\/Nya-tankar-2005_03.pdf\" target=\"_blank\" rel=\"noopener noreferrer\">Nya tankar 2005_03<\/a><br \/>\n<a href=\"https:\/\/wp.kristdemokraterna.se\/linkoping\/files\/2013\/06\/Nya-tankar-2005_02.pdf\" target=\"_blank\" rel=\"noopener noreferrer\">Nya tankar 2005_02<\/a><br \/>\n<a href=\"https:\/\/wp.kristdemokraterna.se\/linkoping\/files\/2013\/06\/Nya-tankar-2005_01.pdf\" target=\"_blank\" rel=\"noopener noreferrer\">Nya tankar 2005_01<\/a><\/p>\n<p><strong>2004<\/strong><br \/>\n<a href=\"https:\/\/wp.kristdemokraterna.se\/linkoping\/files\/2013\/06\/Nya-tankar-2004_03.pdf\" target=\"_blank\" rel=\"noopener noreferrer\">Nya tankar 2004_03<\/a><br \/>\n<a href=\"https:\/\/wp.kristdemokraterna.se\/linkoping\/files\/2013\/06\/Nya-tankar-2004_02.pdf\" target=\"_blank\" rel=\"noopener noreferrer\">Nya tankar 2004_02<\/a><br \/>\n<a href=\"https:\/\/wp.kristdemokraterna.se\/linkoping\/files\/2013\/06\/Nya-tankar-2004_01.pdf\" target=\"_blank\" rel=\"noopener noreferrer\">Nya tankar 2004_01<\/a><\/p>\n<p><strong>2003<\/strong><br \/>\n<a href=\"https:\/\/wp.kristdemokraterna.se\/linkoping\/files\/2013\/06\/Nya-tankar-2003_03.pdf\" target=\"_blank\" rel=\"noopener noreferrer\">Nya tankar 2003_03<\/a><br \/>\n<a href=\"https:\/\/wp.kristdemokraterna.se\/linkoping\/files\/2013\/06\/Nya-tankar-2003_02.pdf\" target=\"_blank\" rel=\"noopener noreferrer\">Nya tankar 2003_02<\/a><br \/>\n<a href=\"https:\/\/wp.kristdemokraterna.se\/linkoping\/files\/2013\/06\/Nya-tankar-2003_01.pdf\" target=\"_blank\" rel=\"noopener noreferrer\">Nya tankar 2003_01<\/a><\/p>\n","protected":false},"excerpt":{"rendered":"<p>Kristdemokraterna i Link\u00f6ping ger ut tidningen Nya tankar. H\u00e4r kan du l\u00e4sa det senaste och tidigare nummer av tidningen. 2017 2015 Nya tankar 2015_01 2014 Nya tankar 2014_04 Nya tankar 2014_03 Nya tankar 2014_02 Nya tankar 2014_01 2013 Nya tankar 2013_04 Nya tankar 2013_03 Nya tankar 2013_02 Nya tankar 2013_01 2012 Nya tankar 2012_04 Nya <a class=\"read-more-link\" href=\"https:\/\/wp.kristdemokraterna.se\/linkoping\/nya-tankar\/\">Read More<\/a><\/p>\n","protected":false},"author":410,"featured_media":0,"parent":0,"menu_order":8,"comment_status":"closed","ping_status":"closed","template":"","meta":{"_acf_changed":false,"footnotes":""},"class_list":["post-47","page","type-page","status-publish","hentry"],"acf":[],"yoast_head":"<!-- This site is optimized with the Yoast SEO plugin v27.4 - https:\/\/yoast.com\/product\/yoast-seo-wordpress\/ -->\n<title>Nya tankar - Kristdemokraterna i Link\u00f6ping<\/title>\n<meta name=\"robots\" content=\"index, follow, max-snippet:-1, max-image-preview:large, max-video-preview:-1\" \/>\n<link rel=\"canonical\" href=\"https:\/\/wp.kristdemokraterna.se\/linkoping\/nya-tankar\/\" \/>\n<meta property=\"og:locale\" content=\"sv_SE\" \/>\n<meta property=\"og:type\" content=\"article\" \/>\n<meta property=\"og:title\" content=\"Nya tankar - Kristdemokraterna i Link\u00f6ping\" \/>\n<meta property=\"og:description\" content=\"Kristdemokraterna i Link\u00f6ping ger ut tidningen Nya tankar. H\u00e4r kan du l\u00e4sa det senaste och tidigare nummer av tidningen. 2017 2015 Nya tankar 2015_01 2014 Nya tankar 2014_04 Nya tankar 2014_03 Nya tankar 2014_02 Nya tankar 2014_01 2013 Nya tankar 2013_04 Nya tankar 2013_03 Nya tankar 2013_02 Nya tankar 2013_01 2012 Nya tankar 2012_04 Nya Read More\" \/>\n<meta property=\"og:url\" content=\"https:\/\/wp.kristdemokraterna.se\/linkoping\/nya-tankar\/\" \/>\n<meta property=\"og:site_name\" content=\"Kristdemokraterna i Link\u00f6ping\" \/>\n<meta property=\"article:modified_time\" content=\"2019-03-17T12:29:57+00:00\" \/>\n<meta property=\"og:image\" content=\"http:\/\/wp.kristdemokraterna.se\/linkoping\/files\/2017\/02\/nya_tankar_2017_nr1-1-217x300.jpg\" \/>\n<meta name=\"twitter:card\" content=\"summary_large_image\" \/>\n<meta name=\"twitter:label1\" content=\"Ber\u00e4knad l\u00e4stid\" \/>\n\t<meta name=\"twitter:data1\" content=\"1 minut\" \/>\n<script type=\"application\/ld+json\" class=\"yoast-schema-graph\">{\"@context\":\"https:\\\/\\\/schema.org\",\"@graph\":[{\"@type\":\"WebPage\",\"@id\":\"https:\\\/\\\/wp.kristdemokraterna.se\\\/linkoping\\\/nya-tankar\\\/\",\"url\":\"https:\\\/\\\/wp.kristdemokraterna.se\\\/linkoping\\\/nya-tankar\\\/\",\"name\":\"Nya tankar - Kristdemokraterna i Link\u00f6ping\",\"isPartOf\":{\"@id\":\"https:\\\/\\\/wp.kristdemokraterna.se\\\/linkoping\\\/#website\"},\"primaryImageOfPage\":{\"@id\":\"https:\\\/\\\/wp.kristdemokraterna.se\\\/linkoping\\\/nya-tankar\\\/#primaryimage\"},\"image\":{\"@id\":\"https:\\\/\\\/wp.kristdemokraterna.se\\\/linkoping\\\/nya-tankar\\\/#primaryimage\"},\"thumbnailUrl\":\"http:\\\/\\\/wp.kristdemokraterna.se\\\/linkoping\\\/files\\\/2017\\\/02\\\/nya_tankar_2017_nr1-1-217x300.jpg\",\"datePublished\":\"2013-06-18T15:04:07+00:00\",\"dateModified\":\"2019-03-17T12:29:57+00:00\",\"breadcrumb\":{\"@id\":\"https:\\\/\\\/wp.kristdemokraterna.se\\\/linkoping\\\/nya-tankar\\\/#breadcrumb\"},\"inLanguage\":\"sv-SE\",\"potentialAction\":[{\"@type\":\"ReadAction\",\"target\":[\"https:\\\/\\\/wp.kristdemokraterna.se\\\/linkoping\\\/nya-tankar\\\/\"]}]},{\"@type\":\"ImageObject\",\"inLanguage\":\"sv-SE\",\"@id\":\"https:\\\/\\\/wp.kristdemokraterna.se\\\/linkoping\\\/nya-tankar\\\/#primaryimage\",\"url\":\"https:\\\/\\\/wp.kristdemokraterna.se\\\/linkoping\\\/files\\\/2017\\\/02\\\/nya_tankar_2017_nr1-1.jpg\",\"contentUrl\":\"https:\\\/\\\/wp.kristdemokraterna.se\\\/linkoping\\\/files\\\/2017\\\/02\\\/nya_tankar_2017_nr1-1.jpg\",\"width\":595,\"height\":822},{\"@type\":\"BreadcrumbList\",\"@id\":\"https:\\\/\\\/wp.kristdemokraterna.se\\\/linkoping\\\/nya-tankar\\\/#breadcrumb\",\"itemListElement\":[{\"@type\":\"ListItem\",\"position\":1,\"name\":\"Hem\",\"item\":\"https:\\\/\\\/wp.kristdemokraterna.se\\\/linkoping\\\/\"},{\"@type\":\"ListItem\",\"position\":2,\"name\":\"Nya tankar\"}]},{\"@type\":\"WebSite\",\"@id\":\"https:\\\/\\\/wp.kristdemokraterna.se\\\/linkoping\\\/#website\",\"url\":\"https:\\\/\\\/wp.kristdemokraterna.se\\\/linkoping\\\/\",\"name\":\"Kristdemokraterna i Link\u00f6ping\",\"description\":\"\",\"inLanguage\":\"sv-SE\"}]}<\/script>\n<!-- \/ Yoast SEO plugin. -->","yoast_head_json":{"title":"Nya tankar - Kristdemokraterna i Link\u00f6ping","robots":{"index":"index","follow":"follow","max-snippet":"max-snippet:-1","max-image-preview":"max-image-preview:large","max-video-preview":"max-video-preview:-1"},"canonical":"https:\/\/wp.kristdemokraterna.se\/linkoping\/nya-tankar\/","og_locale":"sv_SE","og_type":"article","og_title":"Nya tankar - Kristdemokraterna i Link\u00f6ping","og_description":"Kristdemokraterna i Link\u00f6ping ger ut tidningen Nya tankar. H\u00e4r kan du l\u00e4sa det senaste och tidigare nummer av tidningen. 2017 2015 Nya tankar 2015_01 2014 Nya tankar 2014_04 Nya tankar 2014_03 Nya tankar 2014_02 Nya tankar 2014_01 2013 Nya tankar 2013_04 Nya tankar 2013_03 Nya tankar 2013_02 Nya tankar 2013_01 2012 Nya tankar 2012_04 Nya Read More","og_url":"https:\/\/wp.kristdemokraterna.se\/linkoping\/nya-tankar\/","og_site_name":"Kristdemokraterna i Link\u00f6ping","article_modified_time":"2019-03-17T12:29:57+00:00","og_image":[{"url":"http:\/\/wp.kristdemokraterna.se\/linkoping\/files\/2017\/02\/nya_tankar_2017_nr1-1-217x300.jpg","type":"","width":"","height":""}],"twitter_card":"summary_large_image","twitter_misc":{"Ber\u00e4knad l\u00e4stid":"1 minut"},"schema":{"@context":"https:\/\/schema.org","@graph":[{"@type":"WebPage","@id":"https:\/\/wp.kristdemokraterna.se\/linkoping\/nya-tankar\/","url":"https:\/\/wp.kristdemokraterna.se\/linkoping\/nya-tankar\/","name":"Nya tankar - Kristdemokraterna i Link\u00f6ping","isPartOf":{"@id":"https:\/\/wp.kristdemokraterna.se\/linkoping\/#website"},"primaryImageOfPage":{"@id":"https:\/\/wp.kristdemokraterna.se\/linkoping\/nya-tankar\/#primaryimage"},"image":{"@id":"https:\/\/wp.kristdemokraterna.se\/linkoping\/nya-tankar\/#primaryimage"},"thumbnailUrl":"http:\/\/wp.kristdemokraterna.se\/linkoping\/files\/2017\/02\/nya_tankar_2017_nr1-1-217x300.jpg","datePublished":"2013-06-18T15:04:07+00:00","dateModified":"2019-03-17T12:29:57+00:00","breadcrumb":{"@id":"https:\/\/wp.kristdemokraterna.se\/linkoping\/nya-tankar\/#breadcrumb"},"inLanguage":"sv-SE","potentialAction":[{"@type":"ReadAction","target":["https:\/\/wp.kristdemokraterna.se\/linkoping\/nya-tankar\/"]}]},{"@type":"ImageObject","inLanguage":"sv-SE","@id":"https:\/\/wp.kristdemokraterna.se\/linkoping\/nya-tankar\/#primaryimage","url":"https:\/\/wp.kristdemokraterna.se\/linkoping\/files\/2017\/02\/nya_tankar_2017_nr1-1.jpg","contentUrl":"https:\/\/wp.kristdemokraterna.se\/linkoping\/files\/2017\/02\/nya_tankar_2017_nr1-1.jpg","width":595,"height":822},{"@type":"BreadcrumbList","@id":"https:\/\/wp.kristdemokraterna.se\/linkoping\/nya-tankar\/#breadcrumb","itemListElement":[{"@type":"ListItem","position":1,"name":"Hem","item":"https:\/\/wp.kristdemokraterna.se\/linkoping\/"},{"@type":"ListItem","position":2,"name":"Nya tankar"}]},{"@type":"WebSite","@id":"https:\/\/wp.kristdemokraterna.se\/linkoping\/#website","url":"https:\/\/wp.kristdemokraterna.se\/linkoping\/","name":"Kristdemokraterna i Link\u00f6ping","description":"","inLanguage":"sv-SE"}]}},"_links":{"self":[{"href":"https:\/\/wp.kristdemokraterna.se\/linkoping\/wp-json\/wp\/v2\/pages\/47","targetHints":{"allow":["GET"]}}],"collection":[{"href":"https:\/\/wp.kristdemokraterna.se\/linkoping\/wp-json\/wp\/v2\/pages"}],"about":[{"href":"https:\/\/wp.kristdemokraterna.se\/linkoping\/wp-json\/wp\/v2\/types\/page"}],"author":[{"embeddable":true,"href":"https:\/\/wp.kristdemokraterna.se\/linkoping\/wp-json\/wp\/v2\/users\/410"}],"replies":[{"embeddable":true,"href":"https:\/\/wp.kristdemokraterna.se\/linkoping\/wp-json\/wp\/v2\/comments?post=47"}],"version-history":[{"count":24,"href":"https:\/\/wp.kristdemokraterna.se\/linkoping\/wp-json\/wp\/v2\/pages\/47\/revisions"}],"predecessor-version":[{"id":873,"href":"https:\/\/wp.kristdemokraterna.se\/linkoping\/wp-json\/wp\/v2\/pages\/47\/revisions\/873"}],"wp:attachment":[{"href":"https:\/\/wp.kristdemokraterna.se\/linkoping\/wp-json\/wp\/v2\/media?parent=47"}],"curies":[{"name":"wp","href":"https:\/\/api.w.org\/{rel}","templated":true}]}}