{"id":17,"date":"2012-04-03T13:37:36","date_gmt":"2012-04-03T13:37:36","guid":{"rendered":"http:\/\/wpskane.kristdemokraterna.se\/lomma\/?page_id=17"},"modified":"2024-03-22T10:32:14","modified_gmt":"2024-03-22T09:32:14","slug":"lomma","status":"publish","type":"page","link":"https:\/\/wp.kristdemokraterna.se\/lomma\/","title":{"rendered":"Kristdemokraterna i Lomma\/Bj\u00e4rred"},"content":{"rendered":"<div align=\"left\">\n<p><strong>V\u00e5rt\u00a0m\u00e5l \u00e4r ett samh\u00e4lle d\u00e4r friheten att forma sitt eget liv g\u00e5r hand i hand med ansvaret f\u00f6r sin medm\u00e4nniska. Vi vill bygga ett samh\u00e4lle som h\u00e5ller samman. Ingen ska h\u00e5llas tillbaka och ingen ska l\u00e4mnas efter.<\/strong><\/p>\n<p><strong>Kristdemokraterna i Lomma<\/strong>\/Bj\u00e4rred \u00e4r del av den v\u00e4rldsomsp\u00e4nnande r\u00f6relse som \u00e4r kristdemokratin.\u00a0Vi \u00e4r ett v\u00e4rdeorienterat borgerligt parti som arbetar f\u00f6r ett samh\u00e4lle med familjen i centrum och mer personligt ansvar.\u00a0 V\u00e5rt partinamn f\u00f6rklarar att vi st\u00e5r f\u00f6r demokrati byggd p\u00e5 kristen m\u00e4nniskosyn och v\u00e4rdegrund. En vanlig missuppfattning om partiet \u00e4r att man m\u00e5ste vara religi\u00f6st engagerad f\u00f6r att vara med. S\u00e5 \u00e4r det naturligtvis inte. Alla som delar v\u00e5ra id\u00e9er \u00e4r v\u00e4lkomna i partiet. V\u00e5ra viktigaste politiska omr\u00e5den \u00e4r; v\u00e4rdig v\u00e5rd och omsorg, valfrihet och r\u00e4ttvisa f\u00f6r familjen och ett blomstrande n\u00e4ringsliv f\u00f6r v\u00e4lf\u00e4rd. Till detta l\u00e4gger vi ett omr\u00e5de som ber\u00f6r oss alla; skolan. H\u00e4r finns det mycket att g\u00f6ra och det b\u00f6rjar bli br\u00e5ttom!<\/p>\n<p>Kristdemokraterna i Lomma\/Bj\u00e4rred vill verka f\u00f6r en ansvarsfull lokalpolitik och att hela Lomma\/Bj\u00e4rred ska fungera och blomstra. Vi ser g\u00e4rna fler engagerade f\u00f6r v\u00e5r sak. Tveka inte att <a href=\"\/lomma\/lomma\/kontakta-oss\/\">ta kontakt med oss<\/a> om du vill g\u00f6ra en insats f\u00f6r att f\u00f6r\u00e4ndra styret av Lomma.<\/p>\n<h2>Kristdemokraterna i Lomma under denna mandatperiod<\/h2>\n<p>Vi vill att hela Lomma kommun ska vara trivsamt och tryggt. Vi \u00f6nskar en medm\u00e4nskligare kommun, d\u00e4r hela Lomma\/Bj\u00e4rred kan blomstra.<\/p>\n<h3><strong>Under mandatperioden<\/strong> 2022-2026 vill Kristdemokraterna verka f\u00f6r<\/h3>\n<p><strong>\u2013 Familj och skola<\/strong>: Vi vill att Lomma\/Bj\u00e4rred har en skola som \u00e4r topp tio i Sverige<br \/>\n\u2013 <strong>Senior och \u00e4ldrev\u00e5rd<\/strong>: Bygg \u00e4ldreboende\/omtankens hus i centrala Bj\u00e4rred med m\u00e5ls\u00e4ttningen &#8221;allt under ett tak&#8221;.<br \/>\n\u2013 <strong>D\u00e4mpad utbyggnadstakt inom kommunen<\/strong>. &#8221;Bj\u00e4rreds v\u00e5ngar&#8221; \u00e4r en del av detta. Vi vill att man fullf\u00f6ljer p\u00e5b\u00f6rjade projekt, men vill i \u00f6vrigt se en konsolidering.<br \/>\n\u2013 <strong>V\u00e4lkomnande attityd<\/strong> f\u00f6r befintliga f\u00f6retag och nyetableringar. utveckla ett &#8221;Alnarp Science Village&#8221;.<br \/>\n\u2013 <strong>S\u00e4nkt kommunalskatt<\/strong> med 0:40kr. Stram uppf\u00f6ljning och effektivisering inom respektive f\u00f6rvaltning.<br \/>\n\u2013 <strong>Satsa resurser<\/strong> p\u00e5 nyanl\u00e4nda p\u00e5 ett aktivt s\u00e4tt och uppmuntra de nyanl\u00e4nda till att bli sj\u00e4lvf\u00f6rs\u00f6rjande. Etableringsst\u00f6d i max 2 \u00e5r.<br \/>\n\u2013 <strong>Verka f\u00f6r bemannad polisstation<\/strong> i Lomma\/Bj\u00e4rred.<\/p>\n<h3><strong>Kristdemokraternas f\u00f6rtroendevalda i Lomma kommun<\/strong><\/h3>\n<p>Se <a href=\"https:\/\/wp.kristdemokraterna.se\/lomma\/fortroendevalda\/\">denna sida<\/a> med f\u00f6rtroendevalda fr\u00e5n KD i kommunen.<\/p>\n<h2>Personerna i KD Lomma\/Bj\u00e4rred<\/h2>\n<p>V\u00e5r partiavdelnings ordf\u00f6rande \u00e4r Martin Uncyk som ocks\u00e5 verkar som v\u00e5r representant i kommunfullm\u00e4ktige.<\/p>\n<p>Se hela styrelsen <a href=\"https:\/\/wp.kristdemokraterna.se\/lomma\/lomma\/avdelningen\/\">h\u00e4r<\/a>, eller <a href=\"https:\/\/wp.kristdemokraterna.se\/lomma\/lomma\/kontakta-oss\/\">kontakta oss<\/a>.<\/p>\n<\/div>\n","protected":false},"excerpt":{"rendered":"<p>V\u00e5rt\u00a0m\u00e5l \u00e4r ett samh\u00e4lle d\u00e4r friheten att forma sitt eget liv g\u00e5r hand i hand med ansvaret f\u00f6r sin medm\u00e4nniska. Vi vill bygga ett samh\u00e4lle som h\u00e5ller samman. Ingen ska h\u00e5llas tillbaka och ingen ska l\u00e4mnas efter. Kristdemokraterna i Lomma\/Bj\u00e4rred \u00e4r del av den v\u00e4rldsomsp\u00e4nnande r\u00f6relse som \u00e4r kristdemokratin.\u00a0Vi \u00e4r ett v\u00e4rdeorienterat borgerligt parti som <a class=\"read-more-link\" href=\"https:\/\/wp.kristdemokraterna.se\/lomma\/\">L\u00e4s mer<\/a><\/p>\n","protected":false},"author":444,"featured_media":0,"parent":0,"menu_order":0,"comment_status":"closed","ping_status":"closed","template":"","meta":{"_acf_changed":false,"footnotes":""},"class_list":["post-17","page","type-page","status-publish","hentry"],"acf":[],"yoast_head":"<!-- This site is optimized with the Yoast SEO plugin v27.4 - https:\/\/yoast.com\/product\/yoast-seo-wordpress\/ -->\n<title>Kristdemokraterna i Lomma\/Bj\u00e4rred - Kristdemokraterna | Lomma<\/title>\n<meta name=\"description\" content=\"Kristdemokraterna i Lomma\/Bj\u00e4rred \u00e4r del av en v\u00e4rldsomsp\u00e4nnande r\u00f6relse, och verkar f\u00f6r att hela Lomma\/Bj\u00e4rred ska fungera och blomstra\" \/>\n<meta name=\"robots\" content=\"index, follow, max-snippet:-1, max-image-preview:large, max-video-preview:-1\" \/>\n<link rel=\"canonical\" href=\"https:\/\/wp.kristdemokraterna.se\/lomma\/\" \/>\n<meta property=\"og:locale\" content=\"sv_SE\" \/>\n<meta property=\"og:type\" content=\"article\" \/>\n<meta property=\"og:title\" content=\"Kristdemokraterna i Lomma\/Bj\u00e4rred - Kristdemokraterna | Lomma\" \/>\n<meta property=\"og:description\" content=\"Kristdemokraterna i Lomma\/Bj\u00e4rred \u00e4r del av en v\u00e4rldsomsp\u00e4nnande r\u00f6relse, och verkar f\u00f6r att hela Lomma\/Bj\u00e4rred ska fungera och blomstra\" \/>\n<meta property=\"og:url\" content=\"https:\/\/wp.kristdemokraterna.se\/lomma\/\" \/>\n<meta property=\"og:site_name\" content=\"Kristdemokraterna | Lomma\" \/>\n<meta property=\"article:modified_time\" content=\"2024-03-22T09:32:14+00:00\" \/>\n<meta name=\"twitter:card\" content=\"summary_large_image\" \/>\n<meta name=\"twitter:label1\" content=\"Ber\u00e4knad l\u00e4stid\" \/>\n\t<meta name=\"twitter:data1\" content=\"2 minuter\" \/>\n<script type=\"application\/ld+json\" class=\"yoast-schema-graph\">{\"@context\":\"https:\\\/\\\/schema.org\",\"@graph\":[{\"@type\":\"WebPage\",\"@id\":\"https:\\\/\\\/wp.kristdemokraterna.se\\\/lomma\\\/\",\"url\":\"https:\\\/\\\/wp.kristdemokraterna.se\\\/lomma\\\/\",\"name\":\"Kristdemokraterna i Lomma\\\/Bj\u00e4rred - Kristdemokraterna | Lomma\",\"isPartOf\":{\"@id\":\"https:\\\/\\\/wp.kristdemokraterna.se\\\/lomma\\\/#website\"},\"datePublished\":\"2012-04-03T13:37:36+00:00\",\"dateModified\":\"2024-03-22T09:32:14+00:00\",\"description\":\"Kristdemokraterna i Lomma\\\/Bj\u00e4rred \u00e4r del av en v\u00e4rldsomsp\u00e4nnande r\u00f6relse, och verkar f\u00f6r att hela Lomma\\\/Bj\u00e4rred ska fungera och blomstra\",\"breadcrumb\":{\"@id\":\"https:\\\/\\\/wp.kristdemokraterna.se\\\/lomma\\\/#breadcrumb\"},\"inLanguage\":\"sv-SE\",\"potentialAction\":[{\"@type\":\"ReadAction\",\"target\":[\"https:\\\/\\\/wp.kristdemokraterna.se\\\/lomma\\\/\"]}]},{\"@type\":\"BreadcrumbList\",\"@id\":\"https:\\\/\\\/wp.kristdemokraterna.se\\\/lomma\\\/#breadcrumb\",\"itemListElement\":[{\"@type\":\"ListItem\",\"position\":1,\"name\":\"Hem\",\"item\":\"https:\\\/\\\/wp.kristdemokraterna.se\\\/lomma\\\/\"},{\"@type\":\"ListItem\",\"position\":2,\"name\":\"Kristdemokraterna i Lomma\\\/Bj\u00e4rred\"}]},{\"@type\":\"WebSite\",\"@id\":\"https:\\\/\\\/wp.kristdemokraterna.se\\\/lomma\\\/#website\",\"url\":\"https:\\\/\\\/wp.kristdemokraterna.se\\\/lomma\\\/\",\"name\":\"Kristdemokraterna | Lomma\",\"description\":\"Vi vill att hela Lomma\\\/Bj\u00e4rred ska frodas\",\"inLanguage\":\"sv-SE\"}]}<\/script>\n<!-- \/ Yoast SEO plugin. -->","yoast_head_json":{"title":"Kristdemokraterna i Lomma\/Bj\u00e4rred - Kristdemokraterna | Lomma","description":"Kristdemokraterna i Lomma\/Bj\u00e4rred \u00e4r del av en v\u00e4rldsomsp\u00e4nnande r\u00f6relse, och verkar f\u00f6r att hela Lomma\/Bj\u00e4rred ska fungera och blomstra","robots":{"index":"index","follow":"follow","max-snippet":"max-snippet:-1","max-image-preview":"max-image-preview:large","max-video-preview":"max-video-preview:-1"},"canonical":"https:\/\/wp.kristdemokraterna.se\/lomma\/","og_locale":"sv_SE","og_type":"article","og_title":"Kristdemokraterna i Lomma\/Bj\u00e4rred - Kristdemokraterna | Lomma","og_description":"Kristdemokraterna i Lomma\/Bj\u00e4rred \u00e4r del av en v\u00e4rldsomsp\u00e4nnande r\u00f6relse, och verkar f\u00f6r att hela Lomma\/Bj\u00e4rred ska fungera och blomstra","og_url":"https:\/\/wp.kristdemokraterna.se\/lomma\/","og_site_name":"Kristdemokraterna | Lomma","article_modified_time":"2024-03-22T09:32:14+00:00","twitter_card":"summary_large_image","twitter_misc":{"Ber\u00e4knad l\u00e4stid":"2 minuter"},"schema":{"@context":"https:\/\/schema.org","@graph":[{"@type":"WebPage","@id":"https:\/\/wp.kristdemokraterna.se\/lomma\/","url":"https:\/\/wp.kristdemokraterna.se\/lomma\/","name":"Kristdemokraterna i Lomma\/Bj\u00e4rred - Kristdemokraterna | Lomma","isPartOf":{"@id":"https:\/\/wp.kristdemokraterna.se\/lomma\/#website"},"datePublished":"2012-04-03T13:37:36+00:00","dateModified":"2024-03-22T09:32:14+00:00","description":"Kristdemokraterna i Lomma\/Bj\u00e4rred \u00e4r del av en v\u00e4rldsomsp\u00e4nnande r\u00f6relse, och verkar f\u00f6r att hela Lomma\/Bj\u00e4rred ska fungera och blomstra","breadcrumb":{"@id":"https:\/\/wp.kristdemokraterna.se\/lomma\/#breadcrumb"},"inLanguage":"sv-SE","potentialAction":[{"@type":"ReadAction","target":["https:\/\/wp.kristdemokraterna.se\/lomma\/"]}]},{"@type":"BreadcrumbList","@id":"https:\/\/wp.kristdemokraterna.se\/lomma\/#breadcrumb","itemListElement":[{"@type":"ListItem","position":1,"name":"Hem","item":"https:\/\/wp.kristdemokraterna.se\/lomma\/"},{"@type":"ListItem","position":2,"name":"Kristdemokraterna i Lomma\/Bj\u00e4rred"}]},{"@type":"WebSite","@id":"https:\/\/wp.kristdemokraterna.se\/lomma\/#website","url":"https:\/\/wp.kristdemokraterna.se\/lomma\/","name":"Kristdemokraterna | Lomma","description":"Vi vill att hela Lomma\/Bj\u00e4rred ska frodas","inLanguage":"sv-SE"}]}},"_links":{"self":[{"href":"https:\/\/wp.kristdemokraterna.se\/lomma\/wp-json\/wp\/v2\/pages\/17","targetHints":{"allow":["GET"]}}],"collection":[{"href":"https:\/\/wp.kristdemokraterna.se\/lomma\/wp-json\/wp\/v2\/pages"}],"about":[{"href":"https:\/\/wp.kristdemokraterna.se\/lomma\/wp-json\/wp\/v2\/types\/page"}],"author":[{"embeddable":true,"href":"https:\/\/wp.kristdemokraterna.se\/lomma\/wp-json\/wp\/v2\/users\/444"}],"replies":[{"embeddable":true,"href":"https:\/\/wp.kristdemokraterna.se\/lomma\/wp-json\/wp\/v2\/comments?post=17"}],"version-history":[{"count":9,"href":"https:\/\/wp.kristdemokraterna.se\/lomma\/wp-json\/wp\/v2\/pages\/17\/revisions"}],"predecessor-version":[{"id":636,"href":"https:\/\/wp.kristdemokraterna.se\/lomma\/wp-json\/wp\/v2\/pages\/17\/revisions\/636"}],"wp:attachment":[{"href":"https:\/\/wp.kristdemokraterna.se\/lomma\/wp-json\/wp\/v2\/media?parent=17"}],"curies":[{"name":"wp","href":"https:\/\/api.w.org\/{rel}","templated":true}]}}