{"id":2184,"date":"2022-01-05T12:16:15","date_gmt":"2022-01-05T11:16:15","guid":{"rendered":"https:\/\/wp.kristdemokraterna.se\/lund\/?page_id=2184"},"modified":"2022-01-05T12:16:15","modified_gmt":"2022-01-05T11:16:15","slug":"dan-backman","status":"publish","type":"page","link":"https:\/\/wp.kristdemokraterna.se\/lund\/dan-backman\/","title":{"rendered":"Dan Backman"},"content":{"rendered":"<div id=\"attachment_2151\" style=\"width: 200px\" class=\"wp-caption alignnone\"><a href=\"http:\/\/wp.kristdemokraterna.se\/lund2\/files\/2022\/01\/dan-backman.jpg\"><img loading=\"lazy\" decoding=\"async\" aria-describedby=\"caption-attachment-2151\" class=\"size-full wp-image-2151\" src=\"http:\/\/wp.kristdemokraterna.se\/lund2\/files\/2022\/01\/dan-backman.jpg\" alt=\"\" width=\"190\" height=\"242\" srcset=\"https:\/\/wp.kristdemokraterna.se\/lund\/files\/2022\/01\/dan-backman.jpg 190w, https:\/\/wp.kristdemokraterna.se\/lund\/files\/2022\/01\/dan-backman-157x200.jpg 157w, https:\/\/wp.kristdemokraterna.se\/lund\/files\/2022\/01\/dan-backman-44x56.jpg 44w\" sizes=\"auto, (max-width: 190px) 100vw, 190px\" \/><\/a><p id=\"caption-attachment-2151\" class=\"wp-caption-text\">Dan Backman<\/p><\/div>\n<p><strong>Tfn: <\/strong><a href=\"tel:073-828 25 87\" target=\"_blank\" rel=\"noopener\">073-828 25 87<\/a><\/p>\n<p>email: <a href=\"mailto:dan.backman@lund.se\">dan.backman@lund.se<\/a><\/p>\n<p style=\"font-weight: 400\">Jag heter Dan Backman och har varit aktiv i KD sen2013. Fick tillf\u00e4lle att var med ett \u00e5r som ers\u00e4ttare i Socialn\u00e4mnden tillsammans med Agneta. Mycket l\u00e4rorikt och trevligt. 2014 och fram till idag har jag en plats i V\u00e5rd och omsorgsn\u00e4mnden som ocks\u00e5 har varit mycket givande.<\/p>\n<ul>\n<li style=\"font-weight: 400\">Jag vill att vi ska satsa p\u00e5 <strong>mellanboende<\/strong>, som skulle betyda mycket f\u00f6r m\u00e5nga \u00e4ldre som beh\u00f6ver service och gemenskap men som inte har behov av kommunens s\u00e4rskilda boende<\/li>\n<li style=\"font-weight: 400\"><strong> Ensamheten<\/strong> \u00e4r stor och jobbig f\u00f6r m\u00e5nga \u00e4ldre. H\u00e4r m\u00e5ste vi skapa nya m\u00f6jligheter till samvaro och gemenskap.<\/li>\n<li style=\"font-weight: 400\">Jag vill satsa p\u00e5 <strong>personalen<\/strong>. En eftersatt arbetsgrupp l\u00f6nem\u00e4ssigt \u00e4r USK och handledare inom LSS som m\u00e5ste f\u00e5 upp sina l\u00f6ner. Efter 3 \u00e5r som USK har man endast 22700:- , det \u00e4r inte acceptabelt.<\/li>\n<\/ul>\n<p><!--more--><\/p>\n","protected":false},"excerpt":{"rendered":"<p>Tfn: 073-828 25 87 email: dan.backman@lund.se Jag heter Dan Backman och har varit aktiv i KD sen2013. Fick tillf\u00e4lle att var med ett \u00e5r som ers\u00e4ttare i Socialn\u00e4mnden tillsammans med Agneta. Mycket l\u00e4rorikt och trevligt. 2014 och fram till idag har jag en plats i V\u00e5rd och omsorgsn\u00e4mnden som ocks\u00e5 har varit mycket givande. Jag <a class=\"read-more-link\" href=\"https:\/\/wp.kristdemokraterna.se\/lund\/dan-backman\/\">L\u00e4s mer<\/a><\/p>\n","protected":false},"author":444,"featured_media":0,"parent":0,"menu_order":19,"comment_status":"closed","ping_status":"closed","template":"","meta":{"_acf_changed":false,"footnotes":""},"class_list":["post-2184","page","type-page","status-publish","hentry"],"acf":[],"yoast_head":"<!-- This site is optimized with the Yoast SEO plugin v27.4 - https:\/\/yoast.com\/product\/yoast-seo-wordpress\/ -->\n<title>Dan Backman - Kristdemokraterna | Lund<\/title>\n<meta name=\"robots\" content=\"index, follow, max-snippet:-1, max-image-preview:large, max-video-preview:-1\" \/>\n<link rel=\"canonical\" href=\"https:\/\/wp.kristdemokraterna.se\/lund\/dan-backman\/\" \/>\n<meta property=\"og:locale\" content=\"sv_SE\" \/>\n<meta property=\"og:type\" content=\"article\" \/>\n<meta property=\"og:title\" content=\"Dan Backman - Kristdemokraterna | Lund\" \/>\n<meta property=\"og:description\" content=\"Tfn: 073-828 25 87 email: dan.backman@lund.se Jag heter Dan Backman och har varit aktiv i KD sen2013. Fick tillf\u00e4lle att var med ett \u00e5r som ers\u00e4ttare i Socialn\u00e4mnden tillsammans med Agneta. Mycket l\u00e4rorikt och trevligt. 2014 och fram till idag har jag en plats i V\u00e5rd och omsorgsn\u00e4mnden som ocks\u00e5 har varit mycket givande. Jag L\u00e4s mer\" \/>\n<meta property=\"og:url\" content=\"https:\/\/wp.kristdemokraterna.se\/lund\/dan-backman\/\" \/>\n<meta property=\"og:site_name\" content=\"Kristdemokraterna | Lund\" \/>\n<meta property=\"og:image\" content=\"http:\/\/wp.kristdemokraterna.se\/lund2\/files\/2022\/01\/dan-backman.jpg\" \/>\n<meta name=\"twitter:card\" content=\"summary_large_image\" \/>\n<meta name=\"twitter:label1\" content=\"Ber\u00e4knad l\u00e4stid\" \/>\n\t<meta name=\"twitter:data1\" content=\"1 minut\" \/>\n<script type=\"application\/ld+json\" class=\"yoast-schema-graph\">{\"@context\":\"https:\\\/\\\/schema.org\",\"@graph\":[{\"@type\":\"WebPage\",\"@id\":\"https:\\\/\\\/wp.kristdemokraterna.se\\\/lund\\\/dan-backman\\\/\",\"url\":\"https:\\\/\\\/wp.kristdemokraterna.se\\\/lund\\\/dan-backman\\\/\",\"name\":\"Dan Backman - Kristdemokraterna | Lund\",\"isPartOf\":{\"@id\":\"https:\\\/\\\/wp.kristdemokraterna.se\\\/lund\\\/#website\"},\"primaryImageOfPage\":{\"@id\":\"https:\\\/\\\/wp.kristdemokraterna.se\\\/lund\\\/dan-backman\\\/#primaryimage\"},\"image\":{\"@id\":\"https:\\\/\\\/wp.kristdemokraterna.se\\\/lund\\\/dan-backman\\\/#primaryimage\"},\"thumbnailUrl\":\"http:\\\/\\\/wp.kristdemokraterna.se\\\/lund2\\\/files\\\/2022\\\/01\\\/dan-backman.jpg\",\"datePublished\":\"2022-01-05T11:16:15+00:00\",\"breadcrumb\":{\"@id\":\"https:\\\/\\\/wp.kristdemokraterna.se\\\/lund\\\/dan-backman\\\/#breadcrumb\"},\"inLanguage\":\"sv-SE\",\"potentialAction\":[{\"@type\":\"ReadAction\",\"target\":[\"https:\\\/\\\/wp.kristdemokraterna.se\\\/lund\\\/dan-backman\\\/\"]}]},{\"@type\":\"ImageObject\",\"inLanguage\":\"sv-SE\",\"@id\":\"https:\\\/\\\/wp.kristdemokraterna.se\\\/lund\\\/dan-backman\\\/#primaryimage\",\"url\":\"http:\\\/\\\/wp.kristdemokraterna.se\\\/lund2\\\/files\\\/2022\\\/01\\\/dan-backman.jpg\",\"contentUrl\":\"http:\\\/\\\/wp.kristdemokraterna.se\\\/lund2\\\/files\\\/2022\\\/01\\\/dan-backman.jpg\"},{\"@type\":\"BreadcrumbList\",\"@id\":\"https:\\\/\\\/wp.kristdemokraterna.se\\\/lund\\\/dan-backman\\\/#breadcrumb\",\"itemListElement\":[{\"@type\":\"ListItem\",\"position\":1,\"name\":\"Hem\",\"item\":\"https:\\\/\\\/wp.kristdemokraterna.se\\\/lund\\\/\"},{\"@type\":\"ListItem\",\"position\":2,\"name\":\"Dan Backman\"}]},{\"@type\":\"WebSite\",\"@id\":\"https:\\\/\\\/wp.kristdemokraterna.se\\\/lund\\\/#website\",\"url\":\"https:\\\/\\\/wp.kristdemokraterna.se\\\/lund\\\/\",\"name\":\"Kristdemokraterna | Lund\",\"description\":\"\",\"inLanguage\":\"sv-SE\"}]}<\/script>\n<!-- \/ Yoast SEO plugin. -->","yoast_head_json":{"title":"Dan Backman - Kristdemokraterna | Lund","robots":{"index":"index","follow":"follow","max-snippet":"max-snippet:-1","max-image-preview":"max-image-preview:large","max-video-preview":"max-video-preview:-1"},"canonical":"https:\/\/wp.kristdemokraterna.se\/lund\/dan-backman\/","og_locale":"sv_SE","og_type":"article","og_title":"Dan Backman - Kristdemokraterna | Lund","og_description":"Tfn: 073-828 25 87 email: dan.backman@lund.se Jag heter Dan Backman och har varit aktiv i KD sen2013. Fick tillf\u00e4lle att var med ett \u00e5r som ers\u00e4ttare i Socialn\u00e4mnden tillsammans med Agneta. Mycket l\u00e4rorikt och trevligt. 2014 och fram till idag har jag en plats i V\u00e5rd och omsorgsn\u00e4mnden som ocks\u00e5 har varit mycket givande. Jag L\u00e4s mer","og_url":"https:\/\/wp.kristdemokraterna.se\/lund\/dan-backman\/","og_site_name":"Kristdemokraterna | Lund","og_image":[{"url":"http:\/\/wp.kristdemokraterna.se\/lund2\/files\/2022\/01\/dan-backman.jpg","type":"","width":"","height":""}],"twitter_card":"summary_large_image","twitter_misc":{"Ber\u00e4knad l\u00e4stid":"1 minut"},"schema":{"@context":"https:\/\/schema.org","@graph":[{"@type":"WebPage","@id":"https:\/\/wp.kristdemokraterna.se\/lund\/dan-backman\/","url":"https:\/\/wp.kristdemokraterna.se\/lund\/dan-backman\/","name":"Dan Backman - Kristdemokraterna | Lund","isPartOf":{"@id":"https:\/\/wp.kristdemokraterna.se\/lund\/#website"},"primaryImageOfPage":{"@id":"https:\/\/wp.kristdemokraterna.se\/lund\/dan-backman\/#primaryimage"},"image":{"@id":"https:\/\/wp.kristdemokraterna.se\/lund\/dan-backman\/#primaryimage"},"thumbnailUrl":"http:\/\/wp.kristdemokraterna.se\/lund2\/files\/2022\/01\/dan-backman.jpg","datePublished":"2022-01-05T11:16:15+00:00","breadcrumb":{"@id":"https:\/\/wp.kristdemokraterna.se\/lund\/dan-backman\/#breadcrumb"},"inLanguage":"sv-SE","potentialAction":[{"@type":"ReadAction","target":["https:\/\/wp.kristdemokraterna.se\/lund\/dan-backman\/"]}]},{"@type":"ImageObject","inLanguage":"sv-SE","@id":"https:\/\/wp.kristdemokraterna.se\/lund\/dan-backman\/#primaryimage","url":"http:\/\/wp.kristdemokraterna.se\/lund2\/files\/2022\/01\/dan-backman.jpg","contentUrl":"http:\/\/wp.kristdemokraterna.se\/lund2\/files\/2022\/01\/dan-backman.jpg"},{"@type":"BreadcrumbList","@id":"https:\/\/wp.kristdemokraterna.se\/lund\/dan-backman\/#breadcrumb","itemListElement":[{"@type":"ListItem","position":1,"name":"Hem","item":"https:\/\/wp.kristdemokraterna.se\/lund\/"},{"@type":"ListItem","position":2,"name":"Dan Backman"}]},{"@type":"WebSite","@id":"https:\/\/wp.kristdemokraterna.se\/lund\/#website","url":"https:\/\/wp.kristdemokraterna.se\/lund\/","name":"Kristdemokraterna | Lund","description":"","inLanguage":"sv-SE"}]}},"_links":{"self":[{"href":"https:\/\/wp.kristdemokraterna.se\/lund\/wp-json\/wp\/v2\/pages\/2184","targetHints":{"allow":["GET"]}}],"collection":[{"href":"https:\/\/wp.kristdemokraterna.se\/lund\/wp-json\/wp\/v2\/pages"}],"about":[{"href":"https:\/\/wp.kristdemokraterna.se\/lund\/wp-json\/wp\/v2\/types\/page"}],"author":[{"embeddable":true,"href":"https:\/\/wp.kristdemokraterna.se\/lund\/wp-json\/wp\/v2\/users\/444"}],"replies":[{"embeddable":true,"href":"https:\/\/wp.kristdemokraterna.se\/lund\/wp-json\/wp\/v2\/comments?post=2184"}],"version-history":[{"count":0,"href":"https:\/\/wp.kristdemokraterna.se\/lund\/wp-json\/wp\/v2\/pages\/2184\/revisions"}],"wp:attachment":[{"href":"https:\/\/wp.kristdemokraterna.se\/lund\/wp-json\/wp\/v2\/media?parent=2184"}],"curies":[{"name":"wp","href":"https:\/\/api.w.org\/{rel}","templated":true}]}}

<div id="attachment_2151" style="width: 200px" class="wp-caption alignnone"><a href="http://wp.kristdemokraterna.se/lund2/files/2022/01/dan-backman.jpg"><img loading="lazy" decoding="async" aria-describedby="caption-attachment-2151" class="size-full wp-image-2151" src="http://wp.kristdemokraterna.se/lund2/files/2022/01/dan-backman.jpg" alt="" width="190" height="242" srcset="https://wp.kristdemokraterna.se/lund/files/2022/01/dan-backman.jpg 190w, https://wp.kristdemokraterna.se/lund/files/2022/01/dan-backman-157x200.jpg 157w, https://wp.kristdemokraterna.se/lund/files/2022/01/dan-backman-44x56.jpg 44w" sizes="auto, (max-width: 190px) 100vw, 190px" /></a><p id="caption-attachment-2151" class="wp-caption-text">Dan Backman</p></div>
<p><strong>Tfn: </strong><a href="tel:073-828 25 87" target="_blank" rel="noopener">073-828 25 87</a></p>
<p>email: <a href="mailto:dan.backman@lund.se">dan.backman@lund.se</a></p>
<p style="font-weight: 400">Jag heter Dan Backman och har varit aktiv i KD sen2013. Fick tillfälle att var med ett år som ersättare i Socialnämnden tillsammans med Agneta. Mycket lärorikt och trevligt. 2014 och fram till idag har jag en plats i Vård och omsorgsnämnden som också har varit mycket givande.</p>
<ul>
<li style="font-weight: 400">Jag vill att vi ska satsa på <strong>mellanboende</strong>, som skulle betyda mycket för många äldre som behöver service och gemenskap men som inte har behov av kommunens särskilda boende</li>
<li style="font-weight: 400"><strong> Ensamheten</strong> är stor och jobbig för många äldre. Här måste vi skapa nya möjligheter till samvaro och gemenskap.</li>
<li style="font-weight: 400">Jag vill satsa på <strong>personalen</strong>. En eftersatt arbetsgrupp lönemässigt är USK och handledare inom LSS som måste få upp sina löner. Efter 3 år som USK har man endast 22700:- , det är inte acceptabelt.</li>
</ul>
<p><!--more--></p>

<p>Tfn: 073-828 25 87 email: dan.backman@lund.se Jag heter Dan Backman och har varit aktiv i KD sen2013. Fick tillfälle att var med ett år som ersättare i Socialnämnden tillsammans med Agneta. Mycket lärorikt och trevligt. 2014 och fram till idag har jag en plats i Vård och omsorgsnämnden som också har varit mycket givande. Jag <a class="read-more-link" href="https://wp.kristdemokraterna.se/lund/dan-backman/">Läs mer</a></p>

<!-- This site is optimized with the Yoast SEO plugin v27.4 - https://yoast.com/product/yoast-seo-wordpress/ -->
<title>Dan Backman - Kristdemokraterna | Lund</title>
<meta name="robots" content="index, follow, max-snippet:-1, max-image-preview:large, max-video-preview:-1" />
<link rel="canonical" href="https://wp.kristdemokraterna.se/lund/dan-backman/" />
<meta property="og:locale" content="sv_SE" />
<meta property="og:type" content="article" />
<meta property="og:title" content="Dan Backman - Kristdemokraterna | Lund" />
<meta property="og:description" content="Tfn: 073-828 25 87 email: dan.backman@lund.se Jag heter Dan Backman och har varit aktiv i KD sen2013. Fick tillfälle att var med ett år som ersättare i Socialnämnden tillsammans med Agneta. Mycket lärorikt och trevligt. 2014 och fram till idag har jag en plats i Vård och omsorgsnämnden som också har varit mycket givande. Jag Läs mer" />
<meta property="og:url" content="https://wp.kristdemokraterna.se/lund/dan-backman/" />
<meta property="og:site_name" content="Kristdemokraterna | Lund" />
<meta property="og:image" content="http://wp.kristdemokraterna.se/lund2/files/2022/01/dan-backman.jpg" />
<meta name="twitter:card" content="summary_large_image" />
<meta name="twitter:label1" content="Beräknad lästid" />
	<meta name="twitter:data1" content="1 minut" />
<script type="application/ld+json" class="yoast-schema-graph">{"@context":"https:\/\/schema.org","@graph":[{"@type":"WebPage","@id":"https:\/\/wp.kristdemokraterna.se\/lund\/dan-backman\/","url":"https:\/\/wp.kristdemokraterna.se\/lund\/dan-backman\/","name":"Dan Backman - Kristdemokraterna | Lund","isPartOf":{"@id":"https:\/\/wp.kristdemokraterna.se\/lund\/#website"},"primaryImageOfPage":{"@id":"https:\/\/wp.kristdemokraterna.se\/lund\/dan-backman\/#primaryimage"},"image":{"@id":"https:\/\/wp.kristdemokraterna.se\/lund\/dan-backman\/#primaryimage"},"thumbnailUrl":"http:\/\/wp.kristdemokraterna.se\/lund2\/files\/2022\/01\/dan-backman.jpg","datePublished":"2022-01-05T11:16:15+00:00","breadcrumb":{"@id":"https:\/\/wp.kristdemokraterna.se\/lund\/dan-backman\/#breadcrumb"},"inLanguage":"sv-SE","potentialAction":[{"@type":"ReadAction","target":["https:\/\/wp.kristdemokraterna.se\/lund\/dan-backman\/"]}]},{"@type":"ImageObject","inLanguage":"sv-SE","@id":"https:\/\/wp.kristdemokraterna.se\/lund\/dan-backman\/#primaryimage","url":"http:\/\/wp.kristdemokraterna.se\/lund2\/files\/2022\/01\/dan-backman.jpg","contentUrl":"http:\/\/wp.kristdemokraterna.se\/lund2\/files\/2022\/01\/dan-backman.jpg"},{"@type":"BreadcrumbList","@id":"https:\/\/wp.kristdemokraterna.se\/lund\/dan-backman\/#breadcrumb","itemListElement":[{"@type":"ListItem","position":1,"name":"Hem","item":"https:\/\/wp.kristdemokraterna.se\/lund\/"},{"@type":"ListItem","position":2,"name":"Dan Backman"}]},{"@type":"WebSite","@id":"https:\/\/wp.kristdemokraterna.se\/lund\/#website","url":"https:\/\/wp.kristdemokraterna.se\/lund\/","name":"Kristdemokraterna | Lund","description":"","inLanguage":"sv-SE"}]}</script>
<!-- / Yoast SEO plugin. -->

Tfn: 073-828 25 87 email: dan.backman@lund.se Jag heter Dan Backman och har varit aktiv i KD sen2013. Fick tillfälle att var med ett år som ersättare i Socialnämnden tillsammans med Agneta. Mycket lärorikt och trevligt. 2014 och fram till idag har jag en plats i Vård och omsorgsnämnden som också har varit mycket givande. Jag Läs mer
