{"id":2935,"date":"2022-07-05T17:32:48","date_gmt":"2022-07-05T15:32:48","guid":{"rendered":"https:\/\/wp.kristdemokraterna.se\/lund\/?page_id=2935"},"modified":"2022-07-05T17:32:48","modified_gmt":"2022-07-05T15:32:48","slug":"aldrevard","status":"publish","type":"page","link":"https:\/\/wp.kristdemokraterna.se\/lund\/aldrevard\/","title":{"rendered":"\u00c4ldreomsorg"},"content":{"rendered":"<h2><\/h2>\n<h2 style=\"text-align: center\"><strong>V\u00e5rd och omsorg<\/strong><\/h2>\n<p>N\u00e5r man pratar om seniorer talar man om m\u00e4nniskor mellan 65 och 105. Man talar inte om 20-65 \u00e5ringar som juniorer, men det \u00e4r ungef\u00e4r lika lite meningsfullt att klumpa ihop den ena gruppen som den andra. Seniorer \u00e4r ett vitt begrepp som inneh\u00e5ller v\u00e4ldigt olika sorters m\u00e4nniskor.\u00a0 M\u00e5nga arbetar b\u00e5de deltid och heltid h\u00f6gt upp i \u00e5ldrarna, andra \u00e4r helt slutk\u00f6rda n\u00e4r pensions\u00e5ldern \u00e4r inne. En hel del fungerar som chauff\u00f6rer, barnpassare och sjukv\u00e5rdare till barnbarn som ska h\u00e4mtas och l\u00e4mnas n\u00e4r f\u00f6r\u00e4ldrarna \u00e4r mitt uppe i yrkeslivet, andra har \u00e4ntligen f\u00e5tt tid att syssla med saker de aldrig tidigare hunnit med. M\u00e5nga reser, g\u00e5r p\u00e5 dans eller gympa, f\u00f6r andra \u00e4r allt en katastrof n\u00e4r yrkeslivet inte l\u00e4ngre finns.\u00a0 Det \u00e4r reservdelarnas tid. H\u00f6ftleder, kn\u00e4leder byts ut i samma takt som hj\u00e4rtklaffar och starroperationer &#8211; allt f\u00f6r att livskvaliteten ska vara i topp s\u00e5 l\u00e4nge som m\u00f6jligt. Vad ska d\u00e5 samh\u00e4llet erbjuda.<\/p>\n<p>Kravet p\u00e5 samh\u00e4llet som kommer fr\u00e5n en stor grupp \u00e4ldre \u00e4r framf\u00f6r allt service, platser att umg\u00e5s p\u00e5, platser f\u00f6r fritidsaktiviteter och tillg\u00e4ngliga transportm\u00f6jligheter. Man efterfr\u00e5gar inte f\u00f6rmyndare som talar om vad man ska dricka till maten, eller n\u00e5got annat som r\u00f6r personlig smak<\/p>\n<p>Det kommer att bli en kulturkrock inom <strong>\u00e4ldrev\u00e5rden<\/strong>. Snart kommer Rock \u00b4n Roll generationen, Beatlesgenerationen. och sedan \u00e4r det dags f\u00f6r punkarna. Det \u00e4r generationer d\u00e4r frihetsbegreppet \u00e4r i topp och en frig\u00f6relse fr\u00e5n\u00a0 f\u00f6rmyndarmentalitet central. \u00c4ldrev\u00e5rden ska pr\u00e4glas av v\u00e4rdighet f\u00f6r den enskilde.<em> Egna val ska vara styrande<\/em>. Gemenskap och n\u00e4rhet \u00e4r grundl\u00e4ggande m\u00e4nskliga behov , och vid bist\u00e5ndsbed\u00f6mning ska sociala och kulturella behov vara lika sj\u00e4lvklara som medicinska behov.<\/p>\n<p>Ett samarbete med frivilligorganisationerna och den kulturella sektorn blir n\u00f6dv\u00e4ndigt f\u00f6r att allas \u00e5lderdom ska bli den b\u00e4sta m\u00f6jliga. <em>Isolering och ensamhet<\/em> n\u00e4r kretsen av n\u00e4rst\u00e5ende och gamla v\u00e4nner blir allt mindre \u00e4r ett problem som vi m\u00e5ste komma till r\u00e4tta med. Ofrivillig ensamhet \u00e4r nedbrytande och sjukdomsframkallande i alla \u00e5ldrar, men f\u00f6r m\u00e5nga \u00e4ldre tillkommer dessutom sorgen vid f\u00f6rlusten av anh\u00f6riga och v\u00e4nner. Det kan ocks\u00e5 vara sv\u00e5rt att fysiskt ta del av det kulturella utbudet. En kulturcheck f\u00f6r \u00e4ldre och hj\u00e4lp att ta sig ut st\u00e5r h\u00f6gt p\u00e5 listan!<\/p>\n<p><span style=\"font-weight: 400\">\u00c4ldreomsorgen ska pr\u00e4glas av trygghet, delaktighet och v\u00e4rdighet med individens behov i centrum.\u00a0 M\u00e4nniskov\u00e4rdet beror inte p\u00e5 \u00e5lder eller den egna f\u00f6rm\u00e5gan. V\u00e5r utg\u00e5ngspunkt \u00e4r att varje person b\u00e4st k\u00e4nner sina egna behov och att m\u00f6jligheten till inflytande och valfrihet d\u00e4rf\u00f6r m\u00e5ste vara stort. N\u00e4rhet och gemenskap \u00e4r grundl\u00e4ggande m\u00e4nskliga behov som det offentliga inte fullt ut kan tillfredsst\u00e4lla. D\u00e4rf\u00f6r m\u00e5ste \u00e4ldreomsorgen m\u00e5na om goda relationer\u00a0 och ett gott samarbete med exempelvis anh\u00f6riga, f\u00f6reningar, kyrkor och andra ideella krafter.\u00a0<\/span><\/p>\n<p><span style=\"font-weight: 400\">Ensamhet och passivitet bland \u00e4ldre \u00e4r tyv\u00e4rr ett utbrett problem. Det finns ocks\u00e5 de personer som inte f\u00e5r den omsorg de beh\u00f6ver och som ett resultat av detta drabbas av exempelvis undern\u00e4ring, men ocks\u00e5 oro och \u00e5ngest.<\/span><\/p>\n<p>&nbsp;<\/p>\n<h4>KRISTDEMOKRATERNA ANSER ATT\u2026<\/h4>\n<ul>\n<li><strong>Vid all bist\u00e5ndsbed\u00f6mning ska v\u00e5rdtagarens sociala och kulturella behov finnas med.<\/strong><\/li>\n<li style=\"font-weight: 400\"><strong>De olika verksamheterna ska s\u00e5 l\u00e5ngt som m\u00f6jligt anpassas f\u00f6r att m\u00f6ta varje persons behov vad g\u00e4ller intressen, spr\u00e5k, livs\u00e5sk\u00e5dning och v\u00e5rdbehov exempelvis genom profileringar och temaboenden.\u00a0<\/strong><\/li>\n<li><strong>Vi vill\u00a0 inf\u00f6ra en \u00e4ldreboendegaranti f\u00f6r den som \u00e4r \u00f6ver 85 \u00e5r\u00a0<\/strong><\/li>\n<li><strong>Det ska finnas god tillg\u00e5ng till trygghetsboenden.\u00a0<\/strong><\/li>\n<li style=\"font-weight: 400\"><strong>Varje person ska kunna v\u00e4lja utf\u00f6rare av hemtj\u00e4nst genom Lagen om valfrihetssystem, LOV.<\/strong><\/li>\n<li style=\"font-weight: 400\"><strong>Efter bist\u00e5ndsbed\u00f6mning ska det vara m\u00f6jligt att v\u00e4lja \u00e4ldreboende.<\/strong><\/li>\n<li><strong>Valfrihet ska ocks\u00e5 efterstr\u00e4vas n\u00e4r det g\u00e4ller andra tj\u00e4nster, s\u00e5 som matleveranser och f\u00e4rdtj\u00e4nst.\u00a0<\/strong><\/li>\n<li><strong>F\u00f6renklad bist\u00e5ndsbed\u00f6mning ska g\u00e4lla personer som fyllt 80 \u00e5r och som \u00f6nskar enklare serviceinsatser, exempelvis st\u00e4dning, handling och social gemenskap.<\/strong><\/li>\n<\/ul>\n<p>&nbsp;<\/p>\n<ul>\n<li style=\"font-weight: 400\"><strong>Ett hemtagningsteam best\u00e5ende av bist\u00e5ndsbed\u00f6mare, fysioterapeuter, arbetsterapeuter och sjuksk\u00f6terskor ska inf\u00f6ras f\u00f6r att g\u00f6ra \u00f6verg\u00e5ngen fr\u00e5n sjukhusv\u00e5rden till det egna boendet tryggare och anpassningen till vardagen b\u00e4ttre.<\/strong><\/li>\n<li style=\"font-weight: 400\"><strong>Kommunen ska ha en medicinskt ansvarig rehabiliterare, MAR, f\u00f6r att snabbt kunna p\u00e5b\u00f6rja rehabilitering efter sjukdom och skada.<\/strong><\/li>\n<li><strong>\u00d6ka personalt\u00e4theten i \u00e4ldreomsorgen.\u00a0<\/strong><\/li>\n<li><strong>F\u00f6rb\u00e4ttra arbetsmilj\u00f6n inom v\u00e5rd och omsor<\/strong><\/li>\n<li style=\"font-weight: 400\"><strong>Administrationsb\u00f6rdan ska dras ned p\u00e5 och fokus ska ligga p\u00e5 den direkta v\u00e5rden<\/strong><\/li>\n<li style=\"font-weight: 400\"><strong>Tillf\u00f6r v\u00e5rdbitr\u00e4den f\u00f6r att underl\u00e4tta v\u00e5rdpersonalens arbete, exempelvis service i form av transport och st\u00e4dning med mera.\u00a0<\/strong><\/li>\n<li style=\"font-weight: 400\"><strong>Antalet hemtj\u00e4nstpersonal per hemtj\u00e4nsttagare ska inte \u00f6verstiga 10 olika personer per 14-dagarsperiod.<\/strong><\/li>\n<li style=\"font-weight: 400\"><strong>Tj\u00e4nster som \u00e4ldresjuksk\u00f6terskor, <i>Silviasystrar<\/i>, eller demenssjuksk\u00f6terskor, ska inr\u00e4ttas som specialkompetens. <\/strong><\/li>\n<li style=\"font-weight: 400\"><strong>Brukarunders\u00f6kningar och kvalitetsuppf\u00f6ljningar ska utf\u00f6ras regelbundet av oberoende konsulter, och redovisas \u00f6ppet och l\u00e4ttf\u00f6rst\u00e5eligt p\u00e5 kommunens hemsida, som st\u00f6d f\u00f6r den \u00e4ldre eller dennes anh\u00f6rige att v\u00e4lja utf\u00f6rare.\u00a0<\/strong><\/li>\n<\/ul>\n<p>&nbsp;<\/p>\n<ul>\n<li style=\"font-weight: 400\"><strong>H\u00f6g kvalit\u00e9t av maten ska garanteras inom \u00e4ldreomsorgen.\u00a0<\/strong><\/li>\n<li style=\"font-weight: 400\"><strong>Kommunen ska ha ett v\u00e4lutvecklat anh\u00f6rigst\u00f6d.<\/strong><\/li>\n<li style=\"font-weight: 400\"><strong>Kommunen ska erbjuda tr\u00e4ffpunkter f\u00f6r \u00e4ldre och samverka med civilsamh\u00e4llet f\u00f6r en variation av aktiviteter<\/strong><\/li>\n<li style=\"font-weight: 400\"><strong>Anv\u00e4ndandet av v\u00e4lf\u00e4rdsteknologi f\u00f6r s\u00e5v\u00e4l brukare och anh\u00f6riga som personal b\u00f6r utvecklas i syfte att \u00f6ka trygghet, aktivitet och delaktighet samt st\u00e4rka integritet och sj\u00e4lvbest\u00e4mmande.\u00a0<\/strong><\/li>\n<li><strong>Dementa ska erbjudas en s\u00e5 kallad GPS-klocka eller liknande f\u00f6r att undvika f\u00f6rsvinnanden.<\/strong><\/li>\n<\/ul>\n<ul>\n<li style=\"font-weight: 400\"><strong>Alla som fyllt 80 \u00e5r ska erbjudas hembes\u00f6k f\u00f6r att f\u00e5 information om kommunens verksamhet och ges m\u00f6jlighet att framf\u00f6ra \u00f6nskem\u00e5l.\u00a0<\/strong><\/li>\n<li style=\"font-weight: 400\"><strong>Ideellt driven och id\u00e9buren v\u00e5rd och omsorg ska ges goda f\u00f6ruts\u00e4ttningar att v\u00e4xa fram och driva verksamhet.\u00a0<\/strong><\/li>\n<\/ul>\n","protected":false},"excerpt":{"rendered":"<p>V\u00e5rd och omsorg N\u00e5r man pratar om seniorer talar man om m\u00e4nniskor mellan 65 och 105. Man talar inte om 20-65 \u00e5ringar som juniorer, men det \u00e4r ungef\u00e4r lika lite meningsfullt att klumpa ihop den ena gruppen som den andra. Seniorer \u00e4r ett vitt begrepp som inneh\u00e5ller v\u00e4ldigt olika sorters m\u00e4nniskor.\u00a0 M\u00e5nga arbetar b\u00e5de deltid <a class=\"read-more-link\" href=\"https:\/\/wp.kristdemokraterna.se\/lund\/aldrevard\/\">L\u00e4s mer<\/a><\/p>\n","protected":false},"author":444,"featured_media":0,"parent":0,"menu_order":0,"comment_status":"closed","ping_status":"closed","template":"","meta":{"_acf_changed":false,"footnotes":""},"class_list":["post-2935","page","type-page","status-publish","hentry"],"acf":[],"yoast_head":"<!-- This site is optimized with the Yoast SEO plugin v27.4 - https:\/\/yoast.com\/product\/yoast-seo-wordpress\/ -->\n<title>\u00c4ldreomsorg - Kristdemokraterna | Lund<\/title>\n<meta name=\"robots\" content=\"index, follow, max-snippet:-1, max-image-preview:large, max-video-preview:-1\" \/>\n<link rel=\"canonical\" href=\"https:\/\/wp.kristdemokraterna.se\/lund\/aldrevard\/\" \/>\n<meta property=\"og:locale\" content=\"sv_SE\" \/>\n<meta property=\"og:type\" content=\"article\" \/>\n<meta property=\"og:title\" content=\"\u00c4ldreomsorg - Kristdemokraterna | Lund\" \/>\n<meta property=\"og:description\" content=\"V\u00e5rd och omsorg N\u00e5r man pratar om seniorer talar man om m\u00e4nniskor mellan 65 och 105. Man talar inte om 20-65 \u00e5ringar som juniorer, men det \u00e4r ungef\u00e4r lika lite meningsfullt att klumpa ihop den ena gruppen som den andra. Seniorer \u00e4r ett vitt begrepp som inneh\u00e5ller v\u00e4ldigt olika sorters m\u00e4nniskor.\u00a0 M\u00e5nga arbetar b\u00e5de deltid L\u00e4s mer\" \/>\n<meta property=\"og:url\" content=\"https:\/\/wp.kristdemokraterna.se\/lund\/aldrevard\/\" \/>\n<meta property=\"og:site_name\" content=\"Kristdemokraterna | Lund\" \/>\n<meta name=\"twitter:card\" content=\"summary_large_image\" \/>\n<meta name=\"twitter:label1\" content=\"Ber\u00e4knad l\u00e4stid\" \/>\n\t<meta name=\"twitter:data1\" content=\"5 minuter\" \/>\n<script type=\"application\/ld+json\" class=\"yoast-schema-graph\">{\"@context\":\"https:\\\/\\\/schema.org\",\"@graph\":[{\"@type\":\"WebPage\",\"@id\":\"https:\\\/\\\/wp.kristdemokraterna.se\\\/lund\\\/aldrevard\\\/\",\"url\":\"https:\\\/\\\/wp.kristdemokraterna.se\\\/lund\\\/aldrevard\\\/\",\"name\":\"\u00c4ldreomsorg - Kristdemokraterna | Lund\",\"isPartOf\":{\"@id\":\"https:\\\/\\\/wp.kristdemokraterna.se\\\/lund\\\/#website\"},\"datePublished\":\"2022-07-05T15:32:48+00:00\",\"breadcrumb\":{\"@id\":\"https:\\\/\\\/wp.kristdemokraterna.se\\\/lund\\\/aldrevard\\\/#breadcrumb\"},\"inLanguage\":\"sv-SE\",\"potentialAction\":[{\"@type\":\"ReadAction\",\"target\":[\"https:\\\/\\\/wp.kristdemokraterna.se\\\/lund\\\/aldrevard\\\/\"]}]},{\"@type\":\"BreadcrumbList\",\"@id\":\"https:\\\/\\\/wp.kristdemokraterna.se\\\/lund\\\/aldrevard\\\/#breadcrumb\",\"itemListElement\":[{\"@type\":\"ListItem\",\"position\":1,\"name\":\"Hem\",\"item\":\"https:\\\/\\\/wp.kristdemokraterna.se\\\/lund\\\/\"},{\"@type\":\"ListItem\",\"position\":2,\"name\":\"\u00c4ldreomsorg\"}]},{\"@type\":\"WebSite\",\"@id\":\"https:\\\/\\\/wp.kristdemokraterna.se\\\/lund\\\/#website\",\"url\":\"https:\\\/\\\/wp.kristdemokraterna.se\\\/lund\\\/\",\"name\":\"Kristdemokraterna | Lund\",\"description\":\"\",\"inLanguage\":\"sv-SE\"}]}<\/script>\n<!-- \/ Yoast SEO plugin. -->","yoast_head_json":{"title":"\u00c4ldreomsorg - Kristdemokraterna | Lund","robots":{"index":"index","follow":"follow","max-snippet":"max-snippet:-1","max-image-preview":"max-image-preview:large","max-video-preview":"max-video-preview:-1"},"canonical":"https:\/\/wp.kristdemokraterna.se\/lund\/aldrevard\/","og_locale":"sv_SE","og_type":"article","og_title":"\u00c4ldreomsorg - Kristdemokraterna | Lund","og_description":"V\u00e5rd och omsorg N\u00e5r man pratar om seniorer talar man om m\u00e4nniskor mellan 65 och 105. Man talar inte om 20-65 \u00e5ringar som juniorer, men det \u00e4r ungef\u00e4r lika lite meningsfullt att klumpa ihop den ena gruppen som den andra. Seniorer \u00e4r ett vitt begrepp som inneh\u00e5ller v\u00e4ldigt olika sorters m\u00e4nniskor.\u00a0 M\u00e5nga arbetar b\u00e5de deltid L\u00e4s mer","og_url":"https:\/\/wp.kristdemokraterna.se\/lund\/aldrevard\/","og_site_name":"Kristdemokraterna | Lund","twitter_card":"summary_large_image","twitter_misc":{"Ber\u00e4knad l\u00e4stid":"5 minuter"},"schema":{"@context":"https:\/\/schema.org","@graph":[{"@type":"WebPage","@id":"https:\/\/wp.kristdemokraterna.se\/lund\/aldrevard\/","url":"https:\/\/wp.kristdemokraterna.se\/lund\/aldrevard\/","name":"\u00c4ldreomsorg - Kristdemokraterna | Lund","isPartOf":{"@id":"https:\/\/wp.kristdemokraterna.se\/lund\/#website"},"datePublished":"2022-07-05T15:32:48+00:00","breadcrumb":{"@id":"https:\/\/wp.kristdemokraterna.se\/lund\/aldrevard\/#breadcrumb"},"inLanguage":"sv-SE","potentialAction":[{"@type":"ReadAction","target":["https:\/\/wp.kristdemokraterna.se\/lund\/aldrevard\/"]}]},{"@type":"BreadcrumbList","@id":"https:\/\/wp.kristdemokraterna.se\/lund\/aldrevard\/#breadcrumb","itemListElement":[{"@type":"ListItem","position":1,"name":"Hem","item":"https:\/\/wp.kristdemokraterna.se\/lund\/"},{"@type":"ListItem","position":2,"name":"\u00c4ldreomsorg"}]},{"@type":"WebSite","@id":"https:\/\/wp.kristdemokraterna.se\/lund\/#website","url":"https:\/\/wp.kristdemokraterna.se\/lund\/","name":"Kristdemokraterna | Lund","description":"","inLanguage":"sv-SE"}]}},"_links":{"self":[{"href":"https:\/\/wp.kristdemokraterna.se\/lund\/wp-json\/wp\/v2\/pages\/2935","targetHints":{"allow":["GET"]}}],"collection":[{"href":"https:\/\/wp.kristdemokraterna.se\/lund\/wp-json\/wp\/v2\/pages"}],"about":[{"href":"https:\/\/wp.kristdemokraterna.se\/lund\/wp-json\/wp\/v2\/types\/page"}],"author":[{"embeddable":true,"href":"https:\/\/wp.kristdemokraterna.se\/lund\/wp-json\/wp\/v2\/users\/444"}],"replies":[{"embeddable":true,"href":"https:\/\/wp.kristdemokraterna.se\/lund\/wp-json\/wp\/v2\/comments?post=2935"}],"version-history":[{"count":0,"href":"https:\/\/wp.kristdemokraterna.se\/lund\/wp-json\/wp\/v2\/pages\/2935\/revisions"}],"wp:attachment":[{"href":"https:\/\/wp.kristdemokraterna.se\/lund\/wp-json\/wp\/v2\/media?parent=2935"}],"curies":[{"name":"wp","href":"https:\/\/api.w.org\/{rel}","templated":true}]}}