{"id":3847,"date":"2024-02-19T18:01:32","date_gmt":"2024-02-19T17:01:32","guid":{"rendered":"https:\/\/wp.kristdemokraterna.se\/lund\/?page_id=3847"},"modified":"2025-03-31T13:06:52","modified_gmt":"2025-03-31T11:06:52","slug":"ordforande-har-ordet-2","status":"publish","type":"page","link":"https:\/\/wp.kristdemokraterna.se\/lund\/textsida-med-vanster-sidebar\/ordforande-har-ordet-2\/","title":{"rendered":"Ordf\u00f6rande har ordet"},"content":{"rendered":"<p>&nbsp;<\/p>\n<p>&nbsp;<\/p>\n<p><a href=\"http:\/\/wp.kristdemokraterna.se\/lund2\/files\/2024\/09\/image0-4-scaled-e1727173235734.jpeg\"><img loading=\"lazy\" decoding=\"async\" class=\"alignnone size-medium wp-image-3995\" src=\"http:\/\/wp.kristdemokraterna.se\/lund2\/files\/2024\/09\/image0-4-scaled-e1727173235734-292x300.jpeg\" alt=\"\" width=\"292\" height=\"300\" srcset=\"https:\/\/wp.kristdemokraterna.se\/lund\/files\/2024\/09\/image0-4-scaled-e1727173235734-292x300.jpeg 292w, https:\/\/wp.kristdemokraterna.se\/lund\/files\/2024\/09\/image0-4-scaled-e1727173235734-995x1024.jpeg 995w, https:\/\/wp.kristdemokraterna.se\/lund\/files\/2024\/09\/image0-4-scaled-e1727173235734-768x790.jpeg 768w, https:\/\/wp.kristdemokraterna.se\/lund\/files\/2024\/09\/image0-4-scaled-e1727173235734-1493x1536.jpeg 1493w, https:\/\/wp.kristdemokraterna.se\/lund\/files\/2024\/09\/image0-4-scaled-e1727173235734-194x200.jpeg 194w, https:\/\/wp.kristdemokraterna.se\/lund\/files\/2024\/09\/image0-4-scaled-e1727173235734-370x381.jpeg 370w, https:\/\/wp.kristdemokraterna.se\/lund\/files\/2024\/09\/image0-4-scaled-e1727173235734-770x792.jpeg 770w, https:\/\/wp.kristdemokraterna.se\/lund\/files\/2024\/09\/image0-4-scaled-e1727173235734-450x463.jpeg 450w, https:\/\/wp.kristdemokraterna.se\/lund\/files\/2024\/09\/image0-4-scaled-e1727173235734-280x288.jpeg 280w, https:\/\/wp.kristdemokraterna.se\/lund\/files\/2024\/09\/image0-4-scaled-e1727173235734-340x350.jpeg 340w, https:\/\/wp.kristdemokraterna.se\/lund\/files\/2024\/09\/image0-4-scaled-e1727173235734-54x56.jpeg 54w, https:\/\/wp.kristdemokraterna.se\/lund\/files\/2024\/09\/image0-4-scaled-e1727173235734.jpeg 1920w\" sizes=\"auto, (max-width: 292px) 100vw, 292px\" \/><\/a><\/p>\n<p>23 september 2024<\/p>\n<p>Sedan ungef\u00e4r en m\u00e5nad tillbaka huserar jag i riksdagen och p\u00e5 politikavdelningen p\u00e5 Kristdemokraternas parti och riksdagskansli. Det \u00e4r en fantastisk arbetsplats. Det myllrar i v\u00e5ra korridorer. Kristdemokraterna levererar i regeringen. Reform efter reform presenteras och jag \u00e4r mycket imponerad \u00f6ver den drivkraft som finns h\u00e4r. Grundade i Kristdemokratin arbetar en stor grupp m\u00e4nniskor f\u00f6r Sveriges b\u00e4sta. Jag \u00e5terv\u00e4nder till Lund vid \u00e5rsskiftet, fylld av nya insikter och erfarenheter.<\/p>\n<p>&nbsp;<\/p>\n<p style=\"text-align: center\">*****<\/p>\n<div id=\"attachment_3866\" style=\"width: 201px\" class=\"wp-caption alignnone\"><a href=\"http:\/\/wp.kristdemokraterna.se\/lund2\/files\/2024\/02\/img-20240127-wa0000-e1742990467793.jpg\"><img loading=\"lazy\" decoding=\"async\" aria-describedby=\"caption-attachment-3866\" class=\"wp-image-3866 size-medium\" src=\"http:\/\/wp.kristdemokraterna.se\/lund2\/files\/2024\/02\/img-20240127-wa0000-e1742990467793-191x300.jpg\" alt=\"\" width=\"191\" height=\"300\" srcset=\"https:\/\/wp.kristdemokraterna.se\/lund\/files\/2024\/02\/img-20240127-wa0000-e1742990467793-191x300.jpg 191w, https:\/\/wp.kristdemokraterna.se\/lund\/files\/2024\/02\/img-20240127-wa0000-e1742990467793-128x200.jpg 128w, https:\/\/wp.kristdemokraterna.se\/lund\/files\/2024\/02\/img-20240127-wa0000-e1742990467793-36x56.jpg 36w, https:\/\/wp.kristdemokraterna.se\/lund\/files\/2024\/02\/img-20240127-wa0000-e1742990467793.jpg 250w\" sizes=\"auto, (max-width: 191px) 100vw, 191px\" \/><\/a><p id=\"caption-attachment-3866\" class=\"wp-caption-text\">Ordf\u00f6rande har ordet!<\/p><\/div>\n<p style=\"text-align: left\">Jag \u00e4r ordf\u00f6rande f\u00f6r Kristdemokraterna i Lund. Det \u00e4r ett f\u00f6rtroende som f\u00f6rpliktigar. Att f\u00e5 vara en del av den kristdemokratiska folkr\u00f6relsen \u00e4r fantastiskt. Att dessutom v\u00e4ljas till ordf\u00f6rande f\u00f6r KD Lund, samma \u00e5r som v\u00e5rt parti firar 60 \u00e5r k\u00e4nns extra roligt.<\/p>\n<p style=\"text-align: left\">Lund \u00e4r en fantastisk stad. H\u00e4r finns n\u00e5got f\u00f6r alla. Jag \u00e4r glad och stolt att vara med och bidra till Lunds utveckling tillsammans med mina fantastiska partikamrater som representerar partiet i kommunens olika n\u00e4mnder. M\u00e4nniskor som p\u00e5 sin fritid l\u00e4ser handlingar, g\u00e5r p\u00e5 sammantr\u00e4den och m\u00f6ten f\u00f6r att vara med och utveckla den staden vi alla \u00e4lskar, och g\u00f6ra den lite mer Kristdemokratisk. Det \u00e4r ni och v\u00e5ra medlemmar som \u00e4r partiets ryggrad.<\/p>\n<p style=\"text-align: left\">Vi lever i en orolig v\u00e4rld. Runt omkring oss ser vi hur demokratin hotas. Putin och hans verklighetsfr\u00e5nv\u00e4nda krig i Ukraina, Donald Trumps potentiella \u00e5terval i USA och de katastrofala f\u00f6ljder det hade inneburit f\u00f6r den europeiska s\u00e4kerhetsordningen. Ja det \u00e4r l\u00e4tt att k\u00e4nna sig bekymrad d\u00e5 och d\u00e5. Och det \u00e4r okej. L\u00e5t oss g\u00f6ra samtal tillsammans. Prata med v\u00e5ra barn och n\u00e4ra och k\u00e4ra. Ett samtal kan k\u00e4nnas sk\u00f6nt f\u00f6r de flesta av oss.<\/p>\n<p style=\"text-align: left\">I dessa oroliga tider \u00e4r det d\u00e4rf\u00f6r extra gl\u00e4djande att f\u00e5 vara en del av lokaldemokratin och dess positiva krafter. Vill du engagera dig i Kristdemokraterna i Lund? H\u00f6r av dig till mig eller n\u00e5gon i styrelsen. Nya m\u00e4nniskor med olika erfarenheter berikar. Jag tackar \u00e5terigen f\u00f6r f\u00f6rtroendet. H\u00e5ll utkik h\u00e4r p\u00e5 hemsidan och v\u00e5ra sociala kanaler f\u00f6r nya inspel och tankar. Med hopp om ett fint 2024,<\/p>\n<p style=\"text-align: left\">Elias Belokosovski Johansson<\/p>\n","protected":false},"excerpt":{"rendered":"<p>&nbsp; &nbsp; 23 september 2024 Sedan ungef\u00e4r en m\u00e5nad tillbaka huserar jag i riksdagen och p\u00e5 politikavdelningen p\u00e5 Kristdemokraternas parti och riksdagskansli. Det \u00e4r en fantastisk arbetsplats. Det myllrar i v\u00e5ra korridorer. Kristdemokraterna levererar i regeringen. Reform efter reform presenteras och jag \u00e4r mycket imponerad \u00f6ver den drivkraft som finns h\u00e4r. Grundade i Kristdemokratin arbetar <a class=\"read-more-link\" href=\"https:\/\/wp.kristdemokraterna.se\/lund\/textsida-med-vanster-sidebar\/ordforande-har-ordet-2\/\">L\u00e4s mer<\/a><\/p>\n","protected":false},"author":444,"featured_media":0,"parent":269,"menu_order":1,"comment_status":"closed","ping_status":"closed","template":"","meta":{"_acf_changed":false,"footnotes":""},"class_list":["post-3847","page","type-page","status-publish","hentry"],"acf":[],"yoast_head":"<!-- This site is optimized with the Yoast SEO plugin v27.4 - https:\/\/yoast.com\/product\/yoast-seo-wordpress\/ -->\n<title>Ordf\u00f6rande har ordet - Kristdemokraterna | Lund<\/title>\n<meta name=\"robots\" content=\"index, follow, max-snippet:-1, max-image-preview:large, max-video-preview:-1\" \/>\n<link rel=\"canonical\" href=\"https:\/\/wp.kristdemokraterna.se\/lund\/textsida-med-vanster-sidebar\/ordforande-har-ordet-2\/\" \/>\n<meta property=\"og:locale\" content=\"sv_SE\" \/>\n<meta property=\"og:type\" content=\"article\" \/>\n<meta property=\"og:title\" content=\"Ordf\u00f6rande har ordet - Kristdemokraterna | Lund\" \/>\n<meta property=\"og:description\" content=\"&nbsp; &nbsp; 23 september 2024 Sedan ungef\u00e4r en m\u00e5nad tillbaka huserar jag i riksdagen och p\u00e5 politikavdelningen p\u00e5 Kristdemokraternas parti och riksdagskansli. Det \u00e4r en fantastisk arbetsplats. Det myllrar i v\u00e5ra korridorer. Kristdemokraterna levererar i regeringen. Reform efter reform presenteras och jag \u00e4r mycket imponerad \u00f6ver den drivkraft som finns h\u00e4r. Grundade i Kristdemokratin arbetar L\u00e4s mer\" \/>\n<meta property=\"og:url\" content=\"https:\/\/wp.kristdemokraterna.se\/lund\/textsida-med-vanster-sidebar\/ordforande-har-ordet-2\/\" \/>\n<meta property=\"og:site_name\" content=\"Kristdemokraterna | Lund\" \/>\n<meta property=\"article:modified_time\" content=\"2025-03-31T11:06:52+00:00\" \/>\n<meta property=\"og:image\" content=\"https:\/\/wp.kristdemokraterna.se\/lund\/files\/2024\/09\/image0-4-scaled-e1727173235734-995x1024.jpeg\" \/>\n\t<meta property=\"og:image:width\" content=\"995\" \/>\n\t<meta property=\"og:image:height\" content=\"1024\" \/>\n\t<meta property=\"og:image:type\" content=\"image\/jpeg\" \/>\n<meta name=\"twitter:card\" content=\"summary_large_image\" \/>\n<meta name=\"twitter:label1\" content=\"Ber\u00e4knad l\u00e4stid\" \/>\n\t<meta name=\"twitter:data1\" content=\"3 minuter\" \/>\n<script type=\"application\/ld+json\" class=\"yoast-schema-graph\">{\"@context\":\"https:\\\/\\\/schema.org\",\"@graph\":[{\"@type\":\"WebPage\",\"@id\":\"https:\\\/\\\/wp.kristdemokraterna.se\\\/lund\\\/textsida-med-vanster-sidebar\\\/ordforande-har-ordet-2\\\/\",\"url\":\"https:\\\/\\\/wp.kristdemokraterna.se\\\/lund\\\/textsida-med-vanster-sidebar\\\/ordforande-har-ordet-2\\\/\",\"name\":\"Ordf\u00f6rande har ordet - Kristdemokraterna | Lund\",\"isPartOf\":{\"@id\":\"https:\\\/\\\/wp.kristdemokraterna.se\\\/lund\\\/#website\"},\"primaryImageOfPage\":{\"@id\":\"https:\\\/\\\/wp.kristdemokraterna.se\\\/lund\\\/textsida-med-vanster-sidebar\\\/ordforande-har-ordet-2\\\/#primaryimage\"},\"image\":{\"@id\":\"https:\\\/\\\/wp.kristdemokraterna.se\\\/lund\\\/textsida-med-vanster-sidebar\\\/ordforande-har-ordet-2\\\/#primaryimage\"},\"thumbnailUrl\":\"http:\\\/\\\/wp.kristdemokraterna.se\\\/lund2\\\/files\\\/2024\\\/09\\\/image0-4-scaled-e1727173235734-292x300.jpeg\",\"datePublished\":\"2024-02-19T17:01:32+00:00\",\"dateModified\":\"2025-03-31T11:06:52+00:00\",\"breadcrumb\":{\"@id\":\"https:\\\/\\\/wp.kristdemokraterna.se\\\/lund\\\/textsida-med-vanster-sidebar\\\/ordforande-har-ordet-2\\\/#breadcrumb\"},\"inLanguage\":\"sv-SE\",\"potentialAction\":[{\"@type\":\"ReadAction\",\"target\":[\"https:\\\/\\\/wp.kristdemokraterna.se\\\/lund\\\/textsida-med-vanster-sidebar\\\/ordforande-har-ordet-2\\\/\"]}]},{\"@type\":\"ImageObject\",\"inLanguage\":\"sv-SE\",\"@id\":\"https:\\\/\\\/wp.kristdemokraterna.se\\\/lund\\\/textsida-med-vanster-sidebar\\\/ordforande-har-ordet-2\\\/#primaryimage\",\"url\":\"https:\\\/\\\/wp.kristdemokraterna.se\\\/lund\\\/files\\\/2024\\\/09\\\/image0-4-scaled-e1727173235734.jpeg\",\"contentUrl\":\"https:\\\/\\\/wp.kristdemokraterna.se\\\/lund\\\/files\\\/2024\\\/09\\\/image0-4-scaled-e1727173235734.jpeg\",\"width\":1920,\"height\":1975},{\"@type\":\"BreadcrumbList\",\"@id\":\"https:\\\/\\\/wp.kristdemokraterna.se\\\/lund\\\/textsida-med-vanster-sidebar\\\/ordforande-har-ordet-2\\\/#breadcrumb\",\"itemListElement\":[{\"@type\":\"ListItem\",\"position\":1,\"name\":\"Hem\",\"item\":\"https:\\\/\\\/wp.kristdemokraterna.se\\\/lund\\\/\"},{\"@type\":\"ListItem\",\"position\":2,\"name\":\"V\u00e5r partiavdelning\",\"item\":\"https:\\\/\\\/wp.kristdemokraterna.se\\\/lund\\\/textsida-med-vanster-sidebar\\\/\"},{\"@type\":\"ListItem\",\"position\":3,\"name\":\"Ordf\u00f6rande har ordet\"}]},{\"@type\":\"WebSite\",\"@id\":\"https:\\\/\\\/wp.kristdemokraterna.se\\\/lund\\\/#website\",\"url\":\"https:\\\/\\\/wp.kristdemokraterna.se\\\/lund\\\/\",\"name\":\"Kristdemokraterna | Lund\",\"description\":\"\",\"inLanguage\":\"sv-SE\"}]}<\/script>\n<!-- \/ Yoast SEO plugin. -->","yoast_head_json":{"title":"Ordf\u00f6rande har ordet - Kristdemokraterna | Lund","robots":{"index":"index","follow":"follow","max-snippet":"max-snippet:-1","max-image-preview":"max-image-preview:large","max-video-preview":"max-video-preview:-1"},"canonical":"https:\/\/wp.kristdemokraterna.se\/lund\/textsida-med-vanster-sidebar\/ordforande-har-ordet-2\/","og_locale":"sv_SE","og_type":"article","og_title":"Ordf\u00f6rande har ordet - Kristdemokraterna | Lund","og_description":"&nbsp; &nbsp; 23 september 2024 Sedan ungef\u00e4r en m\u00e5nad tillbaka huserar jag i riksdagen och p\u00e5 politikavdelningen p\u00e5 Kristdemokraternas parti och riksdagskansli. Det \u00e4r en fantastisk arbetsplats. Det myllrar i v\u00e5ra korridorer. Kristdemokraterna levererar i regeringen. Reform efter reform presenteras och jag \u00e4r mycket imponerad \u00f6ver den drivkraft som finns h\u00e4r. Grundade i Kristdemokratin arbetar L\u00e4s mer","og_url":"https:\/\/wp.kristdemokraterna.se\/lund\/textsida-med-vanster-sidebar\/ordforande-har-ordet-2\/","og_site_name":"Kristdemokraterna | Lund","article_modified_time":"2025-03-31T11:06:52+00:00","og_image":[{"width":995,"height":1024,"url":"https:\/\/wp.kristdemokraterna.se\/lund\/files\/2024\/09\/image0-4-scaled-e1727173235734-995x1024.jpeg","type":"image\/jpeg"}],"twitter_card":"summary_large_image","twitter_misc":{"Ber\u00e4knad l\u00e4stid":"3 minuter"},"schema":{"@context":"https:\/\/schema.org","@graph":[{"@type":"WebPage","@id":"https:\/\/wp.kristdemokraterna.se\/lund\/textsida-med-vanster-sidebar\/ordforande-har-ordet-2\/","url":"https:\/\/wp.kristdemokraterna.se\/lund\/textsida-med-vanster-sidebar\/ordforande-har-ordet-2\/","name":"Ordf\u00f6rande har ordet - Kristdemokraterna | Lund","isPartOf":{"@id":"https:\/\/wp.kristdemokraterna.se\/lund\/#website"},"primaryImageOfPage":{"@id":"https:\/\/wp.kristdemokraterna.se\/lund\/textsida-med-vanster-sidebar\/ordforande-har-ordet-2\/#primaryimage"},"image":{"@id":"https:\/\/wp.kristdemokraterna.se\/lund\/textsida-med-vanster-sidebar\/ordforande-har-ordet-2\/#primaryimage"},"thumbnailUrl":"http:\/\/wp.kristdemokraterna.se\/lund2\/files\/2024\/09\/image0-4-scaled-e1727173235734-292x300.jpeg","datePublished":"2024-02-19T17:01:32+00:00","dateModified":"2025-03-31T11:06:52+00:00","breadcrumb":{"@id":"https:\/\/wp.kristdemokraterna.se\/lund\/textsida-med-vanster-sidebar\/ordforande-har-ordet-2\/#breadcrumb"},"inLanguage":"sv-SE","potentialAction":[{"@type":"ReadAction","target":["https:\/\/wp.kristdemokraterna.se\/lund\/textsida-med-vanster-sidebar\/ordforande-har-ordet-2\/"]}]},{"@type":"ImageObject","inLanguage":"sv-SE","@id":"https:\/\/wp.kristdemokraterna.se\/lund\/textsida-med-vanster-sidebar\/ordforande-har-ordet-2\/#primaryimage","url":"https:\/\/wp.kristdemokraterna.se\/lund\/files\/2024\/09\/image0-4-scaled-e1727173235734.jpeg","contentUrl":"https:\/\/wp.kristdemokraterna.se\/lund\/files\/2024\/09\/image0-4-scaled-e1727173235734.jpeg","width":1920,"height":1975},{"@type":"BreadcrumbList","@id":"https:\/\/wp.kristdemokraterna.se\/lund\/textsida-med-vanster-sidebar\/ordforande-har-ordet-2\/#breadcrumb","itemListElement":[{"@type":"ListItem","position":1,"name":"Hem","item":"https:\/\/wp.kristdemokraterna.se\/lund\/"},{"@type":"ListItem","position":2,"name":"V\u00e5r partiavdelning","item":"https:\/\/wp.kristdemokraterna.se\/lund\/textsida-med-vanster-sidebar\/"},{"@type":"ListItem","position":3,"name":"Ordf\u00f6rande har ordet"}]},{"@type":"WebSite","@id":"https:\/\/wp.kristdemokraterna.se\/lund\/#website","url":"https:\/\/wp.kristdemokraterna.se\/lund\/","name":"Kristdemokraterna | Lund","description":"","inLanguage":"sv-SE"}]}},"_links":{"self":[{"href":"https:\/\/wp.kristdemokraterna.se\/lund\/wp-json\/wp\/v2\/pages\/3847","targetHints":{"allow":["GET"]}}],"collection":[{"href":"https:\/\/wp.kristdemokraterna.se\/lund\/wp-json\/wp\/v2\/pages"}],"about":[{"href":"https:\/\/wp.kristdemokraterna.se\/lund\/wp-json\/wp\/v2\/types\/page"}],"author":[{"embeddable":true,"href":"https:\/\/wp.kristdemokraterna.se\/lund\/wp-json\/wp\/v2\/users\/444"}],"replies":[{"embeddable":true,"href":"https:\/\/wp.kristdemokraterna.se\/lund\/wp-json\/wp\/v2\/comments?post=3847"}],"version-history":[{"count":1,"href":"https:\/\/wp.kristdemokraterna.se\/lund\/wp-json\/wp\/v2\/pages\/3847\/revisions"}],"predecessor-version":[{"id":4460,"href":"https:\/\/wp.kristdemokraterna.se\/lund\/wp-json\/wp\/v2\/pages\/3847\/revisions\/4460"}],"up":[{"embeddable":true,"href":"https:\/\/wp.kristdemokraterna.se\/lund\/wp-json\/wp\/v2\/pages\/269"}],"wp:attachment":[{"href":"https:\/\/wp.kristdemokraterna.se\/lund\/wp-json\/wp\/v2\/media?parent=3847"}],"curies":[{"name":"wp","href":"https:\/\/api.w.org\/{rel}","templated":true}]}}