{"id":269,"date":"2017-11-29T16:48:28","date_gmt":"2017-11-29T15:48:28","guid":{"rendered":"http:\/\/wp.kristdemokraterna.se\/malmo\/?page_id=269"},"modified":"2026-03-07T16:57:50","modified_gmt":"2026-03-07T15:57:50","slug":"textsida-med-vanster-sidebar","status":"publish","type":"page","link":"https:\/\/wp.kristdemokraterna.se\/malmo\/?page_id=269","title":{"rendered":"V\u00e5r partiavdelning"},"content":{"rendered":"<p><strong>Henrik Reimer <\/strong>(Partiavdelningsordf\u00f6rande)<\/p>\n<p><strong>Patrik Ruppel<\/strong> (Vice partiavdelningsordf\u00f6rande)<\/p>\n<p><strong>Patrick Sackner Christensen<\/strong> (Partiavdelningsstyrelse, ledamot &amp; Gruppledare)<\/p>\n<p><strong>Stina Br\u00e4nnstr\u00f6m Johansen<\/strong> (Partiavdelningsstyrelse, ledamot)<\/p>\n<p><strong>Martin Hallander<\/strong> (Partiavdelningsstyrelse, ledamot)<\/p>\n<p><strong>Jacob Andr\u00e9 Havneraas<\/strong> (Partiavdelningsstyrelse, ledamot)<\/p>\n<p><strong>Lars Hector<\/strong> (Partiavdelningsstyrelse, ledamot)<\/p>\n<p><strong>Tina Persson<\/strong> (Partiavdelningsstyrelse, ledamot)<\/p>\n<p><strong>Anna Reimer<\/strong> (Partiavdelningsstyrelse, ledamot)<\/p>\n<p><strong>Roland Wennick<\/strong> (Partiavdelningsstyrelse, ledamot)<\/p>\n<p><strong>Eva Wiman<\/strong> (Partiavdelningsstyrelse, ledamot)<\/p>\n<p><strong>Disa Viljehammar<\/strong> (Partiavdelningsstyrelse, ers\u00e4ttare)<\/p>\n<p><strong>Robin Persson<\/strong> (Partiavdelningsstyrelse, ers\u00e4ttare)<\/p>\n<p><strong>Erik Edlund<\/strong>\u00a0(Partiavdelningsstyrelse, ers\u00e4ttare)<\/p>\n<p><strong>Markus Glennmo<\/strong> (Partiavdelningsstyrelse, ers\u00e4ttare)<\/p>\n<p><strong>Johanna Stj\u00e4rnqvist<\/strong> (Representant KDU Malm\u00f6)<\/p>\n<p><strong>Ingvar Nordh<\/strong> (Representant KD Senior Malm\u00f6)<\/p>\n<p>&nbsp;<\/p>\n","protected":false},"excerpt":{"rendered":"<p>Henrik Reimer (Partiavdelningsordf\u00f6rande) Patrik Ruppel (Vice partiavdelningsordf\u00f6rande) Patrick Sackner Christensen (Partiavdelningsstyrelse, ledamot &amp; Gruppledare) Stina Br\u00e4nnstr\u00f6m Johansen (Partiavdelningsstyrelse, ledamot) Martin Hallander (Partiavdelningsstyrelse, ledamot) Jacob Andr\u00e9 Havneraas (Partiavdelningsstyrelse, ledamot) Lars Hector (Partiavdelningsstyrelse, ledamot) Tina Persson (Partiavdelningsstyrelse, ledamot) Anna Reimer (Partiavdelningsstyrelse, ledamot) Roland Wennick (Partiavdelningsstyrelse, ledamot) Eva Wiman (Partiavdelningsstyrelse, ledamot) Disa Viljehammar (Partiavdelningsstyrelse, ers\u00e4ttare) Robin Persson (Partiavdelningsstyrelse, <a class=\"read-more-link\" href=\"https:\/\/wp.kristdemokraterna.se\/malmo\/?page_id=269\">L\u00e4s mer<\/a><\/p>\n","protected":false},"author":882,"featured_media":0,"parent":0,"menu_order":18,"comment_status":"closed","ping_status":"closed","template":"page.php","meta":{"_acf_changed":false,"footnotes":""},"class_list":["post-269","page","type-page","status-publish","hentry"],"acf":[],"yoast_head":"<!-- This site is optimized with the Yoast SEO plugin v27.5 - https:\/\/yoast.com\/product\/yoast-seo-wordpress\/ -->\n<title>V\u00e5r partiavdelning - Kristdemokraterna | Malm\u00f6<\/title>\n<meta name=\"robots\" content=\"index, follow, max-snippet:-1, max-image-preview:large, max-video-preview:-1\" \/>\n<link rel=\"canonical\" href=\"https:\/\/wp.kristdemokraterna.se\/malmo\/?page_id=269\" \/>\n<meta property=\"og:locale\" content=\"sv_SE\" \/>\n<meta property=\"og:type\" content=\"article\" \/>\n<meta property=\"og:title\" content=\"V\u00e5r partiavdelning - Kristdemokraterna | Malm\u00f6\" \/>\n<meta property=\"og:description\" content=\"Henrik Reimer (Partiavdelningsordf\u00f6rande) Patrik Ruppel (Vice partiavdelningsordf\u00f6rande) Patrick Sackner Christensen (Partiavdelningsstyrelse, ledamot &amp; Gruppledare) Stina Br\u00e4nnstr\u00f6m Johansen (Partiavdelningsstyrelse, ledamot) Martin Hallander (Partiavdelningsstyrelse, ledamot) Jacob Andr\u00e9 Havneraas (Partiavdelningsstyrelse, ledamot) Lars Hector (Partiavdelningsstyrelse, ledamot) Tina Persson (Partiavdelningsstyrelse, ledamot) Anna Reimer (Partiavdelningsstyrelse, ledamot) Roland Wennick (Partiavdelningsstyrelse, ledamot) Eva Wiman (Partiavdelningsstyrelse, ledamot) Disa Viljehammar (Partiavdelningsstyrelse, ers\u00e4ttare) Robin Persson (Partiavdelningsstyrelse, L\u00e4s mer\" \/>\n<meta property=\"og:url\" content=\"https:\/\/wp.kristdemokraterna.se\/malmo\/?page_id=269\" \/>\n<meta property=\"og:site_name\" content=\"Kristdemokraterna | Malm\u00f6\" \/>\n<meta property=\"article:modified_time\" content=\"2026-03-07T15:57:50+00:00\" \/>\n<meta name=\"twitter:card\" content=\"summary_large_image\" \/>\n<meta name=\"twitter:label1\" content=\"Ber\u00e4knad l\u00e4stid\" \/>\n\t<meta name=\"twitter:data1\" content=\"1 minut\" \/>\n<script type=\"application\/ld+json\" class=\"yoast-schema-graph\">{\"@context\":\"https:\\\/\\\/schema.org\",\"@graph\":[{\"@type\":\"WebPage\",\"@id\":\"https:\\\/\\\/wp.kristdemokraterna.se\\\/malmo\\\/?page_id=269\",\"url\":\"https:\\\/\\\/wp.kristdemokraterna.se\\\/malmo\\\/?page_id=269\",\"name\":\"V\u00e5r partiavdelning - Kristdemokraterna | Malm\u00f6\",\"isPartOf\":{\"@id\":\"https:\\\/\\\/wp.kristdemokraterna.se\\\/malmo\\\/#website\"},\"datePublished\":\"2017-11-29T15:48:28+00:00\",\"dateModified\":\"2026-03-07T15:57:50+00:00\",\"breadcrumb\":{\"@id\":\"https:\\\/\\\/wp.kristdemokraterna.se\\\/malmo\\\/?page_id=269#breadcrumb\"},\"inLanguage\":\"sv-SE\",\"potentialAction\":[{\"@type\":\"ReadAction\",\"target\":[\"https:\\\/\\\/wp.kristdemokraterna.se\\\/malmo\\\/?page_id=269\"]}]},{\"@type\":\"BreadcrumbList\",\"@id\":\"https:\\\/\\\/wp.kristdemokraterna.se\\\/malmo\\\/?page_id=269#breadcrumb\",\"itemListElement\":[{\"@type\":\"ListItem\",\"position\":1,\"name\":\"Hem\",\"item\":\"https:\\\/\\\/wp.kristdemokraterna.se\\\/malmo\\\/\"},{\"@type\":\"ListItem\",\"position\":2,\"name\":\"V\u00e5r partiavdelning\"}]},{\"@type\":\"WebSite\",\"@id\":\"https:\\\/\\\/wp.kristdemokraterna.se\\\/malmo\\\/#website\",\"url\":\"https:\\\/\\\/wp.kristdemokraterna.se\\\/malmo\\\/\",\"name\":\"Kristdemokraterna | Malm\u00f6\",\"description\":\"\",\"inLanguage\":\"sv-SE\"}]}<\/script>\n<!-- \/ Yoast SEO plugin. -->","yoast_head_json":{"title":"V\u00e5r partiavdelning - Kristdemokraterna | Malm\u00f6","robots":{"index":"index","follow":"follow","max-snippet":"max-snippet:-1","max-image-preview":"max-image-preview:large","max-video-preview":"max-video-preview:-1"},"canonical":"https:\/\/wp.kristdemokraterna.se\/malmo\/?page_id=269","og_locale":"sv_SE","og_type":"article","og_title":"V\u00e5r partiavdelning - Kristdemokraterna | Malm\u00f6","og_description":"Henrik Reimer (Partiavdelningsordf\u00f6rande) Patrik Ruppel (Vice partiavdelningsordf\u00f6rande) Patrick Sackner Christensen (Partiavdelningsstyrelse, ledamot &amp; Gruppledare) Stina Br\u00e4nnstr\u00f6m Johansen (Partiavdelningsstyrelse, ledamot) Martin Hallander (Partiavdelningsstyrelse, ledamot) Jacob Andr\u00e9 Havneraas (Partiavdelningsstyrelse, ledamot) Lars Hector (Partiavdelningsstyrelse, ledamot) Tina Persson (Partiavdelningsstyrelse, ledamot) Anna Reimer (Partiavdelningsstyrelse, ledamot) Roland Wennick (Partiavdelningsstyrelse, ledamot) Eva Wiman (Partiavdelningsstyrelse, ledamot) Disa Viljehammar (Partiavdelningsstyrelse, ers\u00e4ttare) Robin Persson (Partiavdelningsstyrelse, L\u00e4s mer","og_url":"https:\/\/wp.kristdemokraterna.se\/malmo\/?page_id=269","og_site_name":"Kristdemokraterna | Malm\u00f6","article_modified_time":"2026-03-07T15:57:50+00:00","twitter_card":"summary_large_image","twitter_misc":{"Ber\u00e4knad l\u00e4stid":"1 minut"},"schema":{"@context":"https:\/\/schema.org","@graph":[{"@type":"WebPage","@id":"https:\/\/wp.kristdemokraterna.se\/malmo\/?page_id=269","url":"https:\/\/wp.kristdemokraterna.se\/malmo\/?page_id=269","name":"V\u00e5r partiavdelning - Kristdemokraterna | Malm\u00f6","isPartOf":{"@id":"https:\/\/wp.kristdemokraterna.se\/malmo\/#website"},"datePublished":"2017-11-29T15:48:28+00:00","dateModified":"2026-03-07T15:57:50+00:00","breadcrumb":{"@id":"https:\/\/wp.kristdemokraterna.se\/malmo\/?page_id=269#breadcrumb"},"inLanguage":"sv-SE","potentialAction":[{"@type":"ReadAction","target":["https:\/\/wp.kristdemokraterna.se\/malmo\/?page_id=269"]}]},{"@type":"BreadcrumbList","@id":"https:\/\/wp.kristdemokraterna.se\/malmo\/?page_id=269#breadcrumb","itemListElement":[{"@type":"ListItem","position":1,"name":"Hem","item":"https:\/\/wp.kristdemokraterna.se\/malmo\/"},{"@type":"ListItem","position":2,"name":"V\u00e5r partiavdelning"}]},{"@type":"WebSite","@id":"https:\/\/wp.kristdemokraterna.se\/malmo\/#website","url":"https:\/\/wp.kristdemokraterna.se\/malmo\/","name":"Kristdemokraterna | Malm\u00f6","description":"","inLanguage":"sv-SE"}]}},"_links":{"self":[{"href":"https:\/\/wp.kristdemokraterna.se\/malmo\/index.php?rest_route=\/wp\/v2\/pages\/269","targetHints":{"allow":["GET"]}}],"collection":[{"href":"https:\/\/wp.kristdemokraterna.se\/malmo\/index.php?rest_route=\/wp\/v2\/pages"}],"about":[{"href":"https:\/\/wp.kristdemokraterna.se\/malmo\/index.php?rest_route=\/wp\/v2\/types\/page"}],"author":[{"embeddable":true,"href":"https:\/\/wp.kristdemokraterna.se\/malmo\/index.php?rest_route=\/wp\/v2\/users\/882"}],"replies":[{"embeddable":true,"href":"https:\/\/wp.kristdemokraterna.se\/malmo\/index.php?rest_route=%2Fwp%2Fv2%2Fcomments&post=269"}],"version-history":[{"count":22,"href":"https:\/\/wp.kristdemokraterna.se\/malmo\/index.php?rest_route=\/wp\/v2\/pages\/269\/revisions"}],"predecessor-version":[{"id":5379,"href":"https:\/\/wp.kristdemokraterna.se\/malmo\/index.php?rest_route=\/wp\/v2\/pages\/269\/revisions\/5379"}],"wp:attachment":[{"href":"https:\/\/wp.kristdemokraterna.se\/malmo\/index.php?rest_route=%2Fwp%2Fv2%2Fmedia&parent=269"}],"curies":[{"name":"wp","href":"https:\/\/api.w.org\/{rel}","templated":true}]}}