{"id":1085,"date":"2014-04-05T09:24:14","date_gmt":"2014-04-05T07:24:14","guid":{"rendered":"http:\/\/wp.kristdemokraterna.se\/mjolby\/?page_id=1085"},"modified":"2014-05-23T09:49:47","modified_gmt":"2014-05-23T07:49:47","slug":"eu-portal","status":"publish","type":"page","link":"https:\/\/wp.kristdemokraterna.se\/mjolby\/valet2014\/eu-portal\/","title":{"rendered":"EU-valet 25 maj 2014"},"content":{"rendered":"<p><img loading=\"lazy\" decoding=\"async\" class=\"alignleft size-full wp-image-1090\" src=\"http:\/\/wp.kristdemokraterna.se\/mjolby\/files\/2014\/04\/kd_i_europavalet_580x200.png\" alt=\"kd_i_europavalet_580x200\" width=\"580\" height=\"200\" srcset=\"https:\/\/wp.kristdemokraterna.se\/mjolby\/files\/2014\/04\/kd_i_europavalet_580x200.png 580w, https:\/\/wp.kristdemokraterna.se\/mjolby\/files\/2014\/04\/kd_i_europavalet_580x200-300x103.png 300w, https:\/\/wp.kristdemokraterna.se\/mjolby\/files\/2014\/04\/kd_i_europavalet_580x200-540x186.png 540w, https:\/\/wp.kristdemokraterna.se\/mjolby\/files\/2014\/04\/kd_i_europavalet_580x200-576x198.png 576w, https:\/\/wp.kristdemokraterna.se\/mjolby\/files\/2014\/04\/kd_i_europavalet_580x200-186x64.png 186w\" sizes=\"auto, (max-width: 580px) 100vw, 580px\" \/><br \/>\nEU \u00e4r ett fantastiskt redskap! Tack vare unionen kan vi i dag tackla fr\u00e5gor som \u00e4r f\u00f6r stora f\u00f6r att kunna l\u00f6sas av enskilda l\u00e4nder. D\u00e4rf\u00f6r b\u00f6r vi samarbeta kring gr\u00e4ns\u00f6verskridande utmaningar som m\u00e4nskliga r\u00e4ttigheter, organiserad brottslighet, klimatp\u00e5verkan och f\u00f6rb\u00e4ttrad handel.<\/p>\n<p>N\u00e4r det g\u00e4ller annan politik \u00e4r grundregeln att politiska beslut som regel ska fattas s\u00e5 n\u00e4ra de ber\u00f6rda som m\u00f6jligt.<\/p>\n<p>Vi kristdemokrater s\u00e4ger d\u00e4rf\u00f6r nej till \u00f6kad \u00f6verstatlighet, samtidigt som vi st\u00f6ttar EU-samarbetet och jobbar f\u00f6r ett \u00f6kat EU-f\u00f6rtroende.<\/p>\n<p><strong>&gt;<\/strong> <a href=\"https:\/\/www.kristdemokraterna.se\/VarPolitik\/Politikomraden\/Europasamarbetet\/\" target=\"_blank\">L\u00e4s mer om v\u00e5r Europapolitik<\/a><strong><br \/>\n&gt;<\/strong> <a href=\"https:\/\/www.kristdemokraterna.se\/varaforetradare\/eukandidater\/\" target=\"_blank\">L\u00e4s mer om Lars Adaktusson och v\u00e5ra andra kandidater till Europaparlamentet<\/a><\/p>\n<p><a href=\"http:\/\/www.youtube.com\/watch?v=KlZmy04LyPs\" target=\"_blank\"><img loading=\"lazy\" decoding=\"async\" class=\"alignleft wp-image-1093 size-full\" src=\"http:\/\/wp.kristdemokraterna.se\/mjolby\/files\/2014\/04\/tvreklam_eu_580x200.jpg\" alt=\"tvreklam_EU_580x200\" width=\"580\" height=\"200\" srcset=\"https:\/\/wp.kristdemokraterna.se\/mjolby\/files\/2014\/04\/tvreklam_eu_580x200.jpg 580w, https:\/\/wp.kristdemokraterna.se\/mjolby\/files\/2014\/04\/tvreklam_eu_580x200-300x103.jpg 300w, https:\/\/wp.kristdemokraterna.se\/mjolby\/files\/2014\/04\/tvreklam_eu_580x200-540x186.jpg 540w, https:\/\/wp.kristdemokraterna.se\/mjolby\/files\/2014\/04\/tvreklam_eu_580x200-576x198.jpg 576w, https:\/\/wp.kristdemokraterna.se\/mjolby\/files\/2014\/04\/tvreklam_eu_580x200-186x64.jpg 186w\" sizes=\"auto, (max-width: 580px) 100vw, 580px\" \/><\/a><\/p>\n<p><a href=\"https:\/\/www.kristdemokraterna.se\/PageFiles\/29038\/Tidningen_Europavalet_2014.pdf\" target=\"_blank\"><img loading=\"lazy\" decoding=\"async\" class=\"alignleft wp-image-1097 size-full\" src=\"http:\/\/wp.kristdemokraterna.se\/mjolby\/files\/2014\/04\/europavalet.png\" alt=\"europavalet\" width=\"580\" height=\"165\" srcset=\"https:\/\/wp.kristdemokraterna.se\/mjolby\/files\/2014\/04\/europavalet.png 580w, https:\/\/wp.kristdemokraterna.se\/mjolby\/files\/2014\/04\/europavalet-300x85.png 300w, https:\/\/wp.kristdemokraterna.se\/mjolby\/files\/2014\/04\/europavalet-540x153.png 540w, https:\/\/wp.kristdemokraterna.se\/mjolby\/files\/2014\/04\/europavalet-576x163.png 576w, https:\/\/wp.kristdemokraterna.se\/mjolby\/files\/2014\/04\/europavalet-186x52.png 186w\" sizes=\"auto, (max-width: 580px) 100vw, 580px\" \/><\/a><\/p>\n<p><strong>V\u00e5ra valaffischer<\/strong><br \/>\nDu har s\u00e4kert redan sett dom p\u00e5 stan &#8211; h\u00e4r \u00e4r dom igen &#8211; v\u00e5ra affischer inf\u00f6r EU-valet. <a href=\"https:\/\/www.kristdemokraterna.se\/PageFiles\/29038\/Kristdemokraternas_valaffischer_i_EU-valet.pdf\" target=\"_blank\">Ladda ner alla affischer i PDF-format<\/a>.<br \/>\n<a href=\"https:\/\/www.kristdemokraterna.se\/PageFiles\/29038\/Kristdemokraternas_valaffischer_i_EU-valet.pdf\" target=\"_blank\"><img loading=\"lazy\" decoding=\"async\" class=\"alignleft wp-image-1099 size-full\" src=\"http:\/\/wp.kristdemokraterna.se\/mjolby\/files\/2014\/04\/valaffischer.jpg\" alt=\"valaffischer\" width=\"580\" height=\"316\" srcset=\"https:\/\/wp.kristdemokraterna.se\/mjolby\/files\/2014\/04\/valaffischer.jpg 580w, https:\/\/wp.kristdemokraterna.se\/mjolby\/files\/2014\/04\/valaffischer-300x163.jpg 300w, https:\/\/wp.kristdemokraterna.se\/mjolby\/files\/2014\/04\/valaffischer-540x294.jpg 540w, https:\/\/wp.kristdemokraterna.se\/mjolby\/files\/2014\/04\/valaffischer-576x313.jpg 576w, https:\/\/wp.kristdemokraterna.se\/mjolby\/files\/2014\/04\/valaffischer-186x101.jpg 186w\" sizes=\"auto, (max-width: 580px) 100vw, 580px\" \/><\/a><\/p>\n<p><strong>Ebba k\u00e4mpar f\u00f6r svenska b\u00f6nder<\/strong><br \/>\nV\u00e5r kandidat Ebba Busch Thor tar strid f\u00f6r svenska b\u00f6nder i kampanjen &#8221;Betalt f\u00f6r knorren&#8221;. Se filmen <a href=\"http:\/\/www.youtube.com\/watch?v=YUTbwrvH65Y\" target=\"_blank\">Betalt f\u00f6r knorren<\/a> du ocks\u00e5!<\/p>\n<p>Vad tycker du? Kommentera g\u00e4rna!<br \/>\n#svpol #eupol #busch2eu #r\u00e4ttagendaibryssel #kd14 #euvalet2014 #betaltf\u00f6rknorren<br \/>\n<a href=\"http:\/\/www.youtube.com\/watch?v=YUTbwrvH65Y\" target=\"_blank\"><img loading=\"lazy\" decoding=\"async\" class=\"alignleft wp-image-1102 size-full\" src=\"http:\/\/wp.kristdemokraterna.se\/mjolby\/files\/2014\/04\/betaltforknorren.jpg\" alt=\"betaltforknorren\" width=\"580\" height=\"316\" srcset=\"https:\/\/wp.kristdemokraterna.se\/mjolby\/files\/2014\/04\/betaltforknorren.jpg 580w, https:\/\/wp.kristdemokraterna.se\/mjolby\/files\/2014\/04\/betaltforknorren-300x163.jpg 300w, https:\/\/wp.kristdemokraterna.se\/mjolby\/files\/2014\/04\/betaltforknorren-540x294.jpg 540w, https:\/\/wp.kristdemokraterna.se\/mjolby\/files\/2014\/04\/betaltforknorren-576x313.jpg 576w, https:\/\/wp.kristdemokraterna.se\/mjolby\/files\/2014\/04\/betaltforknorren-186x101.jpg 186w\" sizes=\"auto, (max-width: 580px) 100vw, 580px\" \/><\/a><br \/>\n<em>k\u00e4lla: <a href=\"https:\/\/www.kristdemokraterna.se\/EU-portal\/\" target=\"_blank\">www.kristdemokraterna.se\/EU-portal\/ <\/a><\/em><\/p>\n","protected":false},"excerpt":{"rendered":"<p>EU \u00e4r ett fantastiskt redskap! Tack vare unionen kan vi i dag tackla fr\u00e5gor som \u00e4r f\u00f6r stora f\u00f6r att kunna l\u00f6sas av enskilda l\u00e4nder. D\u00e4rf\u00f6r b\u00f6r vi samarbeta kring gr\u00e4ns\u00f6verskridande utmaningar som m\u00e4nskliga r\u00e4ttigheter, organiserad brottslighet, klimatp\u00e5verkan och f\u00f6rb\u00e4ttrad handel. N\u00e4r det g\u00e4ller annan politik \u00e4r grundregeln att politiska beslut som regel ska fattas <a class=\"read-more-link\" href=\"https:\/\/wp.kristdemokraterna.se\/mjolby\/valet2014\/eu-portal\/\">Read More<\/a><\/p>\n","protected":false},"author":433,"featured_media":0,"parent":1076,"menu_order":0,"comment_status":"closed","ping_status":"closed","template":"","meta":{"_acf_changed":false,"footnotes":""},"class_list":["post-1085","page","type-page","status-publish","hentry"],"acf":[],"yoast_head":"<!-- This site is optimized with the Yoast SEO plugin v27.5 - https:\/\/yoast.com\/product\/yoast-seo-wordpress\/ -->\n<title>EU-valet 25 maj 2014 - Mj\u00f6lby<\/title>\n<meta name=\"robots\" content=\"index, follow, max-snippet:-1, max-image-preview:large, max-video-preview:-1\" \/>\n<link rel=\"canonical\" href=\"https:\/\/wp.kristdemokraterna.se\/mjolby\/valet2014\/eu-portal\/\" \/>\n<meta property=\"og:locale\" content=\"sv_SE\" \/>\n<meta property=\"og:type\" content=\"article\" \/>\n<meta property=\"og:title\" content=\"EU-valet 25 maj 2014 - Mj\u00f6lby\" \/>\n<meta property=\"og:description\" content=\"EU \u00e4r ett fantastiskt redskap! Tack vare unionen kan vi i dag tackla fr\u00e5gor som \u00e4r f\u00f6r stora f\u00f6r att kunna l\u00f6sas av enskilda l\u00e4nder. D\u00e4rf\u00f6r b\u00f6r vi samarbeta kring gr\u00e4ns\u00f6verskridande utmaningar som m\u00e4nskliga r\u00e4ttigheter, organiserad brottslighet, klimatp\u00e5verkan och f\u00f6rb\u00e4ttrad handel. N\u00e4r det g\u00e4ller annan politik \u00e4r grundregeln att politiska beslut som regel ska fattas Read More\" \/>\n<meta property=\"og:url\" content=\"https:\/\/wp.kristdemokraterna.se\/mjolby\/valet2014\/eu-portal\/\" \/>\n<meta property=\"og:site_name\" content=\"Mj\u00f6lby\" \/>\n<meta property=\"article:modified_time\" content=\"2014-05-23T07:49:47+00:00\" \/>\n<meta property=\"og:image\" content=\"http:\/\/wp.kristdemokraterna.se\/mjolby\/files\/2014\/04\/kd_i_europavalet_580x200.png\" \/>\n<meta name=\"twitter:card\" content=\"summary_large_image\" \/>\n<meta name=\"twitter:label1\" content=\"Ber\u00e4knad l\u00e4stid\" \/>\n\t<meta name=\"twitter:data1\" content=\"1 minut\" \/>\n<script type=\"application\/ld+json\" class=\"yoast-schema-graph\">{\"@context\":\"https:\\\/\\\/schema.org\",\"@graph\":[{\"@type\":\"WebPage\",\"@id\":\"https:\\\/\\\/wp.kristdemokraterna.se\\\/mjolby\\\/valet2014\\\/eu-portal\\\/\",\"url\":\"https:\\\/\\\/wp.kristdemokraterna.se\\\/mjolby\\\/valet2014\\\/eu-portal\\\/\",\"name\":\"EU-valet 25 maj 2014 - Mj\u00f6lby\",\"isPartOf\":{\"@id\":\"https:\\\/\\\/wp.kristdemokraterna.se\\\/mjolby\\\/#website\"},\"primaryImageOfPage\":{\"@id\":\"https:\\\/\\\/wp.kristdemokraterna.se\\\/mjolby\\\/valet2014\\\/eu-portal\\\/#primaryimage\"},\"image\":{\"@id\":\"https:\\\/\\\/wp.kristdemokraterna.se\\\/mjolby\\\/valet2014\\\/eu-portal\\\/#primaryimage\"},\"thumbnailUrl\":\"http:\\\/\\\/wp.kristdemokraterna.se\\\/mjolby\\\/files\\\/2014\\\/04\\\/kd_i_europavalet_580x200.png\",\"datePublished\":\"2014-04-05T07:24:14+00:00\",\"dateModified\":\"2014-05-23T07:49:47+00:00\",\"breadcrumb\":{\"@id\":\"https:\\\/\\\/wp.kristdemokraterna.se\\\/mjolby\\\/valet2014\\\/eu-portal\\\/#breadcrumb\"},\"inLanguage\":\"sv-SE\",\"potentialAction\":[{\"@type\":\"ReadAction\",\"target\":[\"https:\\\/\\\/wp.kristdemokraterna.se\\\/mjolby\\\/valet2014\\\/eu-portal\\\/\"]}]},{\"@type\":\"ImageObject\",\"inLanguage\":\"sv-SE\",\"@id\":\"https:\\\/\\\/wp.kristdemokraterna.se\\\/mjolby\\\/valet2014\\\/eu-portal\\\/#primaryimage\",\"url\":\"https:\\\/\\\/wp.kristdemokraterna.se\\\/mjolby\\\/files\\\/2014\\\/04\\\/kd_i_europavalet_580x200.png\",\"contentUrl\":\"https:\\\/\\\/wp.kristdemokraterna.se\\\/mjolby\\\/files\\\/2014\\\/04\\\/kd_i_europavalet_580x200.png\",\"width\":580,\"height\":200},{\"@type\":\"BreadcrumbList\",\"@id\":\"https:\\\/\\\/wp.kristdemokraterna.se\\\/mjolby\\\/valet2014\\\/eu-portal\\\/#breadcrumb\",\"itemListElement\":[{\"@type\":\"ListItem\",\"position\":1,\"name\":\"Hem\",\"item\":\"https:\\\/\\\/wp.kristdemokraterna.se\\\/mjolby\\\/\"},{\"@type\":\"ListItem\",\"position\":2,\"name\":\"Valet 14 sept 2014\",\"item\":\"https:\\\/\\\/wp.kristdemokraterna.se\\\/mjolby\\\/valet2014\\\/\"},{\"@type\":\"ListItem\",\"position\":3,\"name\":\"EU-valet 25 maj 2014\"}]},{\"@type\":\"WebSite\",\"@id\":\"https:\\\/\\\/wp.kristdemokraterna.se\\\/mjolby\\\/#website\",\"url\":\"https:\\\/\\\/wp.kristdemokraterna.se\\\/mjolby\\\/\",\"name\":\"Mj\u00f6lby\",\"description\":\"Kristdemokraterna\",\"inLanguage\":\"sv-SE\"}]}<\/script>\n<!-- \/ Yoast SEO plugin. -->","yoast_head_json":{"title":"EU-valet 25 maj 2014 - Mj\u00f6lby","robots":{"index":"index","follow":"follow","max-snippet":"max-snippet:-1","max-image-preview":"max-image-preview:large","max-video-preview":"max-video-preview:-1"},"canonical":"https:\/\/wp.kristdemokraterna.se\/mjolby\/valet2014\/eu-portal\/","og_locale":"sv_SE","og_type":"article","og_title":"EU-valet 25 maj 2014 - Mj\u00f6lby","og_description":"EU \u00e4r ett fantastiskt redskap! Tack vare unionen kan vi i dag tackla fr\u00e5gor som \u00e4r f\u00f6r stora f\u00f6r att kunna l\u00f6sas av enskilda l\u00e4nder. D\u00e4rf\u00f6r b\u00f6r vi samarbeta kring gr\u00e4ns\u00f6verskridande utmaningar som m\u00e4nskliga r\u00e4ttigheter, organiserad brottslighet, klimatp\u00e5verkan och f\u00f6rb\u00e4ttrad handel. N\u00e4r det g\u00e4ller annan politik \u00e4r grundregeln att politiska beslut som regel ska fattas Read More","og_url":"https:\/\/wp.kristdemokraterna.se\/mjolby\/valet2014\/eu-portal\/","og_site_name":"Mj\u00f6lby","article_modified_time":"2014-05-23T07:49:47+00:00","og_image":[{"url":"http:\/\/wp.kristdemokraterna.se\/mjolby\/files\/2014\/04\/kd_i_europavalet_580x200.png","type":"","width":"","height":""}],"twitter_card":"summary_large_image","twitter_misc":{"Ber\u00e4knad l\u00e4stid":"1 minut"},"schema":{"@context":"https:\/\/schema.org","@graph":[{"@type":"WebPage","@id":"https:\/\/wp.kristdemokraterna.se\/mjolby\/valet2014\/eu-portal\/","url":"https:\/\/wp.kristdemokraterna.se\/mjolby\/valet2014\/eu-portal\/","name":"EU-valet 25 maj 2014 - Mj\u00f6lby","isPartOf":{"@id":"https:\/\/wp.kristdemokraterna.se\/mjolby\/#website"},"primaryImageOfPage":{"@id":"https:\/\/wp.kristdemokraterna.se\/mjolby\/valet2014\/eu-portal\/#primaryimage"},"image":{"@id":"https:\/\/wp.kristdemokraterna.se\/mjolby\/valet2014\/eu-portal\/#primaryimage"},"thumbnailUrl":"http:\/\/wp.kristdemokraterna.se\/mjolby\/files\/2014\/04\/kd_i_europavalet_580x200.png","datePublished":"2014-04-05T07:24:14+00:00","dateModified":"2014-05-23T07:49:47+00:00","breadcrumb":{"@id":"https:\/\/wp.kristdemokraterna.se\/mjolby\/valet2014\/eu-portal\/#breadcrumb"},"inLanguage":"sv-SE","potentialAction":[{"@type":"ReadAction","target":["https:\/\/wp.kristdemokraterna.se\/mjolby\/valet2014\/eu-portal\/"]}]},{"@type":"ImageObject","inLanguage":"sv-SE","@id":"https:\/\/wp.kristdemokraterna.se\/mjolby\/valet2014\/eu-portal\/#primaryimage","url":"https:\/\/wp.kristdemokraterna.se\/mjolby\/files\/2014\/04\/kd_i_europavalet_580x200.png","contentUrl":"https:\/\/wp.kristdemokraterna.se\/mjolby\/files\/2014\/04\/kd_i_europavalet_580x200.png","width":580,"height":200},{"@type":"BreadcrumbList","@id":"https:\/\/wp.kristdemokraterna.se\/mjolby\/valet2014\/eu-portal\/#breadcrumb","itemListElement":[{"@type":"ListItem","position":1,"name":"Hem","item":"https:\/\/wp.kristdemokraterna.se\/mjolby\/"},{"@type":"ListItem","position":2,"name":"Valet 14 sept 2014","item":"https:\/\/wp.kristdemokraterna.se\/mjolby\/valet2014\/"},{"@type":"ListItem","position":3,"name":"EU-valet 25 maj 2014"}]},{"@type":"WebSite","@id":"https:\/\/wp.kristdemokraterna.se\/mjolby\/#website","url":"https:\/\/wp.kristdemokraterna.se\/mjolby\/","name":"Mj\u00f6lby","description":"Kristdemokraterna","inLanguage":"sv-SE"}]}},"_links":{"self":[{"href":"https:\/\/wp.kristdemokraterna.se\/mjolby\/wp-json\/wp\/v2\/pages\/1085","targetHints":{"allow":["GET"]}}],"collection":[{"href":"https:\/\/wp.kristdemokraterna.se\/mjolby\/wp-json\/wp\/v2\/pages"}],"about":[{"href":"https:\/\/wp.kristdemokraterna.se\/mjolby\/wp-json\/wp\/v2\/types\/page"}],"author":[{"embeddable":true,"href":"https:\/\/wp.kristdemokraterna.se\/mjolby\/wp-json\/wp\/v2\/users\/433"}],"replies":[{"embeddable":true,"href":"https:\/\/wp.kristdemokraterna.se\/mjolby\/wp-json\/wp\/v2\/comments?post=1085"}],"version-history":[{"count":15,"href":"https:\/\/wp.kristdemokraterna.se\/mjolby\/wp-json\/wp\/v2\/pages\/1085\/revisions"}],"predecessor-version":[{"id":1105,"href":"https:\/\/wp.kristdemokraterna.se\/mjolby\/wp-json\/wp\/v2\/pages\/1085\/revisions\/1105"}],"up":[{"embeddable":true,"href":"https:\/\/wp.kristdemokraterna.se\/mjolby\/wp-json\/wp\/v2\/pages\/1076"}],"wp:attachment":[{"href":"https:\/\/wp.kristdemokraterna.se\/mjolby\/wp-json\/wp\/v2\/media?parent=1085"}],"curies":[{"name":"wp","href":"https:\/\/api.w.org\/{rel}","templated":true}]}}