{"id":1396,"date":"2016-02-06T22:00:57","date_gmt":"2016-02-06T21:00:57","guid":{"rendered":"http:\/\/wp.kristdemokraterna.se\/mjolby\/?page_id=1396"},"modified":"2018-07-23T18:59:43","modified_gmt":"2018-07-23T16:59:43","slug":"styrelsen-2016-2017","status":"publish","type":"page","link":"https:\/\/wp.kristdemokraterna.se\/mjolby\/kontakta-oss\/styrelsen-2016-2017\/","title":{"rendered":"Styrelsen 2016-2017"},"content":{"rendered":"<p><strong>Valdes in p\u00e5 partiavdelningens \u00e5rsm\u00f6te den 6 februari 2016 f\u00f6r perioden 2016\/2017.<\/strong><\/p>\n<p><strong>Ordf\u00f6rande<\/strong><br \/>\n<a href=\"http:\/\/wp.kristdemokraterna.se\/mjolby\/personligt\/birger-hagstrom\/\">Birger Hagstr\u00f6m<\/a> (<a href=\"http:\/\/www.kristdemokraterna.se\/Kontaktportal\/Kontaktportalsida\/?pId=534\" target=\"_blank\" rel=\"noopener\">&gt;&gt;<\/a>)<br \/>\nTel: 0142-213 32 (hem), 0736-732 285 (mobil)<br \/>\nbirger.hagstrom@kristdemokraterna.se<\/p>\n<p><strong>Vice ordf\u00f6rande<\/strong><br \/>\n<a href=\"http:\/\/wp.kristdemokraterna.se\/mjolby\/personligt\/therese-gustafsson\/\">Therese Gustafsson<\/a> (<a href=\"http:\/\/www.kristdemokraterna.se\/Kontaktportal\/Kontaktportalsida\/?pId=73706\" target=\"_blank\" rel=\"noopener\">&gt;&gt;<\/a>)<br \/>\nTel: 0705-495 191 (mobil)<br \/>\ntherese.gustafsson@kristdemokraterna.se<\/p>\n<p><strong>Ledam\u00f6ter<\/strong><br \/>\n<a href=\"http:\/\/wp.kristdemokraterna.se\/mjolby\/personligt\/tommy-engback\/\">Tommy Engback<\/a> (<a href=\"http:\/\/www.kristdemokraterna.se\/Kontaktportal\/Kontaktportalsida\/?pId=73704\" target=\"_blank\" rel=\"noopener\">&gt;&gt;<\/a>)<br \/>\nTel: 0703-640 690 (mobil)<br \/>\ntmengback@hotmail.com<\/p>\n<p><a href=\"http:\/\/wp.kristdemokraterna.se\/mjolby\/personligt\/gunvor-granso\/\">Gunvor Grans\u00f6<\/a> (<a href=\"http:\/\/www.kristdemokraterna.se\/Kontaktportal\/Kontaktportalsida\/?pId=52760\" target=\"_blank\" rel=\"noopener\">&gt;&gt;<\/a>)<br \/>\nTel: 0142-212 46 (hem)<br \/>\ngunvor.granso@telia.com<\/p>\n<p><a href=\"http:\/\/wp.kristdemokraterna.se\/mjolby\/personligt\/bengt-olof-idmyr\/\">Bengt Olof Idmyr<\/a> (<a href=\"http:\/\/www.kristdemokraterna.se\/Kontaktportal\/Kontaktportalsida\/?pId=20613\" target=\"_blank\" rel=\"noopener\">&gt;&gt;<\/a>)<br \/>\nTel: 0142-407 37 (hem), 0705-515 469 (mobil)<br \/>\ntdlidmyr@telia.com<\/p>\n<p><strong>Ers\u00e4ttare<\/strong><br \/>\n<a href=\"http:\/\/wp.kristdemokraterna.se\/mjolby\/personligt\/isac-gustafsson\/\">Isac Gustafsson<\/a> (<a href=\"https:\/\/www.kristdemokraterna.se\/Kontaktportal\/Kontaktportalsida\/?pId=101078\" target=\"_blank\" rel=\"noopener\">&gt;&gt;<\/a>)<br \/>\nTel: 0760-15 15 25 (mobil)<br \/>\nisacgust@hotmail.com<\/p>\n<p><strong>Kass\u00f6r<\/strong><br \/>\n??<\/p>\n","protected":false},"excerpt":{"rendered":"<p>Valdes in p\u00e5 partiavdelningens \u00e5rsm\u00f6te den 6 februari 2016 f\u00f6r perioden 2016\/2017. Ordf\u00f6rande Birger Hagstr\u00f6m (&gt;&gt;) Tel: 0142-213 32 (hem), 0736-732 285 (mobil) birger.hagstrom@kristdemokraterna.se Vice ordf\u00f6rande Therese Gustafsson (&gt;&gt;) Tel: 0705-495 191 (mobil) therese.gustafsson@kristdemokraterna.se Ledam\u00f6ter Tommy Engback (&gt;&gt;) Tel: 0703-640 690 (mobil) tmengback@hotmail.com Gunvor Grans\u00f6 (&gt;&gt;) Tel: 0142-212 46 (hem) gunvor.granso@telia.com Bengt Olof Idmyr (&gt;&gt;) <a class=\"read-more-link\" href=\"https:\/\/wp.kristdemokraterna.se\/mjolby\/kontakta-oss\/styrelsen-2016-2017\/\">Read More<\/a><\/p>\n","protected":false},"author":433,"featured_media":0,"parent":8,"menu_order":0,"comment_status":"closed","ping_status":"closed","template":"","meta":{"_acf_changed":false,"footnotes":""},"class_list":["post-1396","page","type-page","status-publish","hentry"],"acf":[],"yoast_head":"<!-- This site is optimized with the Yoast SEO plugin v27.3 - https:\/\/yoast.com\/product\/yoast-seo-wordpress\/ -->\n<title>Styrelsen 2016-2017 - Mj\u00f6lby<\/title>\n<meta name=\"robots\" content=\"index, follow, max-snippet:-1, max-image-preview:large, max-video-preview:-1\" \/>\n<link rel=\"canonical\" href=\"https:\/\/wp.kristdemokraterna.se\/mjolby\/kontakta-oss\/styrelsen-2016-2017\/\" \/>\n<meta property=\"og:locale\" content=\"sv_SE\" \/>\n<meta property=\"og:type\" content=\"article\" \/>\n<meta property=\"og:title\" content=\"Styrelsen 2016-2017 - Mj\u00f6lby\" \/>\n<meta property=\"og:description\" content=\"Valdes in p\u00e5 partiavdelningens \u00e5rsm\u00f6te den 6 februari 2016 f\u00f6r perioden 2016\/2017. Ordf\u00f6rande Birger Hagstr\u00f6m (&gt;&gt;) Tel: 0142-213 32 (hem), 0736-732 285 (mobil) birger.hagstrom@kristdemokraterna.se Vice ordf\u00f6rande Therese Gustafsson (&gt;&gt;) Tel: 0705-495 191 (mobil) therese.gustafsson@kristdemokraterna.se Ledam\u00f6ter Tommy Engback (&gt;&gt;) Tel: 0703-640 690 (mobil) tmengback@hotmail.com Gunvor Grans\u00f6 (&gt;&gt;) Tel: 0142-212 46 (hem) gunvor.granso@telia.com Bengt Olof Idmyr (&gt;&gt;) Read More\" \/>\n<meta property=\"og:url\" content=\"https:\/\/wp.kristdemokraterna.se\/mjolby\/kontakta-oss\/styrelsen-2016-2017\/\" \/>\n<meta property=\"og:site_name\" content=\"Mj\u00f6lby\" \/>\n<meta property=\"article:modified_time\" content=\"2018-07-23T16:59:43+00:00\" \/>\n<meta name=\"twitter:card\" content=\"summary_large_image\" \/>\n<script type=\"application\/ld+json\" class=\"yoast-schema-graph\">{\"@context\":\"https:\\\/\\\/schema.org\",\"@graph\":[{\"@type\":\"WebPage\",\"@id\":\"https:\\\/\\\/wp.kristdemokraterna.se\\\/mjolby\\\/kontakta-oss\\\/styrelsen-2016-2017\\\/\",\"url\":\"https:\\\/\\\/wp.kristdemokraterna.se\\\/mjolby\\\/kontakta-oss\\\/styrelsen-2016-2017\\\/\",\"name\":\"Styrelsen 2016-2017 - Mj\u00f6lby\",\"isPartOf\":{\"@id\":\"https:\\\/\\\/wp.kristdemokraterna.se\\\/mjolby\\\/#website\"},\"datePublished\":\"2016-02-06T21:00:57+00:00\",\"dateModified\":\"2018-07-23T16:59:43+00:00\",\"breadcrumb\":{\"@id\":\"https:\\\/\\\/wp.kristdemokraterna.se\\\/mjolby\\\/kontakta-oss\\\/styrelsen-2016-2017\\\/#breadcrumb\"},\"inLanguage\":\"sv-SE\",\"potentialAction\":[{\"@type\":\"ReadAction\",\"target\":[\"https:\\\/\\\/wp.kristdemokraterna.se\\\/mjolby\\\/kontakta-oss\\\/styrelsen-2016-2017\\\/\"]}]},{\"@type\":\"BreadcrumbList\",\"@id\":\"https:\\\/\\\/wp.kristdemokraterna.se\\\/mjolby\\\/kontakta-oss\\\/styrelsen-2016-2017\\\/#breadcrumb\",\"itemListElement\":[{\"@type\":\"ListItem\",\"position\":1,\"name\":\"Hem\",\"item\":\"https:\\\/\\\/wp.kristdemokraterna.se\\\/mjolby\\\/\"},{\"@type\":\"ListItem\",\"position\":2,\"name\":\"Privat: Kontakta oss (2)\",\"item\":\"https:\\\/\\\/wp.kristdemokraterna.se\\\/mjolby\\\/?page_id=8\"},{\"@type\":\"ListItem\",\"position\":3,\"name\":\"Styrelsen 2016-2017\"}]},{\"@type\":\"WebSite\",\"@id\":\"https:\\\/\\\/wp.kristdemokraterna.se\\\/mjolby\\\/#website\",\"url\":\"https:\\\/\\\/wp.kristdemokraterna.se\\\/mjolby\\\/\",\"name\":\"Mj\u00f6lby\",\"description\":\"Kristdemokraterna\",\"inLanguage\":\"sv-SE\"}]}<\/script>\n<!-- \/ Yoast SEO plugin. -->","yoast_head_json":{"title":"Styrelsen 2016-2017 - Mj\u00f6lby","robots":{"index":"index","follow":"follow","max-snippet":"max-snippet:-1","max-image-preview":"max-image-preview:large","max-video-preview":"max-video-preview:-1"},"canonical":"https:\/\/wp.kristdemokraterna.se\/mjolby\/kontakta-oss\/styrelsen-2016-2017\/","og_locale":"sv_SE","og_type":"article","og_title":"Styrelsen 2016-2017 - Mj\u00f6lby","og_description":"Valdes in p\u00e5 partiavdelningens \u00e5rsm\u00f6te den 6 februari 2016 f\u00f6r perioden 2016\/2017. Ordf\u00f6rande Birger Hagstr\u00f6m (&gt;&gt;) Tel: 0142-213 32 (hem), 0736-732 285 (mobil) birger.hagstrom@kristdemokraterna.se Vice ordf\u00f6rande Therese Gustafsson (&gt;&gt;) Tel: 0705-495 191 (mobil) therese.gustafsson@kristdemokraterna.se Ledam\u00f6ter Tommy Engback (&gt;&gt;) Tel: 0703-640 690 (mobil) tmengback@hotmail.com Gunvor Grans\u00f6 (&gt;&gt;) Tel: 0142-212 46 (hem) gunvor.granso@telia.com Bengt Olof Idmyr (&gt;&gt;) Read More","og_url":"https:\/\/wp.kristdemokraterna.se\/mjolby\/kontakta-oss\/styrelsen-2016-2017\/","og_site_name":"Mj\u00f6lby","article_modified_time":"2018-07-23T16:59:43+00:00","twitter_card":"summary_large_image","schema":{"@context":"https:\/\/schema.org","@graph":[{"@type":"WebPage","@id":"https:\/\/wp.kristdemokraterna.se\/mjolby\/kontakta-oss\/styrelsen-2016-2017\/","url":"https:\/\/wp.kristdemokraterna.se\/mjolby\/kontakta-oss\/styrelsen-2016-2017\/","name":"Styrelsen 2016-2017 - Mj\u00f6lby","isPartOf":{"@id":"https:\/\/wp.kristdemokraterna.se\/mjolby\/#website"},"datePublished":"2016-02-06T21:00:57+00:00","dateModified":"2018-07-23T16:59:43+00:00","breadcrumb":{"@id":"https:\/\/wp.kristdemokraterna.se\/mjolby\/kontakta-oss\/styrelsen-2016-2017\/#breadcrumb"},"inLanguage":"sv-SE","potentialAction":[{"@type":"ReadAction","target":["https:\/\/wp.kristdemokraterna.se\/mjolby\/kontakta-oss\/styrelsen-2016-2017\/"]}]},{"@type":"BreadcrumbList","@id":"https:\/\/wp.kristdemokraterna.se\/mjolby\/kontakta-oss\/styrelsen-2016-2017\/#breadcrumb","itemListElement":[{"@type":"ListItem","position":1,"name":"Hem","item":"https:\/\/wp.kristdemokraterna.se\/mjolby\/"},{"@type":"ListItem","position":2,"name":"Privat: Kontakta oss (2)","item":"https:\/\/wp.kristdemokraterna.se\/mjolby\/?page_id=8"},{"@type":"ListItem","position":3,"name":"Styrelsen 2016-2017"}]},{"@type":"WebSite","@id":"https:\/\/wp.kristdemokraterna.se\/mjolby\/#website","url":"https:\/\/wp.kristdemokraterna.se\/mjolby\/","name":"Mj\u00f6lby","description":"Kristdemokraterna","inLanguage":"sv-SE"}]}},"_links":{"self":[{"href":"https:\/\/wp.kristdemokraterna.se\/mjolby\/wp-json\/wp\/v2\/pages\/1396","targetHints":{"allow":["GET"]}}],"collection":[{"href":"https:\/\/wp.kristdemokraterna.se\/mjolby\/wp-json\/wp\/v2\/pages"}],"about":[{"href":"https:\/\/wp.kristdemokraterna.se\/mjolby\/wp-json\/wp\/v2\/types\/page"}],"author":[{"embeddable":true,"href":"https:\/\/wp.kristdemokraterna.se\/mjolby\/wp-json\/wp\/v2\/users\/433"}],"replies":[{"embeddable":true,"href":"https:\/\/wp.kristdemokraterna.se\/mjolby\/wp-json\/wp\/v2\/comments?post=1396"}],"version-history":[{"count":10,"href":"https:\/\/wp.kristdemokraterna.se\/mjolby\/wp-json\/wp\/v2\/pages\/1396\/revisions"}],"predecessor-version":[{"id":1567,"href":"https:\/\/wp.kristdemokraterna.se\/mjolby\/wp-json\/wp\/v2\/pages\/1396\/revisions\/1567"}],"up":[{"embeddable":true,"href":"https:\/\/wp.kristdemokraterna.se\/mjolby\/wp-json\/wp\/v2\/pages\/8"}],"wp:attachment":[{"href":"https:\/\/wp.kristdemokraterna.se\/mjolby\/wp-json\/wp\/v2\/media?parent=1396"}],"curies":[{"name":"wp","href":"https:\/\/api.w.org\/{rel}","templated":true}]}}