{"id":374,"date":"2010-07-03T18:36:08","date_gmt":"2010-07-03T16:36:08","guid":{"rendered":"http:\/\/wp.kristdemokraterna.se\/mjolby\/?page_id=374"},"modified":"2013-10-08T15:42:25","modified_gmt":"2013-10-08T13:42:25","slug":"kultur","status":"publish","type":"page","link":"https:\/\/wp.kristdemokraterna.se\/mjolby\/var-politik\/kultur\/","title":{"rendered":"Kultur"},"content":{"rendered":"<p><strong>Kultur bidrar till det goda livet <\/strong><br \/>\n<em>Kristdemokraterna vill att\u2026 <\/em><\/p>\n<ul>\n<li>biblioteksverksamheten i Mj\u00f6lby kommun utvecklas<\/li>\n<li>den kulturella m\u00e5ngfalden d\u00e4r m\u00e5nga utf\u00f6rare samverkar st\u00f6ttas<\/li>\n<li>barnen har r\u00e4tt att fritt delta i det kulturella och konstn\u00e4rliga utbudet<\/li>\n<li>utbudet inom musik- och kulturskolan stimuleras och utvecklas<\/li>\n<li>kommunen aktivt medverkar i regional och nationell kulturverksamhet<\/li>\n<li>insatserna f\u00f6r kulturmilj\u00f6v\u00e5rd \u00f6kas bl a genom \u00f6kat st\u00f6d till Hembygdsf\u00f6reningarna i kommunen<\/li>\n<li>insatserna f\u00f6r kultur och h\u00e4lsa bland annat genom \u00f6kade kulturaktiviteter p\u00e5 \u00e4ldreboenden st\u00e4rks<\/li>\n<li>studief\u00f6rbundens betydelse f\u00f6r kulturarbetet tas till vara<\/li>\n<\/ul>\n","protected":false},"excerpt":{"rendered":"<p>Kultur bidrar till det goda livet Kristdemokraterna vill att\u2026 biblioteksverksamheten i Mj\u00f6lby kommun utvecklas den kulturella m\u00e5ngfalden d\u00e4r m\u00e5nga utf\u00f6rare samverkar st\u00f6ttas barnen har r\u00e4tt att fritt delta i det kulturella och konstn\u00e4rliga utbudet utbudet inom musik- och kulturskolan stimuleras och utvecklas kommunen aktivt medverkar i regional och nationell kulturverksamhet insatserna f\u00f6r kulturmilj\u00f6v\u00e5rd \u00f6kas bl <a class=\"read-more-link\" href=\"https:\/\/wp.kristdemokraterna.se\/mjolby\/var-politik\/kultur\/\">Read More<\/a><\/p>\n","protected":false},"author":433,"featured_media":0,"parent":206,"menu_order":10,"comment_status":"closed","ping_status":"open","template":"","meta":{"_acf_changed":false,"footnotes":""},"class_list":["post-374","page","type-page","status-publish","hentry"],"acf":[],"yoast_head":"<!-- This site is optimized with the Yoast SEO plugin v27.4 - https:\/\/yoast.com\/product\/yoast-seo-wordpress\/ -->\n<title>Kultur - Mj\u00f6lby<\/title>\n<meta name=\"robots\" content=\"index, follow, max-snippet:-1, max-image-preview:large, max-video-preview:-1\" \/>\n<link rel=\"canonical\" href=\"https:\/\/wp.kristdemokraterna.se\/mjolby\/var-politik\/kultur\/\" \/>\n<meta property=\"og:locale\" content=\"sv_SE\" \/>\n<meta property=\"og:type\" content=\"article\" \/>\n<meta property=\"og:title\" content=\"Kultur - Mj\u00f6lby\" \/>\n<meta property=\"og:description\" content=\"Kultur bidrar till det goda livet Kristdemokraterna vill att\u2026 biblioteksverksamheten i Mj\u00f6lby kommun utvecklas den kulturella m\u00e5ngfalden d\u00e4r m\u00e5nga utf\u00f6rare samverkar st\u00f6ttas barnen har r\u00e4tt att fritt delta i det kulturella och konstn\u00e4rliga utbudet utbudet inom musik- och kulturskolan stimuleras och utvecklas kommunen aktivt medverkar i regional och nationell kulturverksamhet insatserna f\u00f6r kulturmilj\u00f6v\u00e5rd \u00f6kas bl Read More\" \/>\n<meta property=\"og:url\" content=\"https:\/\/wp.kristdemokraterna.se\/mjolby\/var-politik\/kultur\/\" \/>\n<meta property=\"og:site_name\" content=\"Mj\u00f6lby\" \/>\n<meta property=\"article:modified_time\" content=\"2013-10-08T13:42:25+00:00\" \/>\n<meta name=\"twitter:card\" content=\"summary_large_image\" \/>\n<meta name=\"twitter:label1\" content=\"Ber\u00e4knad l\u00e4stid\" \/>\n\t<meta name=\"twitter:data1\" content=\"1 minut\" \/>\n<script type=\"application\/ld+json\" class=\"yoast-schema-graph\">{\"@context\":\"https:\\\/\\\/schema.org\",\"@graph\":[{\"@type\":\"WebPage\",\"@id\":\"https:\\\/\\\/wp.kristdemokraterna.se\\\/mjolby\\\/var-politik\\\/kultur\\\/\",\"url\":\"https:\\\/\\\/wp.kristdemokraterna.se\\\/mjolby\\\/var-politik\\\/kultur\\\/\",\"name\":\"Kultur - Mj\u00f6lby\",\"isPartOf\":{\"@id\":\"https:\\\/\\\/wp.kristdemokraterna.se\\\/mjolby\\\/#website\"},\"datePublished\":\"2010-07-03T16:36:08+00:00\",\"dateModified\":\"2013-10-08T13:42:25+00:00\",\"breadcrumb\":{\"@id\":\"https:\\\/\\\/wp.kristdemokraterna.se\\\/mjolby\\\/var-politik\\\/kultur\\\/#breadcrumb\"},\"inLanguage\":\"sv-SE\",\"potentialAction\":[{\"@type\":\"ReadAction\",\"target\":[\"https:\\\/\\\/wp.kristdemokraterna.se\\\/mjolby\\\/var-politik\\\/kultur\\\/\"]}]},{\"@type\":\"BreadcrumbList\",\"@id\":\"https:\\\/\\\/wp.kristdemokraterna.se\\\/mjolby\\\/var-politik\\\/kultur\\\/#breadcrumb\",\"itemListElement\":[{\"@type\":\"ListItem\",\"position\":1,\"name\":\"Hem\",\"item\":\"https:\\\/\\\/wp.kristdemokraterna.se\\\/mjolby\\\/\"},{\"@type\":\"ListItem\",\"position\":2,\"name\":\"V\u00e5r politik\",\"item\":\"https:\\\/\\\/wp.kristdemokraterna.se\\\/mjolby\\\/var-politik\\\/\"},{\"@type\":\"ListItem\",\"position\":3,\"name\":\"Kultur\"}]},{\"@type\":\"WebSite\",\"@id\":\"https:\\\/\\\/wp.kristdemokraterna.se\\\/mjolby\\\/#website\",\"url\":\"https:\\\/\\\/wp.kristdemokraterna.se\\\/mjolby\\\/\",\"name\":\"Mj\u00f6lby\",\"description\":\"Kristdemokraterna\",\"inLanguage\":\"sv-SE\"}]}<\/script>\n<!-- \/ Yoast SEO plugin. -->","yoast_head_json":{"title":"Kultur - Mj\u00f6lby","robots":{"index":"index","follow":"follow","max-snippet":"max-snippet:-1","max-image-preview":"max-image-preview:large","max-video-preview":"max-video-preview:-1"},"canonical":"https:\/\/wp.kristdemokraterna.se\/mjolby\/var-politik\/kultur\/","og_locale":"sv_SE","og_type":"article","og_title":"Kultur - Mj\u00f6lby","og_description":"Kultur bidrar till det goda livet Kristdemokraterna vill att\u2026 biblioteksverksamheten i Mj\u00f6lby kommun utvecklas den kulturella m\u00e5ngfalden d\u00e4r m\u00e5nga utf\u00f6rare samverkar st\u00f6ttas barnen har r\u00e4tt att fritt delta i det kulturella och konstn\u00e4rliga utbudet utbudet inom musik- och kulturskolan stimuleras och utvecklas kommunen aktivt medverkar i regional och nationell kulturverksamhet insatserna f\u00f6r kulturmilj\u00f6v\u00e5rd \u00f6kas bl Read More","og_url":"https:\/\/wp.kristdemokraterna.se\/mjolby\/var-politik\/kultur\/","og_site_name":"Mj\u00f6lby","article_modified_time":"2013-10-08T13:42:25+00:00","twitter_card":"summary_large_image","twitter_misc":{"Ber\u00e4knad l\u00e4stid":"1 minut"},"schema":{"@context":"https:\/\/schema.org","@graph":[{"@type":"WebPage","@id":"https:\/\/wp.kristdemokraterna.se\/mjolby\/var-politik\/kultur\/","url":"https:\/\/wp.kristdemokraterna.se\/mjolby\/var-politik\/kultur\/","name":"Kultur - Mj\u00f6lby","isPartOf":{"@id":"https:\/\/wp.kristdemokraterna.se\/mjolby\/#website"},"datePublished":"2010-07-03T16:36:08+00:00","dateModified":"2013-10-08T13:42:25+00:00","breadcrumb":{"@id":"https:\/\/wp.kristdemokraterna.se\/mjolby\/var-politik\/kultur\/#breadcrumb"},"inLanguage":"sv-SE","potentialAction":[{"@type":"ReadAction","target":["https:\/\/wp.kristdemokraterna.se\/mjolby\/var-politik\/kultur\/"]}]},{"@type":"BreadcrumbList","@id":"https:\/\/wp.kristdemokraterna.se\/mjolby\/var-politik\/kultur\/#breadcrumb","itemListElement":[{"@type":"ListItem","position":1,"name":"Hem","item":"https:\/\/wp.kristdemokraterna.se\/mjolby\/"},{"@type":"ListItem","position":2,"name":"V\u00e5r politik","item":"https:\/\/wp.kristdemokraterna.se\/mjolby\/var-politik\/"},{"@type":"ListItem","position":3,"name":"Kultur"}]},{"@type":"WebSite","@id":"https:\/\/wp.kristdemokraterna.se\/mjolby\/#website","url":"https:\/\/wp.kristdemokraterna.se\/mjolby\/","name":"Mj\u00f6lby","description":"Kristdemokraterna","inLanguage":"sv-SE"}]}},"_links":{"self":[{"href":"https:\/\/wp.kristdemokraterna.se\/mjolby\/wp-json\/wp\/v2\/pages\/374","targetHints":{"allow":["GET"]}}],"collection":[{"href":"https:\/\/wp.kristdemokraterna.se\/mjolby\/wp-json\/wp\/v2\/pages"}],"about":[{"href":"https:\/\/wp.kristdemokraterna.se\/mjolby\/wp-json\/wp\/v2\/types\/page"}],"author":[{"embeddable":true,"href":"https:\/\/wp.kristdemokraterna.se\/mjolby\/wp-json\/wp\/v2\/users\/433"}],"replies":[{"embeddable":true,"href":"https:\/\/wp.kristdemokraterna.se\/mjolby\/wp-json\/wp\/v2\/comments?post=374"}],"version-history":[{"count":2,"href":"https:\/\/wp.kristdemokraterna.se\/mjolby\/wp-json\/wp\/v2\/pages\/374\/revisions"}],"predecessor-version":[{"id":376,"href":"https:\/\/wp.kristdemokraterna.se\/mjolby\/wp-json\/wp\/v2\/pages\/374\/revisions\/376"}],"up":[{"embeddable":true,"href":"https:\/\/wp.kristdemokraterna.se\/mjolby\/wp-json\/wp\/v2\/pages\/206"}],"wp:attachment":[{"href":"https:\/\/wp.kristdemokraterna.se\/mjolby\/wp-json\/wp\/v2\/media?parent=374"}],"curies":[{"name":"wp","href":"https:\/\/api.w.org\/{rel}","templated":true}]}}