{"id":389,"date":"2010-07-03T18:32:54","date_gmt":"2010-07-03T16:32:54","guid":{"rendered":"http:\/\/wp.kristdemokraterna.se\/mjolby\/?page_id=389"},"modified":"2013-10-03T16:34:50","modified_gmt":"2013-10-03T14:34:50","slug":"trygghet-och-stadsplanering","status":"publish","type":"page","link":"https:\/\/wp.kristdemokraterna.se\/mjolby\/var-politik\/trygghet-och-stadsplanering\/","title":{"rendered":"Trygghet och stadsplanering"},"content":{"rendered":"<p><strong>En kommun med trygghet och god stadsplanering<\/strong><br \/>\n<em>Kristdemokraterna vill att\u2026<\/em><\/p>\n<ul>\n<li>kulturbyggnader bevaras vid planering<\/li>\n<li>\u201dtrygghetsbeskrivningar\u201d uppr\u00e4ttas i samband med stadsplanering<\/li>\n<li>en policy f\u00f6r hur och var \u00f6vervakningskameror ska f\u00e5 finnas<\/li>\n<li>verka f\u00f6r \u00f6kad samverkan med polisen<\/li>\n<li>verka f\u00f6r \u00f6kad n\u00e4rvaro av polisen i Mj\u00f6lby<\/li>\n<li>det ska finnas ett brett utbud av uppl\u00e5telseformer f\u00f6r det egna boendet<\/li>\n<li>st\u00f6rre delaktighet ges f\u00f6r medborgarna i hela planprocessen<\/li>\n<li>det ska finnas en handelspolicy f\u00f6r hur etablering av handelscentra ska formas<\/li>\n<li>vidta \u00e5tg\u00e4rder f\u00f6r att g\u00f6ra kollektivtrafiksresandet mer attraktivt<\/li>\n<li>v\u00e4lf\u00e4rdsbokslut anv\u00e4nds som en metod f\u00f6r uppf\u00f6ljning av kommunens verksamheter<\/li>\n<li>kulturellt intressanta bebyggelsemilj\u00f6er v\u00e4rnas och bevaras f\u00f6r framtida generationer<\/li>\n<li>all nybyggnation m\u00e5ste anpassas efter den kringliggande bebyggelsemilj\u00f6n<\/li>\n<li>segregation i v\u00e5ra bostadsomr\u00e5den ska f\u00f6rebyggas med en genomt\u00e4nkt stadsplanering<\/li>\n<\/ul>\n","protected":false},"excerpt":{"rendered":"<p>En kommun med trygghet och god stadsplanering Kristdemokraterna vill att\u2026 kulturbyggnader bevaras vid planering \u201dtrygghetsbeskrivningar\u201d uppr\u00e4ttas i samband med stadsplanering en policy f\u00f6r hur och var \u00f6vervakningskameror ska f\u00e5 finnas verka f\u00f6r \u00f6kad samverkan med polisen verka f\u00f6r \u00f6kad n\u00e4rvaro av polisen i Mj\u00f6lby det ska finnas ett brett utbud av uppl\u00e5telseformer f\u00f6r det egna <a class=\"read-more-link\" href=\"https:\/\/wp.kristdemokraterna.se\/mjolby\/var-politik\/trygghet-och-stadsplanering\/\">Read More<\/a><\/p>\n","protected":false},"author":433,"featured_media":0,"parent":206,"menu_order":12,"comment_status":"closed","ping_status":"open","template":"","meta":{"_acf_changed":false,"footnotes":""},"class_list":["post-389","page","type-page","status-publish","hentry"],"acf":[],"yoast_head":"<!-- This site is optimized with the Yoast SEO plugin v27.3 - https:\/\/yoast.com\/product\/yoast-seo-wordpress\/ -->\n<title>Trygghet och stadsplanering - Mj\u00f6lby<\/title>\n<meta name=\"robots\" content=\"index, follow, max-snippet:-1, max-image-preview:large, max-video-preview:-1\" \/>\n<link rel=\"canonical\" href=\"https:\/\/wp.kristdemokraterna.se\/mjolby\/var-politik\/trygghet-och-stadsplanering\/\" \/>\n<meta property=\"og:locale\" content=\"sv_SE\" \/>\n<meta property=\"og:type\" content=\"article\" \/>\n<meta property=\"og:title\" content=\"Trygghet och stadsplanering - Mj\u00f6lby\" \/>\n<meta property=\"og:description\" content=\"En kommun med trygghet och god stadsplanering Kristdemokraterna vill att\u2026 kulturbyggnader bevaras vid planering \u201dtrygghetsbeskrivningar\u201d uppr\u00e4ttas i samband med stadsplanering en policy f\u00f6r hur och var \u00f6vervakningskameror ska f\u00e5 finnas verka f\u00f6r \u00f6kad samverkan med polisen verka f\u00f6r \u00f6kad n\u00e4rvaro av polisen i Mj\u00f6lby det ska finnas ett brett utbud av uppl\u00e5telseformer f\u00f6r det egna Read More\" \/>\n<meta property=\"og:url\" content=\"https:\/\/wp.kristdemokraterna.se\/mjolby\/var-politik\/trygghet-och-stadsplanering\/\" \/>\n<meta property=\"og:site_name\" content=\"Mj\u00f6lby\" \/>\n<meta property=\"article:modified_time\" content=\"2013-10-03T14:34:50+00:00\" \/>\n<meta name=\"twitter:card\" content=\"summary_large_image\" \/>\n<meta name=\"twitter:label1\" content=\"Ber\u00e4knad l\u00e4stid\" \/>\n\t<meta name=\"twitter:data1\" content=\"1 minut\" \/>\n<script type=\"application\/ld+json\" class=\"yoast-schema-graph\">{\"@context\":\"https:\\\/\\\/schema.org\",\"@graph\":[{\"@type\":\"WebPage\",\"@id\":\"https:\\\/\\\/wp.kristdemokraterna.se\\\/mjolby\\\/var-politik\\\/trygghet-och-stadsplanering\\\/\",\"url\":\"https:\\\/\\\/wp.kristdemokraterna.se\\\/mjolby\\\/var-politik\\\/trygghet-och-stadsplanering\\\/\",\"name\":\"Trygghet och stadsplanering - Mj\u00f6lby\",\"isPartOf\":{\"@id\":\"https:\\\/\\\/wp.kristdemokraterna.se\\\/mjolby\\\/#website\"},\"datePublished\":\"2010-07-03T16:32:54+00:00\",\"dateModified\":\"2013-10-03T14:34:50+00:00\",\"breadcrumb\":{\"@id\":\"https:\\\/\\\/wp.kristdemokraterna.se\\\/mjolby\\\/var-politik\\\/trygghet-och-stadsplanering\\\/#breadcrumb\"},\"inLanguage\":\"sv-SE\",\"potentialAction\":[{\"@type\":\"ReadAction\",\"target\":[\"https:\\\/\\\/wp.kristdemokraterna.se\\\/mjolby\\\/var-politik\\\/trygghet-och-stadsplanering\\\/\"]}]},{\"@type\":\"BreadcrumbList\",\"@id\":\"https:\\\/\\\/wp.kristdemokraterna.se\\\/mjolby\\\/var-politik\\\/trygghet-och-stadsplanering\\\/#breadcrumb\",\"itemListElement\":[{\"@type\":\"ListItem\",\"position\":1,\"name\":\"Hem\",\"item\":\"https:\\\/\\\/wp.kristdemokraterna.se\\\/mjolby\\\/\"},{\"@type\":\"ListItem\",\"position\":2,\"name\":\"V\u00e5r politik\",\"item\":\"https:\\\/\\\/wp.kristdemokraterna.se\\\/mjolby\\\/var-politik\\\/\"},{\"@type\":\"ListItem\",\"position\":3,\"name\":\"Trygghet och stadsplanering\"}]},{\"@type\":\"WebSite\",\"@id\":\"https:\\\/\\\/wp.kristdemokraterna.se\\\/mjolby\\\/#website\",\"url\":\"https:\\\/\\\/wp.kristdemokraterna.se\\\/mjolby\\\/\",\"name\":\"Mj\u00f6lby\",\"description\":\"Kristdemokraterna\",\"inLanguage\":\"sv-SE\"}]}<\/script>\n<!-- \/ Yoast SEO plugin. -->","yoast_head_json":{"title":"Trygghet och stadsplanering - Mj\u00f6lby","robots":{"index":"index","follow":"follow","max-snippet":"max-snippet:-1","max-image-preview":"max-image-preview:large","max-video-preview":"max-video-preview:-1"},"canonical":"https:\/\/wp.kristdemokraterna.se\/mjolby\/var-politik\/trygghet-och-stadsplanering\/","og_locale":"sv_SE","og_type":"article","og_title":"Trygghet och stadsplanering - Mj\u00f6lby","og_description":"En kommun med trygghet och god stadsplanering Kristdemokraterna vill att\u2026 kulturbyggnader bevaras vid planering \u201dtrygghetsbeskrivningar\u201d uppr\u00e4ttas i samband med stadsplanering en policy f\u00f6r hur och var \u00f6vervakningskameror ska f\u00e5 finnas verka f\u00f6r \u00f6kad samverkan med polisen verka f\u00f6r \u00f6kad n\u00e4rvaro av polisen i Mj\u00f6lby det ska finnas ett brett utbud av uppl\u00e5telseformer f\u00f6r det egna Read More","og_url":"https:\/\/wp.kristdemokraterna.se\/mjolby\/var-politik\/trygghet-och-stadsplanering\/","og_site_name":"Mj\u00f6lby","article_modified_time":"2013-10-03T14:34:50+00:00","twitter_card":"summary_large_image","twitter_misc":{"Ber\u00e4knad l\u00e4stid":"1 minut"},"schema":{"@context":"https:\/\/schema.org","@graph":[{"@type":"WebPage","@id":"https:\/\/wp.kristdemokraterna.se\/mjolby\/var-politik\/trygghet-och-stadsplanering\/","url":"https:\/\/wp.kristdemokraterna.se\/mjolby\/var-politik\/trygghet-och-stadsplanering\/","name":"Trygghet och stadsplanering - Mj\u00f6lby","isPartOf":{"@id":"https:\/\/wp.kristdemokraterna.se\/mjolby\/#website"},"datePublished":"2010-07-03T16:32:54+00:00","dateModified":"2013-10-03T14:34:50+00:00","breadcrumb":{"@id":"https:\/\/wp.kristdemokraterna.se\/mjolby\/var-politik\/trygghet-och-stadsplanering\/#breadcrumb"},"inLanguage":"sv-SE","potentialAction":[{"@type":"ReadAction","target":["https:\/\/wp.kristdemokraterna.se\/mjolby\/var-politik\/trygghet-och-stadsplanering\/"]}]},{"@type":"BreadcrumbList","@id":"https:\/\/wp.kristdemokraterna.se\/mjolby\/var-politik\/trygghet-och-stadsplanering\/#breadcrumb","itemListElement":[{"@type":"ListItem","position":1,"name":"Hem","item":"https:\/\/wp.kristdemokraterna.se\/mjolby\/"},{"@type":"ListItem","position":2,"name":"V\u00e5r politik","item":"https:\/\/wp.kristdemokraterna.se\/mjolby\/var-politik\/"},{"@type":"ListItem","position":3,"name":"Trygghet och stadsplanering"}]},{"@type":"WebSite","@id":"https:\/\/wp.kristdemokraterna.se\/mjolby\/#website","url":"https:\/\/wp.kristdemokraterna.se\/mjolby\/","name":"Mj\u00f6lby","description":"Kristdemokraterna","inLanguage":"sv-SE"}]}},"_links":{"self":[{"href":"https:\/\/wp.kristdemokraterna.se\/mjolby\/wp-json\/wp\/v2\/pages\/389","targetHints":{"allow":["GET"]}}],"collection":[{"href":"https:\/\/wp.kristdemokraterna.se\/mjolby\/wp-json\/wp\/v2\/pages"}],"about":[{"href":"https:\/\/wp.kristdemokraterna.se\/mjolby\/wp-json\/wp\/v2\/types\/page"}],"author":[{"embeddable":true,"href":"https:\/\/wp.kristdemokraterna.se\/mjolby\/wp-json\/wp\/v2\/users\/433"}],"replies":[{"embeddable":true,"href":"https:\/\/wp.kristdemokraterna.se\/mjolby\/wp-json\/wp\/v2\/comments?post=389"}],"version-history":[{"count":5,"href":"https:\/\/wp.kristdemokraterna.se\/mjolby\/wp-json\/wp\/v2\/pages\/389\/revisions"}],"predecessor-version":[{"id":394,"href":"https:\/\/wp.kristdemokraterna.se\/mjolby\/wp-json\/wp\/v2\/pages\/389\/revisions\/394"}],"up":[{"embeddable":true,"href":"https:\/\/wp.kristdemokraterna.se\/mjolby\/wp-json\/wp\/v2\/pages\/206"}],"wp:attachment":[{"href":"https:\/\/wp.kristdemokraterna.se\/mjolby\/wp-json\/wp\/v2\/media?parent=389"}],"curies":[{"name":"wp","href":"https:\/\/api.w.org\/{rel}","templated":true}]}}