{"id":446,"date":"2010-07-06T17:00:56","date_gmt":"2010-07-06T15:00:56","guid":{"rendered":"http:\/\/wp.kristdemokraterna.se\/mjolby\/?page_id=446"},"modified":"2013-10-07T17:13:16","modified_gmt":"2013-10-07T15:13:16","slug":"valet2010","status":"publish","type":"page","link":"https:\/\/wp.kristdemokraterna.se\/mjolby\/valet2010\/","title":{"rendered":"Valet 2010"},"content":{"rendered":"<p><a title=\"L\u00e5t familjerna sj\u00e4lva best\u00e4mma!\" href=\"http:\/\/wp.kristdemokraterna.se\/mjolby\/valet2010\/lat-familjerna-sjalva-bestamma\/\">L\u00e5t familjerna sj\u00e4lva best\u00e4mma!<\/a><br \/>\n<a title=\"N\u00e4ringslivet \u2013 kommunens livsnerv\" href=\"http:\/\/wp.kristdemokraterna.se\/mjolby\/valet2010\/naringslivet-kommunens-livsnerv\/\">N\u00e4ringslivet \u2013 kommunens livsnerv <\/a><br \/>\n<a title=\"Respekt f\u00f6r de \u00e4ldre\" href=\"http:\/\/wp.kristdemokraterna.se\/mjolby\/valet2010\/respekt-for-de-aldre\/\">Respekt f\u00f6r de \u00e4ldre <\/a><br \/>\n<a title=\"Ekologiskt h\u00e5llbar utveckling f\u00f6r Mj\u00f6lby\" href=\"http:\/\/wp.kristdemokraterna.se\/mjolby\/valet2010\/ekologiskt-hallbar-utveckling-for-mjolby\/\">Ekologiskt h\u00e5llbar utveckling f\u00f6r Mj\u00f6lby<\/a><\/p>\n","protected":false},"excerpt":{"rendered":"<p>L\u00e5t familjerna sj\u00e4lva best\u00e4mma! N\u00e4ringslivet \u2013 kommunens livsnerv Respekt f\u00f6r de \u00e4ldre Ekologiskt h\u00e5llbar utveckling f\u00f6r Mj\u00f6lby<\/p>\n","protected":false},"author":433,"featured_media":0,"parent":0,"menu_order":0,"comment_status":"closed","ping_status":"open","template":"","meta":{"_acf_changed":false,"footnotes":""},"class_list":["post-446","page","type-page","status-publish","hentry"],"acf":[],"yoast_head":"<!-- This site is optimized with the Yoast SEO plugin v27.4 - https:\/\/yoast.com\/product\/yoast-seo-wordpress\/ -->\n<title>Valet 2010 - Mj\u00f6lby<\/title>\n<meta name=\"robots\" content=\"index, follow, max-snippet:-1, max-image-preview:large, max-video-preview:-1\" \/>\n<link rel=\"canonical\" href=\"https:\/\/wp.kristdemokraterna.se\/mjolby\/valet2010\/\" \/>\n<meta property=\"og:locale\" content=\"sv_SE\" \/>\n<meta property=\"og:type\" content=\"article\" \/>\n<meta property=\"og:title\" content=\"Valet 2010 - Mj\u00f6lby\" \/>\n<meta property=\"og:description\" content=\"L\u00e5t familjerna sj\u00e4lva best\u00e4mma! N\u00e4ringslivet \u2013 kommunens livsnerv Respekt f\u00f6r de \u00e4ldre Ekologiskt h\u00e5llbar utveckling f\u00f6r Mj\u00f6lby\" \/>\n<meta property=\"og:url\" content=\"https:\/\/wp.kristdemokraterna.se\/mjolby\/valet2010\/\" \/>\n<meta property=\"og:site_name\" content=\"Mj\u00f6lby\" \/>\n<meta property=\"article:modified_time\" content=\"2013-10-07T15:13:16+00:00\" \/>\n<meta name=\"twitter:card\" content=\"summary_large_image\" \/>\n<script type=\"application\/ld+json\" class=\"yoast-schema-graph\">{\"@context\":\"https:\\\/\\\/schema.org\",\"@graph\":[{\"@type\":\"WebPage\",\"@id\":\"https:\\\/\\\/wp.kristdemokraterna.se\\\/mjolby\\\/valet2010\\\/\",\"url\":\"https:\\\/\\\/wp.kristdemokraterna.se\\\/mjolby\\\/valet2010\\\/\",\"name\":\"Valet 2010 - Mj\u00f6lby\",\"isPartOf\":{\"@id\":\"https:\\\/\\\/wp.kristdemokraterna.se\\\/mjolby\\\/#website\"},\"datePublished\":\"2010-07-06T15:00:56+00:00\",\"dateModified\":\"2013-10-07T15:13:16+00:00\",\"breadcrumb\":{\"@id\":\"https:\\\/\\\/wp.kristdemokraterna.se\\\/mjolby\\\/valet2010\\\/#breadcrumb\"},\"inLanguage\":\"sv-SE\",\"potentialAction\":[{\"@type\":\"ReadAction\",\"target\":[\"https:\\\/\\\/wp.kristdemokraterna.se\\\/mjolby\\\/valet2010\\\/\"]}]},{\"@type\":\"BreadcrumbList\",\"@id\":\"https:\\\/\\\/wp.kristdemokraterna.se\\\/mjolby\\\/valet2010\\\/#breadcrumb\",\"itemListElement\":[{\"@type\":\"ListItem\",\"position\":1,\"name\":\"Hem\",\"item\":\"https:\\\/\\\/wp.kristdemokraterna.se\\\/mjolby\\\/\"},{\"@type\":\"ListItem\",\"position\":2,\"name\":\"Valet 2010\"}]},{\"@type\":\"WebSite\",\"@id\":\"https:\\\/\\\/wp.kristdemokraterna.se\\\/mjolby\\\/#website\",\"url\":\"https:\\\/\\\/wp.kristdemokraterna.se\\\/mjolby\\\/\",\"name\":\"Mj\u00f6lby\",\"description\":\"Kristdemokraterna\",\"inLanguage\":\"sv-SE\"}]}<\/script>\n<!-- \/ Yoast SEO plugin. -->","yoast_head_json":{"title":"Valet 2010 - Mj\u00f6lby","robots":{"index":"index","follow":"follow","max-snippet":"max-snippet:-1","max-image-preview":"max-image-preview:large","max-video-preview":"max-video-preview:-1"},"canonical":"https:\/\/wp.kristdemokraterna.se\/mjolby\/valet2010\/","og_locale":"sv_SE","og_type":"article","og_title":"Valet 2010 - Mj\u00f6lby","og_description":"L\u00e5t familjerna sj\u00e4lva best\u00e4mma! N\u00e4ringslivet \u2013 kommunens livsnerv Respekt f\u00f6r de \u00e4ldre Ekologiskt h\u00e5llbar utveckling f\u00f6r Mj\u00f6lby","og_url":"https:\/\/wp.kristdemokraterna.se\/mjolby\/valet2010\/","og_site_name":"Mj\u00f6lby","article_modified_time":"2013-10-07T15:13:16+00:00","twitter_card":"summary_large_image","schema":{"@context":"https:\/\/schema.org","@graph":[{"@type":"WebPage","@id":"https:\/\/wp.kristdemokraterna.se\/mjolby\/valet2010\/","url":"https:\/\/wp.kristdemokraterna.se\/mjolby\/valet2010\/","name":"Valet 2010 - Mj\u00f6lby","isPartOf":{"@id":"https:\/\/wp.kristdemokraterna.se\/mjolby\/#website"},"datePublished":"2010-07-06T15:00:56+00:00","dateModified":"2013-10-07T15:13:16+00:00","breadcrumb":{"@id":"https:\/\/wp.kristdemokraterna.se\/mjolby\/valet2010\/#breadcrumb"},"inLanguage":"sv-SE","potentialAction":[{"@type":"ReadAction","target":["https:\/\/wp.kristdemokraterna.se\/mjolby\/valet2010\/"]}]},{"@type":"BreadcrumbList","@id":"https:\/\/wp.kristdemokraterna.se\/mjolby\/valet2010\/#breadcrumb","itemListElement":[{"@type":"ListItem","position":1,"name":"Hem","item":"https:\/\/wp.kristdemokraterna.se\/mjolby\/"},{"@type":"ListItem","position":2,"name":"Valet 2010"}]},{"@type":"WebSite","@id":"https:\/\/wp.kristdemokraterna.se\/mjolby\/#website","url":"https:\/\/wp.kristdemokraterna.se\/mjolby\/","name":"Mj\u00f6lby","description":"Kristdemokraterna","inLanguage":"sv-SE"}]}},"_links":{"self":[{"href":"https:\/\/wp.kristdemokraterna.se\/mjolby\/wp-json\/wp\/v2\/pages\/446","targetHints":{"allow":["GET"]}}],"collection":[{"href":"https:\/\/wp.kristdemokraterna.se\/mjolby\/wp-json\/wp\/v2\/pages"}],"about":[{"href":"https:\/\/wp.kristdemokraterna.se\/mjolby\/wp-json\/wp\/v2\/types\/page"}],"author":[{"embeddable":true,"href":"https:\/\/wp.kristdemokraterna.se\/mjolby\/wp-json\/wp\/v2\/users\/433"}],"replies":[{"embeddable":true,"href":"https:\/\/wp.kristdemokraterna.se\/mjolby\/wp-json\/wp\/v2\/comments?post=446"}],"version-history":[{"count":8,"href":"https:\/\/wp.kristdemokraterna.se\/mjolby\/wp-json\/wp\/v2\/pages\/446\/revisions"}],"predecessor-version":[{"id":467,"href":"https:\/\/wp.kristdemokraterna.se\/mjolby\/wp-json\/wp\/v2\/pages\/446\/revisions\/467"}],"wp:attachment":[{"href":"https:\/\/wp.kristdemokraterna.se\/mjolby\/wp-json\/wp\/v2\/media?parent=446"}],"curies":[{"name":"wp","href":"https:\/\/api.w.org\/{rel}","templated":true}]}}