{"id":464,"date":"2010-07-06T17:03:42","date_gmt":"2010-07-06T15:03:42","guid":{"rendered":"http:\/\/wp.kristdemokraterna.se\/mjolby\/?page_id=464"},"modified":"2013-10-07T17:11:04","modified_gmt":"2013-10-07T15:11:04","slug":"ekologiskt-hallbar-utveckling-for-mjolby","status":"publish","type":"page","link":"https:\/\/wp.kristdemokraterna.se\/mjolby\/valet2010\/ekologiskt-hallbar-utveckling-for-mjolby\/","title":{"rendered":"Ekologiskt h\u00e5llbar utveckling f\u00f6r Mj\u00f6lby"},"content":{"rendered":"<p>V\u00e5r tids kanske st\u00f6rsta fr\u00e5ga g\u00e4ller klimatet. M\u00e5nga avg\u00f6rande beslut ligger p\u00e5 nationell och internationell niv\u00e5 men kommunerna har ocks\u00e5 ett stort ansvar f\u00f6r att bygga ett l\u00e5ngsiktigt h\u00e5llbart samh\u00e4lle ekologiskt, ekonomiskt och socialt.<\/p>\n<p>Kristdemokraternas f\u00f6rvaltarskapstanke \u00e4r v\u00e5r utg\u00e5ngspunkt f\u00f6r att t\u00e4nka l\u00e5ngsiktigt och v\u00e4rna den v\u00e4rdefulla, men m\u00e5nga g\u00e5nger s\u00e5rbara, milj\u00f6n. Ansvaret, som \u00e4r grundbulten i f\u00f6rvaltarskapsprincipen,\u00e4r b\u00e5de personligt och gemensamt. Str\u00e4van att f\u00f6rbruka mindre av \u00e4ndliga resurser och energi och ett personligt ansvar f\u00f6r kretslopp och avfallshantering \u00e4r en n\u00f6dv\u00e4ndighet f\u00f6r l\u00e5ngsiktig \u00f6verlevnad f\u00f6r m\u00e4nskligheten.<\/p>\n<p>Vi vill bland annat verka f\u00f6r att:<\/p>\n<ul>\n<li>Fossil energi fasas ut och att vi ist\u00e4llet \u00f6kar tillf\u00f6rseln av f\u00f6rnyelsebar energi<\/li>\n<li>Kommunen satsar p\u00e5 energieffektiviseringar<\/li>\n<li>Den kommunala fordonsparken successivt ers\u00e4tts av milj\u00f6anpassade bilar<\/li>\n<li>Att g\u00e5ng- och cykelv\u00e4gar forts\u00e4tter att byggas ut<\/li>\n<li>Upphandling av n\u00e4rodlade livsmedel till kommunens verksamheter fr\u00e4mjas<\/li>\n<\/ul>\n<p>L\u00e4s mer om v\u00e5rt milj\u00f6program <a title=\"H\u00e5llbar utveckling\" href=\"http:\/\/wp.kristdemokraterna.se\/mjolby\/var-politik\/hallbar-utveckling\/\">h\u00e4r<\/a>!<\/p>\n","protected":false},"excerpt":{"rendered":"<p>V\u00e5r tids kanske st\u00f6rsta fr\u00e5ga g\u00e4ller klimatet. M\u00e5nga avg\u00f6rande beslut ligger p\u00e5 nationell och internationell niv\u00e5 men kommunerna har ocks\u00e5 ett stort ansvar f\u00f6r att bygga ett l\u00e5ngsiktigt h\u00e5llbart samh\u00e4lle ekologiskt, ekonomiskt och socialt. Kristdemokraternas f\u00f6rvaltarskapstanke \u00e4r v\u00e5r utg\u00e5ngspunkt f\u00f6r att t\u00e4nka l\u00e5ngsiktigt och v\u00e4rna den v\u00e4rdefulla, men m\u00e5nga g\u00e5nger s\u00e5rbara, milj\u00f6n. Ansvaret, som \u00e4r <a class=\"read-more-link\" href=\"https:\/\/wp.kristdemokraterna.se\/mjolby\/valet2010\/ekologiskt-hallbar-utveckling-for-mjolby\/\">Read More<\/a><\/p>\n","protected":false},"author":433,"featured_media":0,"parent":446,"menu_order":0,"comment_status":"closed","ping_status":"open","template":"","meta":{"_acf_changed":false,"footnotes":""},"class_list":["post-464","page","type-page","status-publish","hentry"],"acf":[],"yoast_head":"<!-- This site is optimized with the Yoast SEO plugin v27.4 - https:\/\/yoast.com\/product\/yoast-seo-wordpress\/ -->\n<title>Ekologiskt h\u00e5llbar utveckling f\u00f6r Mj\u00f6lby - Mj\u00f6lby<\/title>\n<meta name=\"robots\" content=\"index, follow, max-snippet:-1, max-image-preview:large, max-video-preview:-1\" \/>\n<link rel=\"canonical\" href=\"https:\/\/wp.kristdemokraterna.se\/mjolby\/valet2010\/ekologiskt-hallbar-utveckling-for-mjolby\/\" \/>\n<meta property=\"og:locale\" content=\"sv_SE\" \/>\n<meta property=\"og:type\" content=\"article\" \/>\n<meta property=\"og:title\" content=\"Ekologiskt h\u00e5llbar utveckling f\u00f6r Mj\u00f6lby - Mj\u00f6lby\" \/>\n<meta property=\"og:description\" content=\"V\u00e5r tids kanske st\u00f6rsta fr\u00e5ga g\u00e4ller klimatet. M\u00e5nga avg\u00f6rande beslut ligger p\u00e5 nationell och internationell niv\u00e5 men kommunerna har ocks\u00e5 ett stort ansvar f\u00f6r att bygga ett l\u00e5ngsiktigt h\u00e5llbart samh\u00e4lle ekologiskt, ekonomiskt och socialt. Kristdemokraternas f\u00f6rvaltarskapstanke \u00e4r v\u00e5r utg\u00e5ngspunkt f\u00f6r att t\u00e4nka l\u00e5ngsiktigt och v\u00e4rna den v\u00e4rdefulla, men m\u00e5nga g\u00e5nger s\u00e5rbara, milj\u00f6n. Ansvaret, som \u00e4r Read More\" \/>\n<meta property=\"og:url\" content=\"https:\/\/wp.kristdemokraterna.se\/mjolby\/valet2010\/ekologiskt-hallbar-utveckling-for-mjolby\/\" \/>\n<meta property=\"og:site_name\" content=\"Mj\u00f6lby\" \/>\n<meta property=\"article:modified_time\" content=\"2013-10-07T15:11:04+00:00\" \/>\n<meta name=\"twitter:card\" content=\"summary_large_image\" \/>\n<meta name=\"twitter:label1\" content=\"Ber\u00e4knad l\u00e4stid\" \/>\n\t<meta name=\"twitter:data1\" content=\"1 minut\" \/>\n<script type=\"application\/ld+json\" class=\"yoast-schema-graph\">{\"@context\":\"https:\\\/\\\/schema.org\",\"@graph\":[{\"@type\":\"WebPage\",\"@id\":\"https:\\\/\\\/wp.kristdemokraterna.se\\\/mjolby\\\/valet2010\\\/ekologiskt-hallbar-utveckling-for-mjolby\\\/\",\"url\":\"https:\\\/\\\/wp.kristdemokraterna.se\\\/mjolby\\\/valet2010\\\/ekologiskt-hallbar-utveckling-for-mjolby\\\/\",\"name\":\"Ekologiskt h\u00e5llbar utveckling f\u00f6r Mj\u00f6lby - Mj\u00f6lby\",\"isPartOf\":{\"@id\":\"https:\\\/\\\/wp.kristdemokraterna.se\\\/mjolby\\\/#website\"},\"datePublished\":\"2010-07-06T15:03:42+00:00\",\"dateModified\":\"2013-10-07T15:11:04+00:00\",\"breadcrumb\":{\"@id\":\"https:\\\/\\\/wp.kristdemokraterna.se\\\/mjolby\\\/valet2010\\\/ekologiskt-hallbar-utveckling-for-mjolby\\\/#breadcrumb\"},\"inLanguage\":\"sv-SE\",\"potentialAction\":[{\"@type\":\"ReadAction\",\"target\":[\"https:\\\/\\\/wp.kristdemokraterna.se\\\/mjolby\\\/valet2010\\\/ekologiskt-hallbar-utveckling-for-mjolby\\\/\"]}]},{\"@type\":\"BreadcrumbList\",\"@id\":\"https:\\\/\\\/wp.kristdemokraterna.se\\\/mjolby\\\/valet2010\\\/ekologiskt-hallbar-utveckling-for-mjolby\\\/#breadcrumb\",\"itemListElement\":[{\"@type\":\"ListItem\",\"position\":1,\"name\":\"Hem\",\"item\":\"https:\\\/\\\/wp.kristdemokraterna.se\\\/mjolby\\\/\"},{\"@type\":\"ListItem\",\"position\":2,\"name\":\"Valet 2010\",\"item\":\"https:\\\/\\\/wp.kristdemokraterna.se\\\/mjolby\\\/valet2010\\\/\"},{\"@type\":\"ListItem\",\"position\":3,\"name\":\"Ekologiskt h\u00e5llbar utveckling f\u00f6r Mj\u00f6lby\"}]},{\"@type\":\"WebSite\",\"@id\":\"https:\\\/\\\/wp.kristdemokraterna.se\\\/mjolby\\\/#website\",\"url\":\"https:\\\/\\\/wp.kristdemokraterna.se\\\/mjolby\\\/\",\"name\":\"Mj\u00f6lby\",\"description\":\"Kristdemokraterna\",\"inLanguage\":\"sv-SE\"}]}<\/script>\n<!-- \/ Yoast SEO plugin. -->","yoast_head_json":{"title":"Ekologiskt h\u00e5llbar utveckling f\u00f6r Mj\u00f6lby - Mj\u00f6lby","robots":{"index":"index","follow":"follow","max-snippet":"max-snippet:-1","max-image-preview":"max-image-preview:large","max-video-preview":"max-video-preview:-1"},"canonical":"https:\/\/wp.kristdemokraterna.se\/mjolby\/valet2010\/ekologiskt-hallbar-utveckling-for-mjolby\/","og_locale":"sv_SE","og_type":"article","og_title":"Ekologiskt h\u00e5llbar utveckling f\u00f6r Mj\u00f6lby - Mj\u00f6lby","og_description":"V\u00e5r tids kanske st\u00f6rsta fr\u00e5ga g\u00e4ller klimatet. M\u00e5nga avg\u00f6rande beslut ligger p\u00e5 nationell och internationell niv\u00e5 men kommunerna har ocks\u00e5 ett stort ansvar f\u00f6r att bygga ett l\u00e5ngsiktigt h\u00e5llbart samh\u00e4lle ekologiskt, ekonomiskt och socialt. Kristdemokraternas f\u00f6rvaltarskapstanke \u00e4r v\u00e5r utg\u00e5ngspunkt f\u00f6r att t\u00e4nka l\u00e5ngsiktigt och v\u00e4rna den v\u00e4rdefulla, men m\u00e5nga g\u00e5nger s\u00e5rbara, milj\u00f6n. Ansvaret, som \u00e4r Read More","og_url":"https:\/\/wp.kristdemokraterna.se\/mjolby\/valet2010\/ekologiskt-hallbar-utveckling-for-mjolby\/","og_site_name":"Mj\u00f6lby","article_modified_time":"2013-10-07T15:11:04+00:00","twitter_card":"summary_large_image","twitter_misc":{"Ber\u00e4knad l\u00e4stid":"1 minut"},"schema":{"@context":"https:\/\/schema.org","@graph":[{"@type":"WebPage","@id":"https:\/\/wp.kristdemokraterna.se\/mjolby\/valet2010\/ekologiskt-hallbar-utveckling-for-mjolby\/","url":"https:\/\/wp.kristdemokraterna.se\/mjolby\/valet2010\/ekologiskt-hallbar-utveckling-for-mjolby\/","name":"Ekologiskt h\u00e5llbar utveckling f\u00f6r Mj\u00f6lby - Mj\u00f6lby","isPartOf":{"@id":"https:\/\/wp.kristdemokraterna.se\/mjolby\/#website"},"datePublished":"2010-07-06T15:03:42+00:00","dateModified":"2013-10-07T15:11:04+00:00","breadcrumb":{"@id":"https:\/\/wp.kristdemokraterna.se\/mjolby\/valet2010\/ekologiskt-hallbar-utveckling-for-mjolby\/#breadcrumb"},"inLanguage":"sv-SE","potentialAction":[{"@type":"ReadAction","target":["https:\/\/wp.kristdemokraterna.se\/mjolby\/valet2010\/ekologiskt-hallbar-utveckling-for-mjolby\/"]}]},{"@type":"BreadcrumbList","@id":"https:\/\/wp.kristdemokraterna.se\/mjolby\/valet2010\/ekologiskt-hallbar-utveckling-for-mjolby\/#breadcrumb","itemListElement":[{"@type":"ListItem","position":1,"name":"Hem","item":"https:\/\/wp.kristdemokraterna.se\/mjolby\/"},{"@type":"ListItem","position":2,"name":"Valet 2010","item":"https:\/\/wp.kristdemokraterna.se\/mjolby\/valet2010\/"},{"@type":"ListItem","position":3,"name":"Ekologiskt h\u00e5llbar utveckling f\u00f6r Mj\u00f6lby"}]},{"@type":"WebSite","@id":"https:\/\/wp.kristdemokraterna.se\/mjolby\/#website","url":"https:\/\/wp.kristdemokraterna.se\/mjolby\/","name":"Mj\u00f6lby","description":"Kristdemokraterna","inLanguage":"sv-SE"}]}},"_links":{"self":[{"href":"https:\/\/wp.kristdemokraterna.se\/mjolby\/wp-json\/wp\/v2\/pages\/464","targetHints":{"allow":["GET"]}}],"collection":[{"href":"https:\/\/wp.kristdemokraterna.se\/mjolby\/wp-json\/wp\/v2\/pages"}],"about":[{"href":"https:\/\/wp.kristdemokraterna.se\/mjolby\/wp-json\/wp\/v2\/types\/page"}],"author":[{"embeddable":true,"href":"https:\/\/wp.kristdemokraterna.se\/mjolby\/wp-json\/wp\/v2\/users\/433"}],"replies":[{"embeddable":true,"href":"https:\/\/wp.kristdemokraterna.se\/mjolby\/wp-json\/wp\/v2\/comments?post=464"}],"version-history":[{"count":1,"href":"https:\/\/wp.kristdemokraterna.se\/mjolby\/wp-json\/wp\/v2\/pages\/464\/revisions"}],"predecessor-version":[{"id":465,"href":"https:\/\/wp.kristdemokraterna.se\/mjolby\/wp-json\/wp\/v2\/pages\/464\/revisions\/465"}],"up":[{"embeddable":true,"href":"https:\/\/wp.kristdemokraterna.se\/mjolby\/wp-json\/wp\/v2\/pages\/446"}],"wp:attachment":[{"href":"https:\/\/wp.kristdemokraterna.se\/mjolby\/wp-json\/wp\/v2\/media?parent=464"}],"curies":[{"name":"wp","href":"https:\/\/api.w.org\/{rel}","templated":true}]}}