{"id":62,"date":"2013-02-06T12:06:13","date_gmt":"2013-02-06T11:06:13","guid":{"rendered":"http:\/\/wp.kristdemokraterna.se\/mjolby\/?page_id=62"},"modified":"2014-12-19T17:56:55","modified_gmt":"2014-12-19T16:56:55","slug":"fortroendevalda-2010-2014","status":"publish","type":"page","link":"https:\/\/wp.kristdemokraterna.se\/mjolby\/kontakta-oss\/fortroendevalda-2010-2014\/","title":{"rendered":"F\u00f6rtroendevalda 2010-2014"},"content":{"rendered":"<p>I valet till kommunfullm\u00e4ktige i Mj\u00f6lby 2010 fick Kristdemokraterna 4,77 % av r\u00f6sterna. Det gav oss f\u00f6ljande representation i n\u00e4mnder och styrelser i Mj\u00f6lby kommun f\u00f6r mandatperioden 2010-2014:<\/p>\n<p><strong>Kommunfullm\u00e4ktige\u00a0<\/strong>(<span style=\"color: #ff0000\">tom 31 okt 2014<\/span>)<br \/>\n<a title=\"Tommy Engback\" href=\"http:\/\/wp.kristdemokraterna.se\/mjolby\/personligt\/tommy-engback\/\">Tommy Engback<\/a>, ledamot, gruppledare (from 23 okt 2012) (<a href=\"http:\/\/www.kristdemokraterna.se\/Kontaktportal\/Kontaktportalsida\/?pId=73704\" target=\"_blank\">&gt;&gt;<\/a>)<br \/>\n<a title=\"Therese Gustafsson\" href=\"http:\/\/wp.kristdemokraterna.se\/mjolby\/personligt\/therese-gustafsson\/\">Therese Gustafsson<\/a>,\u00a0ledamot\u00a0(<a href=\"http:\/\/www.kristdemokraterna.se\/Kontaktportal\/Kontaktportalsida\/?pId=73706\" target=\"_blank\">&gt;&gt;<\/a>)<br \/>\n<a title=\"Gunvor Grans\u00f6\" href=\"http:\/\/wp.kristdemokraterna.se\/mjolby\/personligt\/gunvor-granso\/\">Gunvor Grans\u00f6<\/a>, 1:e ers\u00e4ttare (from 28\u00a0nov\u00a02012)\u00a0(<a href=\"http:\/\/www.kristdemokraterna.se\/Kontaktportal\/Kontaktportalsida\/?pId=52760\" target=\"_blank\">&gt;&gt;<\/a>)<br \/>\n<a title=\"Birger Hagstr\u00f6m\" href=\"http:\/\/wp.kristdemokraterna.se\/mjolby\/personligt\/birger-hagstrom\/\">Birger Hagstr\u00f6m<\/a>, 2:e ers\u00e4ttare (from\u00a028\u00a0nov\u00a02012)\u00a0(<a href=\"http:\/\/www.kristdemokraterna.se\/Kontaktportal\/Kontaktportalsida\/?pId=534\" target=\"_blank\">&gt;&gt;<\/a>)<\/p>\n<p><em>H\u00e5kan Wass, ledamot, gruppledare (1 nov 2010 &#8211; 24 sep 2012<span style=\"color: #ff0000\">*<\/span>)<br \/>\n<\/em><em>Tommy Engback, 1:e ers\u00e4ttare (1 nov 2010 &#8211; 23 okt 2012)<\/em><br \/>\n<em>Gunvor Grans\u00f6, 2:e ers\u00e4ttare (1 nov 2010 &#8211; 28\u00a0nov\u00a02012)<\/em><\/p>\n<p><strong>Valberedningen<\/strong>\u00a0(<span style=\"color: #ff0000\">tom 31 okt 2014<\/span>)<br \/>\nLars Magnussson (from\u00a02 nov 2010)<\/p>\n<p><strong>Kommunstyrelse<br \/>\n<\/strong><a title=\"Tommy Engback\" href=\"http:\/\/wp.kristdemokraterna.se\/mjolby\/personligt\/tommy-engback\/\">Tommy Engback<\/a>,\u00a0ledamot (from 1 jul 2012)\u00a0(<a href=\"http:\/\/www.kristdemokraterna.se\/Kontaktportal\/Kontaktportalsida\/?pId=73704\" target=\"_blank\">&gt;&gt;<\/a>)<br \/>\n<a title=\"Birger Hagstr\u00f6m\" href=\"http:\/\/wp.kristdemokraterna.se\/mjolby\/personligt\/birger-hagstrom\/\">Birger Hagstr\u00f6m<\/a>, ers\u00e4ttare (from 1 jul 2012)\u00a0(<a href=\"http:\/\/www.kristdemokraterna.se\/Kontaktportal\/Kontaktportalsida\/?pId=534\" target=\"_blank\">&gt;&gt;<\/a>)<\/p>\n<p><em>H\u00e5kan Wass,\u00a0ledamot (1 jan 2010 &#8211; 22 maj 2012)<\/em><br \/>\n<em>Tommy Engback, ers\u00e4ttare (1 jan 2010 &#8211;\u00a01 juli\u00a02012)<\/em><\/p>\n<p><strong>Bygg- o r\u00e4ddningsn\u00e4mnd<\/strong><br \/>\n<a title=\"Birger Hagstr\u00f6m\" href=\"http:\/\/wp.kristdemokraterna.se\/mjolby\/personligt\/birger-hagstrom\/\">Birger Hagstr\u00f6m<\/a>,\u00a0ledamot\u00a0(<a href=\"http:\/\/www.kristdemokraterna.se\/Kontaktportal\/Kontaktportalsida\/?pId=534\" target=\"_blank\">&gt;&gt;<\/a>)<\/p>\n<p><strong>Utbildningsn\u00e4mnden<\/strong> (from 12 jun 2012)<br \/>\n<a title=\"Therese Gustafsson\" href=\"http:\/\/wp.kristdemokraterna.se\/mjolby\/personligt\/therese-gustafsson\/\">Therese Gustafsson<\/a>, ers\u00e4ttare\u00a0(<a href=\"http:\/\/www.kristdemokraterna.se\/Kontaktportal\/Kontaktportalsida\/?pId=73706\" target=\"_blank\">&gt;&gt;<\/a>)<\/p>\n<p><strong>F\u00f6rskole- och skoln\u00e4mnd<\/strong> (<span style=\"color: #ff0000\">tom 11 jun 2012<\/span>)<br \/>\n<em>Therese Gustafsson, ers\u00e4ttare (1 jan 2010 &#8211; 11 juni 2012)<\/em><\/p>\n<p><strong>Milj\u00f6n\u00e4mnd f\u00f6r Mj\u00f6lby-Boxholm<\/strong><br \/>\nBengt-Olof Idmyr, ers\u00e4ttare<\/p>\n<p><strong>Kultur- o fritidsn\u00e4mnd<\/strong><br \/>\nKenneth Nilsson, ers\u00e4ttare (from 24 september 2013)<br \/>\n<em>Dan Paulsson, ers\u00e4ttare (1 jan 2010 &#8211; 22 maj 2012)<\/em><\/p>\n<p><strong>Social- o omsorgsn\u00e4mnd<\/strong><br \/>\n<a title=\"Gunvor Grans\u00f6\" href=\"http:\/\/wp.kristdemokraterna.se\/mjolby\/personligt\/gunvor-granso\/\">Gunvor Grans\u00f6<\/a>,\u00a0ledamot\u00a0(<a href=\"http:\/\/www.kristdemokraterna.se\/Kontaktportal\/Kontaktportalsida\/?pId=52760\" target=\"_blank\">&gt;&gt;<\/a>)<\/p>\n<p><strong>Utbildnings- och arbetsmarknadsn\u00e4mnd<\/strong> (<span style=\"color: #ff0000\">tom 11 jun 2012<\/span>)<br \/>\n<em>Karin Starkhammar, ers\u00e4ttare (1 jan 2010 &#8211; 11 juni 2012)<\/em><\/p>\n<p><strong>Valn\u00e4mnd<\/strong><br \/>\n<a title=\"Bengt-Olof Idmyr\" href=\"http:\/\/wp.kristdemokraterna.se\/mjolby\/personligt\/bengt-olof-idmyr\/\">Bengt-Olof Idmyr<\/a>,\u00a0ledamot (from 25 sep 2012)\u00a0(<a href=\"https:\/\/www.kristdemokraterna.se\/Kontaktportal\/Kontaktportalsida\/?pId=20613\" target=\"_blank\">&gt;&gt;<\/a>)<br \/>\n<em>Lars Magnusson,\u00a0ledamot (1 jan 2010 &#8211; 12 jun 2012)<br \/>\n<\/em><br \/>\n<strong>Mj\u00f6lby Svart\u00e5dalen Energi AB <\/strong>(<span style=\"color: #ff0000\">tom 31 mars 2014<\/span>)<br \/>\n<a title=\"Henri Riccono\" href=\"http:\/\/wp.kristdemokraterna.se\/mjolby\/personligt\/henri-riccono\/\">Henri Riccono<\/a>, ers\u00e4ttare\u00a0(<a href=\"https:\/\/www.kristdemokraterna.se\/Kontaktportal\/Kontaktportalsida\/?pId=50698\" target=\"_blank\">&gt;&gt;<\/a>)<\/p>\n<p><strong>Fastighets AB Mj\u00f6lby Industribyggnader <\/strong>&#8221;FAMI&#8221; (<span style=\"color: #ff0000\">tom 31 mars 2014<\/span>)<br \/>\n<a title=\"Tommy Engback\" href=\"http:\/\/wp.kristdemokraterna.se\/mjolby\/personligt\/tommy-engback\/\">Tommy Engback<\/a>,\u00a0ledamot (from 25 sep 2012)\u00a0(<a href=\"http:\/\/www.kristdemokraterna.se\/Kontaktportal\/Kontaktportalsida\/?pId=73704\" target=\"_blank\">&gt;&gt;<\/a>)<br \/>\n<em>H\u00e5kan Wass,\u00a0ledamot (1 april 2010 &#8211; 22 maj 2012)<\/em><\/p>\n<p><strong>N\u00e4mndeman, Link\u00f6pings Tingsr\u00e4tt<\/strong><br \/>\n<em>Dan Paulsson (8 feb 2011\u00a0&#8211; 22 maj 2012)<br \/>\n<em>Nils Gr\u00f6nlund (1 jan 2011 &#8211; 8 feb 2011)<\/em><\/em><\/p>\n<p><span style=\"color: #ff0000\">*<\/span>)<em> tom 22 maj 2012<\/em><\/p>\n","protected":false},"excerpt":{"rendered":"<p>I valet till kommunfullm\u00e4ktige i Mj\u00f6lby 2010 fick Kristdemokraterna 4,77 % av r\u00f6sterna. Det gav oss f\u00f6ljande representation i n\u00e4mnder och styrelser i Mj\u00f6lby kommun f\u00f6r mandatperioden 2010-2014: Kommunfullm\u00e4ktige\u00a0(tom 31 okt 2014) Tommy Engback, ledamot, gruppledare (from 23 okt 2012) (&gt;&gt;) Therese Gustafsson,\u00a0ledamot\u00a0(&gt;&gt;) Gunvor Grans\u00f6, 1:e ers\u00e4ttare (from 28\u00a0nov\u00a02012)\u00a0(&gt;&gt;) Birger Hagstr\u00f6m, 2:e ers\u00e4ttare (from\u00a028\u00a0nov\u00a02012)\u00a0(&gt;&gt;) H\u00e5kan <a class=\"read-more-link\" href=\"https:\/\/wp.kristdemokraterna.se\/mjolby\/kontakta-oss\/fortroendevalda-2010-2014\/\">Read More<\/a><\/p>\n","protected":false},"author":433,"featured_media":0,"parent":8,"menu_order":0,"comment_status":"closed","ping_status":"closed","template":"","meta":{"_acf_changed":false,"footnotes":""},"class_list":["post-62","page","type-page","status-publish","hentry"],"acf":[],"yoast_head":"<!-- This site is optimized with the Yoast SEO plugin v27.3 - https:\/\/yoast.com\/product\/yoast-seo-wordpress\/ -->\n<title>F\u00f6rtroendevalda 2010-2014 - Mj\u00f6lby<\/title>\n<meta name=\"robots\" content=\"index, follow, max-snippet:-1, max-image-preview:large, max-video-preview:-1\" \/>\n<link rel=\"canonical\" href=\"https:\/\/wp.kristdemokraterna.se\/mjolby\/kontakta-oss\/fortroendevalda-2010-2014\/\" \/>\n<meta property=\"og:locale\" content=\"sv_SE\" \/>\n<meta property=\"og:type\" content=\"article\" \/>\n<meta property=\"og:title\" content=\"F\u00f6rtroendevalda 2010-2014 - Mj\u00f6lby\" \/>\n<meta property=\"og:description\" content=\"I valet till kommunfullm\u00e4ktige i Mj\u00f6lby 2010 fick Kristdemokraterna 4,77 % av r\u00f6sterna. Det gav oss f\u00f6ljande representation i n\u00e4mnder och styrelser i Mj\u00f6lby kommun f\u00f6r mandatperioden 2010-2014: Kommunfullm\u00e4ktige\u00a0(tom 31 okt 2014) Tommy Engback, ledamot, gruppledare (from 23 okt 2012) (&gt;&gt;) Therese Gustafsson,\u00a0ledamot\u00a0(&gt;&gt;) Gunvor Grans\u00f6, 1:e ers\u00e4ttare (from 28\u00a0nov\u00a02012)\u00a0(&gt;&gt;) Birger Hagstr\u00f6m, 2:e ers\u00e4ttare (from\u00a028\u00a0nov\u00a02012)\u00a0(&gt;&gt;) H\u00e5kan Read More\" \/>\n<meta property=\"og:url\" content=\"https:\/\/wp.kristdemokraterna.se\/mjolby\/kontakta-oss\/fortroendevalda-2010-2014\/\" \/>\n<meta property=\"og:site_name\" content=\"Mj\u00f6lby\" \/>\n<meta property=\"article:modified_time\" content=\"2014-12-19T16:56:55+00:00\" \/>\n<meta name=\"twitter:card\" content=\"summary_large_image\" \/>\n<meta name=\"twitter:label1\" content=\"Ber\u00e4knad l\u00e4stid\" \/>\n\t<meta name=\"twitter:data1\" content=\"1 minut\" \/>\n<script type=\"application\/ld+json\" class=\"yoast-schema-graph\">{\"@context\":\"https:\\\/\\\/schema.org\",\"@graph\":[{\"@type\":\"WebPage\",\"@id\":\"https:\\\/\\\/wp.kristdemokraterna.se\\\/mjolby\\\/kontakta-oss\\\/fortroendevalda-2010-2014\\\/\",\"url\":\"https:\\\/\\\/wp.kristdemokraterna.se\\\/mjolby\\\/kontakta-oss\\\/fortroendevalda-2010-2014\\\/\",\"name\":\"F\u00f6rtroendevalda 2010-2014 - Mj\u00f6lby\",\"isPartOf\":{\"@id\":\"https:\\\/\\\/wp.kristdemokraterna.se\\\/mjolby\\\/#website\"},\"datePublished\":\"2013-02-06T11:06:13+00:00\",\"dateModified\":\"2014-12-19T16:56:55+00:00\",\"breadcrumb\":{\"@id\":\"https:\\\/\\\/wp.kristdemokraterna.se\\\/mjolby\\\/kontakta-oss\\\/fortroendevalda-2010-2014\\\/#breadcrumb\"},\"inLanguage\":\"sv-SE\",\"potentialAction\":[{\"@type\":\"ReadAction\",\"target\":[\"https:\\\/\\\/wp.kristdemokraterna.se\\\/mjolby\\\/kontakta-oss\\\/fortroendevalda-2010-2014\\\/\"]}]},{\"@type\":\"BreadcrumbList\",\"@id\":\"https:\\\/\\\/wp.kristdemokraterna.se\\\/mjolby\\\/kontakta-oss\\\/fortroendevalda-2010-2014\\\/#breadcrumb\",\"itemListElement\":[{\"@type\":\"ListItem\",\"position\":1,\"name\":\"Hem\",\"item\":\"https:\\\/\\\/wp.kristdemokraterna.se\\\/mjolby\\\/\"},{\"@type\":\"ListItem\",\"position\":2,\"name\":\"Privat: Kontakta oss (2)\",\"item\":\"https:\\\/\\\/wp.kristdemokraterna.se\\\/mjolby\\\/?page_id=8\"},{\"@type\":\"ListItem\",\"position\":3,\"name\":\"F\u00f6rtroendevalda 2010-2014\"}]},{\"@type\":\"WebSite\",\"@id\":\"https:\\\/\\\/wp.kristdemokraterna.se\\\/mjolby\\\/#website\",\"url\":\"https:\\\/\\\/wp.kristdemokraterna.se\\\/mjolby\\\/\",\"name\":\"Mj\u00f6lby\",\"description\":\"Kristdemokraterna\",\"inLanguage\":\"sv-SE\"}]}<\/script>\n<!-- \/ Yoast SEO plugin. -->","yoast_head_json":{"title":"F\u00f6rtroendevalda 2010-2014 - Mj\u00f6lby","robots":{"index":"index","follow":"follow","max-snippet":"max-snippet:-1","max-image-preview":"max-image-preview:large","max-video-preview":"max-video-preview:-1"},"canonical":"https:\/\/wp.kristdemokraterna.se\/mjolby\/kontakta-oss\/fortroendevalda-2010-2014\/","og_locale":"sv_SE","og_type":"article","og_title":"F\u00f6rtroendevalda 2010-2014 - Mj\u00f6lby","og_description":"I valet till kommunfullm\u00e4ktige i Mj\u00f6lby 2010 fick Kristdemokraterna 4,77 % av r\u00f6sterna. Det gav oss f\u00f6ljande representation i n\u00e4mnder och styrelser i Mj\u00f6lby kommun f\u00f6r mandatperioden 2010-2014: Kommunfullm\u00e4ktige\u00a0(tom 31 okt 2014) Tommy Engback, ledamot, gruppledare (from 23 okt 2012) (&gt;&gt;) Therese Gustafsson,\u00a0ledamot\u00a0(&gt;&gt;) Gunvor Grans\u00f6, 1:e ers\u00e4ttare (from 28\u00a0nov\u00a02012)\u00a0(&gt;&gt;) Birger Hagstr\u00f6m, 2:e ers\u00e4ttare (from\u00a028\u00a0nov\u00a02012)\u00a0(&gt;&gt;) H\u00e5kan Read More","og_url":"https:\/\/wp.kristdemokraterna.se\/mjolby\/kontakta-oss\/fortroendevalda-2010-2014\/","og_site_name":"Mj\u00f6lby","article_modified_time":"2014-12-19T16:56:55+00:00","twitter_card":"summary_large_image","twitter_misc":{"Ber\u00e4knad l\u00e4stid":"1 minut"},"schema":{"@context":"https:\/\/schema.org","@graph":[{"@type":"WebPage","@id":"https:\/\/wp.kristdemokraterna.se\/mjolby\/kontakta-oss\/fortroendevalda-2010-2014\/","url":"https:\/\/wp.kristdemokraterna.se\/mjolby\/kontakta-oss\/fortroendevalda-2010-2014\/","name":"F\u00f6rtroendevalda 2010-2014 - Mj\u00f6lby","isPartOf":{"@id":"https:\/\/wp.kristdemokraterna.se\/mjolby\/#website"},"datePublished":"2013-02-06T11:06:13+00:00","dateModified":"2014-12-19T16:56:55+00:00","breadcrumb":{"@id":"https:\/\/wp.kristdemokraterna.se\/mjolby\/kontakta-oss\/fortroendevalda-2010-2014\/#breadcrumb"},"inLanguage":"sv-SE","potentialAction":[{"@type":"ReadAction","target":["https:\/\/wp.kristdemokraterna.se\/mjolby\/kontakta-oss\/fortroendevalda-2010-2014\/"]}]},{"@type":"BreadcrumbList","@id":"https:\/\/wp.kristdemokraterna.se\/mjolby\/kontakta-oss\/fortroendevalda-2010-2014\/#breadcrumb","itemListElement":[{"@type":"ListItem","position":1,"name":"Hem","item":"https:\/\/wp.kristdemokraterna.se\/mjolby\/"},{"@type":"ListItem","position":2,"name":"Privat: Kontakta oss (2)","item":"https:\/\/wp.kristdemokraterna.se\/mjolby\/?page_id=8"},{"@type":"ListItem","position":3,"name":"F\u00f6rtroendevalda 2010-2014"}]},{"@type":"WebSite","@id":"https:\/\/wp.kristdemokraterna.se\/mjolby\/#website","url":"https:\/\/wp.kristdemokraterna.se\/mjolby\/","name":"Mj\u00f6lby","description":"Kristdemokraterna","inLanguage":"sv-SE"}]}},"_links":{"self":[{"href":"https:\/\/wp.kristdemokraterna.se\/mjolby\/wp-json\/wp\/v2\/pages\/62","targetHints":{"allow":["GET"]}}],"collection":[{"href":"https:\/\/wp.kristdemokraterna.se\/mjolby\/wp-json\/wp\/v2\/pages"}],"about":[{"href":"https:\/\/wp.kristdemokraterna.se\/mjolby\/wp-json\/wp\/v2\/types\/page"}],"author":[{"embeddable":true,"href":"https:\/\/wp.kristdemokraterna.se\/mjolby\/wp-json\/wp\/v2\/users\/433"}],"replies":[{"embeddable":true,"href":"https:\/\/wp.kristdemokraterna.se\/mjolby\/wp-json\/wp\/v2\/comments?post=62"}],"version-history":[{"count":43,"href":"https:\/\/wp.kristdemokraterna.se\/mjolby\/wp-json\/wp\/v2\/pages\/62\/revisions"}],"predecessor-version":[{"id":1306,"href":"https:\/\/wp.kristdemokraterna.se\/mjolby\/wp-json\/wp\/v2\/pages\/62\/revisions\/1306"}],"up":[{"embeddable":true,"href":"https:\/\/wp.kristdemokraterna.se\/mjolby\/wp-json\/wp\/v2\/pages\/8"}],"wp:attachment":[{"href":"https:\/\/wp.kristdemokraterna.se\/mjolby\/wp-json\/wp\/v2\/media?parent=62"}],"curies":[{"name":"wp","href":"https:\/\/api.w.org\/{rel}","templated":true}]}}