{"version":"1.0","provider_name":"M\u00f6lndal","provider_url":"https:\/\/wp.kristdemokraterna.se\/molndal","title":"Kommunbudget 2020 - M\u00f6lndal","type":"rich","width":600,"height":338,"html":"<blockquote class=\"wp-embedded-content\" data-secret=\"9J6ewdC9OH\"><a href=\"https:\/\/wp.kristdemokraterna.se\/molndal\/kommunbudget-2020\/\">Kommunbudget 2020<\/a><\/blockquote><iframe sandbox=\"allow-scripts\" security=\"restricted\" src=\"https:\/\/wp.kristdemokraterna.se\/molndal\/kommunbudget-2020\/embed\/#?secret=9J6ewdC9OH\" width=\"600\" height=\"338\" title=\"\u201dKommunbudget 2020\u201d &ndash; M\u00f6lndal\" data-secret=\"9J6ewdC9OH\" frameborder=\"0\" marginwidth=\"0\" marginheight=\"0\" scrolling=\"no\" class=\"wp-embedded-content\"><\/iframe><script type=\"text\/javascript\">\n\/* <![CDATA[ *\/\n\/*! This file is auto-generated *\/\n!function(d,l){\"use strict\";l.querySelector&&d.addEventListener&&\"undefined\"!=typeof URL&&(d.wp=d.wp||{},d.wp.receiveEmbedMessage||(d.wp.receiveEmbedMessage=function(e){var t=e.data;if((t||t.secret||t.message||t.value)&&!\/[^a-zA-Z0-9]\/.test(t.secret)){for(var s,r,n,a=l.querySelectorAll('iframe[data-secret=\"'+t.secret+'\"]'),o=l.querySelectorAll('blockquote[data-secret=\"'+t.secret+'\"]'),c=new RegExp(\"^https?:$\",\"i\"),i=0;i<o.length;i++)o[i].style.display=\"none\";for(i=0;i<a.length;i++)s=a[i],e.source===s.contentWindow&&(s.removeAttribute(\"style\"),\"height\"===t.message?(1e3<(r=parseInt(t.value,10))?r=1e3:~~r<200&&(r=200),s.height=r):\"link\"===t.message&&(r=new URL(s.getAttribute(\"src\")),n=new URL(t.value),c.test(n.protocol))&&n.host===r.host&&l.activeElement===s&&(d.top.location.href=t.value))}},d.addEventListener(\"message\",d.wp.receiveEmbedMessage,!1),l.addEventListener(\"DOMContentLoaded\",function(){for(var e,t,s=l.querySelectorAll(\"iframe.wp-embedded-content\"),r=0;r<s.length;r++)(t=(e=s[r]).getAttribute(\"data-secret\"))||(t=Math.random().toString(36).substring(2,12),e.src+=\"#?secret=\"+t,e.setAttribute(\"data-secret\",t)),e.contentWindow.postMessage({message:\"ready\",secret:t},\"*\")},!1)))}(window,document);\n\/\/# sourceURL=https:\/\/wp.kristdemokraterna.se\/molndal\/wp-includes\/js\/wp-embed.min.js\n\/* ]]> *\/\n<\/script>\n","description":"Idag, den 20 november, beslutade kommunfullm\u00e4ktige om den budget som kommer att g\u00e4lla i M\u00f6lndal kommande \u00e5r, men \u00e4ven en plan f\u00f6r 2021 och 2022 fastlades. Resultatet blev att det budgetf\u00f6rslag som lades fram av kommunstyrelsen, vilket \u00e4ven var det budgetf\u00f6rslag som Gr\u00f6nbl\u00e5 samverkan (M, L, C, Mp &amp; KD) lade fram, r\u00f6stades igenom. Fr\u00e5n Read More","thumbnail_url":"http:\/\/wp.kristdemokraterna.se\/molndal\/files\/2019\/11\/adam-budget-191120.jpg"}

Mölndal

Kommunbudget 2020 - Mölndal

<blockquote class="wp-embedded-content" data-secret="9J6ewdC9OH"><a href="https://wp.kristdemokraterna.se/molndal/kommunbudget-2020/">Kommunbudget 2020</a></blockquote><iframe sandbox="allow-scripts" security="restricted" src="https://wp.kristdemokraterna.se/molndal/kommunbudget-2020/embed/#?secret=9J6ewdC9OH" width="600" height="338" title="”Kommunbudget 2020” &ndash; Mölndal" data-secret="9J6ewdC9OH" frameborder="0" marginwidth="0" marginheight="0" scrolling="no" class="wp-embedded-content"></iframe><script type="text/javascript">
/* <![CDATA[ */
/*! This file is auto-generated */
!function(d,l){"use strict";l.querySelector&&d.addEventListener&&"undefined"!=typeof URL&&(d.wp=d.wp||{},d.wp.receiveEmbedMessage||(d.wp.receiveEmbedMessage=function(e){var t=e.data;if((t||t.secret||t.message||t.value)&&!/[^a-zA-Z0-9]/.test(t.secret)){for(var s,r,n,a=l.querySelectorAll('iframe[data-secret="'+t.secret+'"]'),o=l.querySelectorAll('blockquote[data-secret="'+t.secret+'"]'),c=new RegExp("^https?:$","i"),i=0;i<o.length;i++)o[i].style.display="none";for(i=0;i<a.length;i++)s=a[i],e.source===s.contentWindow&&(s.removeAttribute("style"),"height"===t.message?(1e3<(r=parseInt(t.value,10))?r=1e3:~~r<200&&(r=200),s.height=r):"link"===t.message&&(r=new URL(s.getAttribute("src")),n=new URL(t.value),c.test(n.protocol))&&n.host===r.host&&l.activeElement===s&&(d.top.location.href=t.value))}},d.addEventListener("message",d.wp.receiveEmbedMessage,!1),l.addEventListener("DOMContentLoaded",function(){for(var e,t,s=l.querySelectorAll("iframe.wp-embedded-content"),r=0;r<s.length;r++)(t=(e=s[r]).getAttribute("data-secret"))||(t=Math.random().toString(36).substring(2,12),e.src+="#?secret="+t,e.setAttribute("data-secret",t)),e.contentWindow.postMessage({message:"ready",secret:t},"*")},!1)))}(window,document);
//# sourceURL=https://wp.kristdemokraterna.se/molndal/wp-includes/js/wp-embed.min.js
/* ]]> */
</script>

Idag, den 20 november, beslutade kommunfullmäktige om den budget som kommer att gälla i Mölndal kommande år, men även en plan för 2021 och 2022 fastlades. Resultatet blev att det budgetförslag som lades fram av kommunstyrelsen, vilket även var det budgetförslag som Grönblå samverkan (M, L, C, Mp &amp; KD) lade fram, röstades igenom. Från Read More
