{"id":1167,"date":"2015-04-29T11:04:43","date_gmt":"2015-04-29T09:04:43","guid":{"rendered":"http:\/\/wp.kristdemokraterna.se\/motala\/?page_id=1167"},"modified":"2024-12-06T14:51:13","modified_gmt":"2024-12-06T13:51:13","slug":"erik-forslund","status":"publish","type":"page","link":"https:\/\/wp.kristdemokraterna.se\/motala\/vart-parti\/fortroendevalda-2022-2026\/erik-forslund\/","title":{"rendered":"Erik Forslund"},"content":{"rendered":"<p><strong><a href=\"http:\/\/wp.kristdemokraterna.se\/motala\/files\/2023\/05\/erik2.png\"><img loading=\"lazy\" decoding=\"async\" class=\"alignnone size-medium wp-image-4130\" src=\"http:\/\/wp.kristdemokraterna.se\/motala\/files\/2023\/05\/erik2-215x300.png\" alt=\"\" width=\"215\" height=\"300\" srcset=\"https:\/\/wp.kristdemokraterna.se\/motala\/files\/2023\/05\/erik2-215x300.png 215w, https:\/\/wp.kristdemokraterna.se\/motala\/files\/2023\/05\/erik2-143x200.png 143w, https:\/\/wp.kristdemokraterna.se\/motala\/files\/2023\/05\/erik2-370x517.png 370w, https:\/\/wp.kristdemokraterna.se\/motala\/files\/2023\/05\/erik2-450x629.png 450w, https:\/\/wp.kristdemokraterna.se\/motala\/files\/2023\/05\/erik2-280x391.png 280w, https:\/\/wp.kristdemokraterna.se\/motala\/files\/2023\/05\/erik2-340x475.png 340w, https:\/\/wp.kristdemokraterna.se\/motala\/files\/2023\/05\/erik2-40x56.png 40w, https:\/\/wp.kristdemokraterna.se\/motala\/files\/2023\/05\/erik2.png 534w\" sizes=\"auto, (max-width: 215px) 100vw, 215px\" \/><\/a><\/strong><\/p>\n<p><strong>Namn:<\/strong>\u00a0Erik Forslund<br \/>\n<strong>F\u00f6dd:<\/strong>\u00a01965<br \/>\n<strong>Familj:<\/strong> Ja, min hustru Louise samt fina barnen Carolina och Mattias.<br \/>\n<strong>Uppvuxen:<\/strong> F\u00f6ddes i Uppsala och flyttade till Motala i 30-\u00e5rs\u00e5ldern<br \/>\n\u2013 <em>inte s\u00e5 l\u00e4nge sedan!<\/em><\/p>\n<p><strong>Vad har du f\u00f6r bakgrund utanf\u00f6r politiken?<br \/>\n<\/strong>Jag \u00e4r utbildad datavetare och matematiker och har arbetat p\u00e5 IFS med mjukvaruutveckling. Har \u00e4ven med \u00e5ren arbetat med kommunikation och ekonomi i olika former. Privat \u00e4r jag engagerad i frikyrkan med bl a s\u00e5ng och musik. Ett brinnande intresse \u00e4r b\u00e5tliv och \u00e4lskar att vara ute p\u00e5 V\u00e4tterns klippor ihop med familjen och v\u00e4nner. Gillar att ta mig an nya utmaningar och utforska nya kunskapsomr\u00e5den.<\/p>\n<p><strong>Vilken fr\u00e5ga brinner du extra f\u00f6r?<br \/>\n<\/strong>Enskilda fr\u00e5gan jag brinner f\u00f6r \u00e4r nog valfrihet. Det \u00e4r viktigt att vi politiker f\u00f6rst\u00e5r att v\u00e5rt uppdrag \u00e4r fr\u00e5n v\u00e5ra medborgare. Vi beh\u00f6ver helt enkelt g\u00f6ra livet enklare f\u00f6r dom. Utmaningen f\u00f6r oss politiker \u00e4r att f\u00f6rst\u00e5 v\u00e5rt uppdrag s\u00e5 vi inte \u00e4gnar tid och m\u00f6dan p\u00e5 s\u00e5dant som andra akt\u00f6rer kan bidra med. P\u00e5 det s\u00e4ttet finns det m\u00e5nga parter som bidrar i samh\u00e4llsbygget.<\/p>\n<p><strong>Vad \u00e4r styrkan med kristdemokraternas grupp av f\u00f6rtroendevalda?<br \/>\n<\/strong>Vi \u00e4r i grunden olika personligheter som brinner f\u00f6r olika fr\u00e5gor. P\u00e5 det s\u00e4ttet kompletterar vi varandra bra \u2013 och vi har roligt tillsammans.<\/p>\n<p><strong>Vilka politiska uppdrag har du?<br \/>\n<\/strong>* Kommunfullm\u00e4ktige, gruppledare<br \/>\n* Bildningsn\u00e4mnden, ledamot.<\/p>\n<p>* KD Motala partiavdelningen, ordf\u00f6rande i styrelsen.<\/p>\n<hr \/>\n<p><strong>Kontaktuppgift:<\/strong> <a href=\"https:\/\/kristdemokraterna.se\/om-oss\/foretradare\/?pid=98935\" target=\"_blank\" rel=\"noopener noreferrer\">Erik Forslund<\/a> (<em>Kristdemokraterna.se<\/em>)<br \/>\n<del><\/del><\/p>\n","protected":false},"excerpt":{"rendered":"<p>Namn:\u00a0Erik Forslund F\u00f6dd:\u00a01965 Familj: Ja, min hustru Louise samt fina barnen Carolina och Mattias. Uppvuxen: F\u00f6ddes i Uppsala och flyttade till Motala i 30-\u00e5rs\u00e5ldern \u2013 inte s\u00e5 l\u00e4nge sedan! Vad har du f\u00f6r bakgrund utanf\u00f6r politiken? Jag \u00e4r utbildad datavetare och matematiker och har arbetat p\u00e5 IFS med mjukvaruutveckling. Har \u00e4ven med \u00e5ren arbetat med <a class=\"read-more-link\" href=\"https:\/\/wp.kristdemokraterna.se\/motala\/vart-parti\/fortroendevalda-2022-2026\/erik-forslund\/\">Read More<\/a><\/p>\n","protected":false},"author":686,"featured_media":0,"parent":4086,"menu_order":1,"comment_status":"closed","ping_status":"closed","template":"","meta":{"_acf_changed":false,"footnotes":""},"class_list":["post-1167","page","type-page","status-publish","hentry"],"acf":[],"yoast_head":"<!-- This site is optimized with the Yoast SEO plugin v27.5 - https:\/\/yoast.com\/product\/yoast-seo-wordpress\/ -->\n<title>Erik Forslund - Kristdemokraterna i Motala<\/title>\n<meta name=\"robots\" content=\"index, follow, max-snippet:-1, max-image-preview:large, max-video-preview:-1\" \/>\n<link rel=\"canonical\" href=\"https:\/\/wp.kristdemokraterna.se\/motala\/vart-parti\/fortroendevalda-2022-2026\/erik-forslund\/\" \/>\n<meta property=\"og:locale\" content=\"sv_SE\" \/>\n<meta property=\"og:type\" content=\"article\" \/>\n<meta property=\"og:title\" content=\"Erik Forslund - Kristdemokraterna i Motala\" \/>\n<meta property=\"og:description\" content=\"Namn:\u00a0Erik Forslund F\u00f6dd:\u00a01965 Familj: Ja, min hustru Louise samt fina barnen Carolina och Mattias. Uppvuxen: F\u00f6ddes i Uppsala och flyttade till Motala i 30-\u00e5rs\u00e5ldern \u2013 inte s\u00e5 l\u00e4nge sedan! Vad har du f\u00f6r bakgrund utanf\u00f6r politiken? Jag \u00e4r utbildad datavetare och matematiker och har arbetat p\u00e5 IFS med mjukvaruutveckling. Har \u00e4ven med \u00e5ren arbetat med Read More\" \/>\n<meta property=\"og:url\" content=\"https:\/\/wp.kristdemokraterna.se\/motala\/vart-parti\/fortroendevalda-2022-2026\/erik-forslund\/\" \/>\n<meta property=\"og:site_name\" content=\"Kristdemokraterna i Motala\" \/>\n<meta property=\"article:modified_time\" content=\"2024-12-06T13:51:13+00:00\" \/>\n<meta property=\"og:image\" content=\"https:\/\/wp.kristdemokraterna.se\/motala\/files\/2023\/05\/erik2.png\" \/>\n\t<meta property=\"og:image:width\" content=\"534\" \/>\n\t<meta property=\"og:image:height\" content=\"746\" \/>\n\t<meta property=\"og:image:type\" content=\"image\/png\" \/>\n<meta name=\"twitter:card\" content=\"summary_large_image\" \/>\n<meta name=\"twitter:label1\" content=\"Ber\u00e4knad l\u00e4stid\" \/>\n\t<meta name=\"twitter:data1\" content=\"2 minuter\" \/>\n<script type=\"application\/ld+json\" class=\"yoast-schema-graph\">{\"@context\":\"https:\\\/\\\/schema.org\",\"@graph\":[{\"@type\":\"WebPage\",\"@id\":\"https:\\\/\\\/wp.kristdemokraterna.se\\\/motala\\\/vart-parti\\\/fortroendevalda-2022-2026\\\/erik-forslund\\\/\",\"url\":\"https:\\\/\\\/wp.kristdemokraterna.se\\\/motala\\\/vart-parti\\\/fortroendevalda-2022-2026\\\/erik-forslund\\\/\",\"name\":\"Erik Forslund - Kristdemokraterna i Motala\",\"isPartOf\":{\"@id\":\"https:\\\/\\\/wp.kristdemokraterna.se\\\/motala\\\/#website\"},\"primaryImageOfPage\":{\"@id\":\"https:\\\/\\\/wp.kristdemokraterna.se\\\/motala\\\/vart-parti\\\/fortroendevalda-2022-2026\\\/erik-forslund\\\/#primaryimage\"},\"image\":{\"@id\":\"https:\\\/\\\/wp.kristdemokraterna.se\\\/motala\\\/vart-parti\\\/fortroendevalda-2022-2026\\\/erik-forslund\\\/#primaryimage\"},\"thumbnailUrl\":\"http:\\\/\\\/wp.kristdemokraterna.se\\\/motala\\\/files\\\/2023\\\/05\\\/erik2-215x300.png\",\"datePublished\":\"2015-04-29T09:04:43+00:00\",\"dateModified\":\"2024-12-06T13:51:13+00:00\",\"breadcrumb\":{\"@id\":\"https:\\\/\\\/wp.kristdemokraterna.se\\\/motala\\\/vart-parti\\\/fortroendevalda-2022-2026\\\/erik-forslund\\\/#breadcrumb\"},\"inLanguage\":\"sv-SE\",\"potentialAction\":[{\"@type\":\"ReadAction\",\"target\":[\"https:\\\/\\\/wp.kristdemokraterna.se\\\/motala\\\/vart-parti\\\/fortroendevalda-2022-2026\\\/erik-forslund\\\/\"]}]},{\"@type\":\"ImageObject\",\"inLanguage\":\"sv-SE\",\"@id\":\"https:\\\/\\\/wp.kristdemokraterna.se\\\/motala\\\/vart-parti\\\/fortroendevalda-2022-2026\\\/erik-forslund\\\/#primaryimage\",\"url\":\"http:\\\/\\\/wp.kristdemokraterna.se\\\/motala\\\/files\\\/2023\\\/05\\\/erik2-215x300.png\",\"contentUrl\":\"http:\\\/\\\/wp.kristdemokraterna.se\\\/motala\\\/files\\\/2023\\\/05\\\/erik2-215x300.png\"},{\"@type\":\"BreadcrumbList\",\"@id\":\"https:\\\/\\\/wp.kristdemokraterna.se\\\/motala\\\/vart-parti\\\/fortroendevalda-2022-2026\\\/erik-forslund\\\/#breadcrumb\",\"itemListElement\":[{\"@type\":\"ListItem\",\"position\":1,\"name\":\"Hem\",\"item\":\"https:\\\/\\\/wp.kristdemokraterna.se\\\/motala\\\/\"},{\"@type\":\"ListItem\",\"position\":2,\"name\":\"V\u00e5rt parti\",\"item\":\"https:\\\/\\\/wp.kristdemokraterna.se\\\/motala\\\/vart-parti\\\/\"},{\"@type\":\"ListItem\",\"position\":3,\"name\":\"F\u00f6rtroendevalda 2022-2026\",\"item\":\"https:\\\/\\\/wp.kristdemokraterna.se\\\/motala\\\/vart-parti\\\/fortroendevalda-2022-2026\\\/\"},{\"@type\":\"ListItem\",\"position\":4,\"name\":\"Erik Forslund\"}]},{\"@type\":\"WebSite\",\"@id\":\"https:\\\/\\\/wp.kristdemokraterna.se\\\/motala\\\/#website\",\"url\":\"https:\\\/\\\/wp.kristdemokraterna.se\\\/motala\\\/\",\"name\":\"Kristdemokraterna i Motala\",\"description\":\"Kristdemokraterna\",\"inLanguage\":\"sv-SE\"}]}<\/script>\n<!-- \/ Yoast SEO plugin. -->","yoast_head_json":{"title":"Erik Forslund - Kristdemokraterna i Motala","robots":{"index":"index","follow":"follow","max-snippet":"max-snippet:-1","max-image-preview":"max-image-preview:large","max-video-preview":"max-video-preview:-1"},"canonical":"https:\/\/wp.kristdemokraterna.se\/motala\/vart-parti\/fortroendevalda-2022-2026\/erik-forslund\/","og_locale":"sv_SE","og_type":"article","og_title":"Erik Forslund - Kristdemokraterna i Motala","og_description":"Namn:\u00a0Erik Forslund F\u00f6dd:\u00a01965 Familj: Ja, min hustru Louise samt fina barnen Carolina och Mattias. Uppvuxen: F\u00f6ddes i Uppsala och flyttade till Motala i 30-\u00e5rs\u00e5ldern \u2013 inte s\u00e5 l\u00e4nge sedan! Vad har du f\u00f6r bakgrund utanf\u00f6r politiken? Jag \u00e4r utbildad datavetare och matematiker och har arbetat p\u00e5 IFS med mjukvaruutveckling. Har \u00e4ven med \u00e5ren arbetat med Read More","og_url":"https:\/\/wp.kristdemokraterna.se\/motala\/vart-parti\/fortroendevalda-2022-2026\/erik-forslund\/","og_site_name":"Kristdemokraterna i Motala","article_modified_time":"2024-12-06T13:51:13+00:00","og_image":[{"width":534,"height":746,"url":"https:\/\/wp.kristdemokraterna.se\/motala\/files\/2023\/05\/erik2.png","type":"image\/png"}],"twitter_card":"summary_large_image","twitter_misc":{"Ber\u00e4knad l\u00e4stid":"2 minuter"},"schema":{"@context":"https:\/\/schema.org","@graph":[{"@type":"WebPage","@id":"https:\/\/wp.kristdemokraterna.se\/motala\/vart-parti\/fortroendevalda-2022-2026\/erik-forslund\/","url":"https:\/\/wp.kristdemokraterna.se\/motala\/vart-parti\/fortroendevalda-2022-2026\/erik-forslund\/","name":"Erik Forslund - Kristdemokraterna i Motala","isPartOf":{"@id":"https:\/\/wp.kristdemokraterna.se\/motala\/#website"},"primaryImageOfPage":{"@id":"https:\/\/wp.kristdemokraterna.se\/motala\/vart-parti\/fortroendevalda-2022-2026\/erik-forslund\/#primaryimage"},"image":{"@id":"https:\/\/wp.kristdemokraterna.se\/motala\/vart-parti\/fortroendevalda-2022-2026\/erik-forslund\/#primaryimage"},"thumbnailUrl":"http:\/\/wp.kristdemokraterna.se\/motala\/files\/2023\/05\/erik2-215x300.png","datePublished":"2015-04-29T09:04:43+00:00","dateModified":"2024-12-06T13:51:13+00:00","breadcrumb":{"@id":"https:\/\/wp.kristdemokraterna.se\/motala\/vart-parti\/fortroendevalda-2022-2026\/erik-forslund\/#breadcrumb"},"inLanguage":"sv-SE","potentialAction":[{"@type":"ReadAction","target":["https:\/\/wp.kristdemokraterna.se\/motala\/vart-parti\/fortroendevalda-2022-2026\/erik-forslund\/"]}]},{"@type":"ImageObject","inLanguage":"sv-SE","@id":"https:\/\/wp.kristdemokraterna.se\/motala\/vart-parti\/fortroendevalda-2022-2026\/erik-forslund\/#primaryimage","url":"http:\/\/wp.kristdemokraterna.se\/motala\/files\/2023\/05\/erik2-215x300.png","contentUrl":"http:\/\/wp.kristdemokraterna.se\/motala\/files\/2023\/05\/erik2-215x300.png"},{"@type":"BreadcrumbList","@id":"https:\/\/wp.kristdemokraterna.se\/motala\/vart-parti\/fortroendevalda-2022-2026\/erik-forslund\/#breadcrumb","itemListElement":[{"@type":"ListItem","position":1,"name":"Hem","item":"https:\/\/wp.kristdemokraterna.se\/motala\/"},{"@type":"ListItem","position":2,"name":"V\u00e5rt parti","item":"https:\/\/wp.kristdemokraterna.se\/motala\/vart-parti\/"},{"@type":"ListItem","position":3,"name":"F\u00f6rtroendevalda 2022-2026","item":"https:\/\/wp.kristdemokraterna.se\/motala\/vart-parti\/fortroendevalda-2022-2026\/"},{"@type":"ListItem","position":4,"name":"Erik Forslund"}]},{"@type":"WebSite","@id":"https:\/\/wp.kristdemokraterna.se\/motala\/#website","url":"https:\/\/wp.kristdemokraterna.se\/motala\/","name":"Kristdemokraterna i Motala","description":"Kristdemokraterna","inLanguage":"sv-SE"}]}},"_links":{"self":[{"href":"https:\/\/wp.kristdemokraterna.se\/motala\/wp-json\/wp\/v2\/pages\/1167","targetHints":{"allow":["GET"]}}],"collection":[{"href":"https:\/\/wp.kristdemokraterna.se\/motala\/wp-json\/wp\/v2\/pages"}],"about":[{"href":"https:\/\/wp.kristdemokraterna.se\/motala\/wp-json\/wp\/v2\/types\/page"}],"author":[{"embeddable":true,"href":"https:\/\/wp.kristdemokraterna.se\/motala\/wp-json\/wp\/v2\/users\/686"}],"replies":[{"embeddable":true,"href":"https:\/\/wp.kristdemokraterna.se\/motala\/wp-json\/wp\/v2\/comments?post=1167"}],"version-history":[{"count":22,"href":"https:\/\/wp.kristdemokraterna.se\/motala\/wp-json\/wp\/v2\/pages\/1167\/revisions"}],"predecessor-version":[{"id":4128,"href":"https:\/\/wp.kristdemokraterna.se\/motala\/wp-json\/wp\/v2\/pages\/1167\/revisions\/4128"}],"up":[{"embeddable":true,"href":"https:\/\/wp.kristdemokraterna.se\/motala\/wp-json\/wp\/v2\/pages\/4086"}],"wp:attachment":[{"href":"https:\/\/wp.kristdemokraterna.se\/motala\/wp-json\/wp\/v2\/media?parent=1167"}],"curies":[{"name":"wp","href":"https:\/\/api.w.org\/{rel}","templated":true}]}}