{"id":1581,"date":"2015-10-20T17:30:26","date_gmt":"2015-10-20T15:30:26","guid":{"rendered":"http:\/\/wp.kristdemokraterna.se\/motala\/?page_id=1581"},"modified":"2015-10-21T18:34:59","modified_gmt":"2015-10-21T16:34:59","slug":"motion-om-trafiksakrare-cykling-i-cykelstaden","status":"publish","type":"page","link":"https:\/\/wp.kristdemokraterna.se\/motala\/motioner\/motion-om-trafiksakrare-cykling-i-cykelstaden\/","title":{"rendered":"Motion om trafiks\u00e4krare cykling i Cykelstaden"},"content":{"rendered":"<p>2015-10-20<br \/>\n<strong>Trafiks\u00e4krare cykling i cykelstaden<\/strong><br \/>\nI dag har jag l\u00e4mnat in en motion om trafiks\u00e4krare cykling i cykelstaden Motala.<\/p>\n<p><a href=\"https:\/\/www.kristdemokraterna.se\/Kontaktportal\/Kontaktportalsida\/?pId=9837\" target=\"_blank\">Nils-Ingvar Graan<\/a><br \/>\nKristdemokraterna<\/p>\n<p>&gt;\u00a0<a href=\"http:\/\/wp.kristdemokraterna.se\/motala\/files\/2015\/10\/20151020_trafiksakrare_cykling_i_cykelstaden.pdf\" target=\"_blank\">20151020_trafiksakrare_cykling_i_cykelstaden<\/a> (pdf)<\/p>\n","protected":false},"excerpt":{"rendered":"<p>2015-10-20 Trafiks\u00e4krare cykling i cykelstaden I dag har jag l\u00e4mnat in en motion om trafiks\u00e4krare cykling i cykelstaden Motala. Nils-Ingvar Graan Kristdemokraterna &gt;\u00a020151020_trafiksakrare_cykling_i_cykelstaden (pdf)<\/p>\n","protected":false},"author":686,"featured_media":0,"parent":343,"menu_order":0,"comment_status":"closed","ping_status":"closed","template":"","meta":{"_acf_changed":false,"footnotes":""},"class_list":["post-1581","page","type-page","status-publish","hentry"],"acf":[],"yoast_head":"<!-- This site is optimized with the Yoast SEO plugin v27.3 - https:\/\/yoast.com\/product\/yoast-seo-wordpress\/ -->\n<title>Motion om trafiks\u00e4krare cykling i Cykelstaden - Kristdemokraterna i Motala<\/title>\n<meta name=\"robots\" content=\"index, follow, max-snippet:-1, max-image-preview:large, max-video-preview:-1\" \/>\n<link rel=\"canonical\" href=\"https:\/\/wp.kristdemokraterna.se\/motala\/motioner\/motion-om-trafiksakrare-cykling-i-cykelstaden\/\" \/>\n<meta property=\"og:locale\" content=\"sv_SE\" \/>\n<meta property=\"og:type\" content=\"article\" \/>\n<meta property=\"og:title\" content=\"Motion om trafiks\u00e4krare cykling i Cykelstaden - Kristdemokraterna i Motala\" \/>\n<meta property=\"og:description\" content=\"2015-10-20 Trafiks\u00e4krare cykling i cykelstaden I dag har jag l\u00e4mnat in en motion om trafiks\u00e4krare cykling i cykelstaden Motala. Nils-Ingvar Graan Kristdemokraterna &gt;\u00a020151020_trafiksakrare_cykling_i_cykelstaden (pdf)\" \/>\n<meta property=\"og:url\" content=\"https:\/\/wp.kristdemokraterna.se\/motala\/motioner\/motion-om-trafiksakrare-cykling-i-cykelstaden\/\" \/>\n<meta property=\"og:site_name\" content=\"Kristdemokraterna i Motala\" \/>\n<meta property=\"article:modified_time\" content=\"2015-10-21T16:34:59+00:00\" \/>\n<meta name=\"twitter:card\" content=\"summary_large_image\" \/>\n<script type=\"application\/ld+json\" class=\"yoast-schema-graph\">{\"@context\":\"https:\\\/\\\/schema.org\",\"@graph\":[{\"@type\":\"WebPage\",\"@id\":\"https:\\\/\\\/wp.kristdemokraterna.se\\\/motala\\\/motioner\\\/motion-om-trafiksakrare-cykling-i-cykelstaden\\\/\",\"url\":\"https:\\\/\\\/wp.kristdemokraterna.se\\\/motala\\\/motioner\\\/motion-om-trafiksakrare-cykling-i-cykelstaden\\\/\",\"name\":\"Motion om trafiks\u00e4krare cykling i Cykelstaden - Kristdemokraterna i Motala\",\"isPartOf\":{\"@id\":\"https:\\\/\\\/wp.kristdemokraterna.se\\\/motala\\\/#website\"},\"datePublished\":\"2015-10-20T15:30:26+00:00\",\"dateModified\":\"2015-10-21T16:34:59+00:00\",\"breadcrumb\":{\"@id\":\"https:\\\/\\\/wp.kristdemokraterna.se\\\/motala\\\/motioner\\\/motion-om-trafiksakrare-cykling-i-cykelstaden\\\/#breadcrumb\"},\"inLanguage\":\"sv-SE\",\"potentialAction\":[{\"@type\":\"ReadAction\",\"target\":[\"https:\\\/\\\/wp.kristdemokraterna.se\\\/motala\\\/motioner\\\/motion-om-trafiksakrare-cykling-i-cykelstaden\\\/\"]}]},{\"@type\":\"BreadcrumbList\",\"@id\":\"https:\\\/\\\/wp.kristdemokraterna.se\\\/motala\\\/motioner\\\/motion-om-trafiksakrare-cykling-i-cykelstaden\\\/#breadcrumb\",\"itemListElement\":[{\"@type\":\"ListItem\",\"position\":1,\"name\":\"Hem\",\"item\":\"https:\\\/\\\/wp.kristdemokraterna.se\\\/motala\\\/\"},{\"@type\":\"ListItem\",\"position\":2,\"name\":\"Motioner\",\"item\":\"https:\\\/\\\/wp.kristdemokraterna.se\\\/motala\\\/motioner\\\/\"},{\"@type\":\"ListItem\",\"position\":3,\"name\":\"Motion om trafiks\u00e4krare cykling i Cykelstaden\"}]},{\"@type\":\"WebSite\",\"@id\":\"https:\\\/\\\/wp.kristdemokraterna.se\\\/motala\\\/#website\",\"url\":\"https:\\\/\\\/wp.kristdemokraterna.se\\\/motala\\\/\",\"name\":\"Kristdemokraterna i Motala\",\"description\":\"Kristdemokraterna\",\"inLanguage\":\"sv-SE\"}]}<\/script>\n<!-- \/ Yoast SEO plugin. -->","yoast_head_json":{"title":"Motion om trafiks\u00e4krare cykling i Cykelstaden - Kristdemokraterna i Motala","robots":{"index":"index","follow":"follow","max-snippet":"max-snippet:-1","max-image-preview":"max-image-preview:large","max-video-preview":"max-video-preview:-1"},"canonical":"https:\/\/wp.kristdemokraterna.se\/motala\/motioner\/motion-om-trafiksakrare-cykling-i-cykelstaden\/","og_locale":"sv_SE","og_type":"article","og_title":"Motion om trafiks\u00e4krare cykling i Cykelstaden - Kristdemokraterna i Motala","og_description":"2015-10-20 Trafiks\u00e4krare cykling i cykelstaden I dag har jag l\u00e4mnat in en motion om trafiks\u00e4krare cykling i cykelstaden Motala. Nils-Ingvar Graan Kristdemokraterna &gt;\u00a020151020_trafiksakrare_cykling_i_cykelstaden (pdf)","og_url":"https:\/\/wp.kristdemokraterna.se\/motala\/motioner\/motion-om-trafiksakrare-cykling-i-cykelstaden\/","og_site_name":"Kristdemokraterna i Motala","article_modified_time":"2015-10-21T16:34:59+00:00","twitter_card":"summary_large_image","schema":{"@context":"https:\/\/schema.org","@graph":[{"@type":"WebPage","@id":"https:\/\/wp.kristdemokraterna.se\/motala\/motioner\/motion-om-trafiksakrare-cykling-i-cykelstaden\/","url":"https:\/\/wp.kristdemokraterna.se\/motala\/motioner\/motion-om-trafiksakrare-cykling-i-cykelstaden\/","name":"Motion om trafiks\u00e4krare cykling i Cykelstaden - Kristdemokraterna i Motala","isPartOf":{"@id":"https:\/\/wp.kristdemokraterna.se\/motala\/#website"},"datePublished":"2015-10-20T15:30:26+00:00","dateModified":"2015-10-21T16:34:59+00:00","breadcrumb":{"@id":"https:\/\/wp.kristdemokraterna.se\/motala\/motioner\/motion-om-trafiksakrare-cykling-i-cykelstaden\/#breadcrumb"},"inLanguage":"sv-SE","potentialAction":[{"@type":"ReadAction","target":["https:\/\/wp.kristdemokraterna.se\/motala\/motioner\/motion-om-trafiksakrare-cykling-i-cykelstaden\/"]}]},{"@type":"BreadcrumbList","@id":"https:\/\/wp.kristdemokraterna.se\/motala\/motioner\/motion-om-trafiksakrare-cykling-i-cykelstaden\/#breadcrumb","itemListElement":[{"@type":"ListItem","position":1,"name":"Hem","item":"https:\/\/wp.kristdemokraterna.se\/motala\/"},{"@type":"ListItem","position":2,"name":"Motioner","item":"https:\/\/wp.kristdemokraterna.se\/motala\/motioner\/"},{"@type":"ListItem","position":3,"name":"Motion om trafiks\u00e4krare cykling i Cykelstaden"}]},{"@type":"WebSite","@id":"https:\/\/wp.kristdemokraterna.se\/motala\/#website","url":"https:\/\/wp.kristdemokraterna.se\/motala\/","name":"Kristdemokraterna i Motala","description":"Kristdemokraterna","inLanguage":"sv-SE"}]}},"_links":{"self":[{"href":"https:\/\/wp.kristdemokraterna.se\/motala\/wp-json\/wp\/v2\/pages\/1581","targetHints":{"allow":["GET"]}}],"collection":[{"href":"https:\/\/wp.kristdemokraterna.se\/motala\/wp-json\/wp\/v2\/pages"}],"about":[{"href":"https:\/\/wp.kristdemokraterna.se\/motala\/wp-json\/wp\/v2\/types\/page"}],"author":[{"embeddable":true,"href":"https:\/\/wp.kristdemokraterna.se\/motala\/wp-json\/wp\/v2\/users\/686"}],"replies":[{"embeddable":true,"href":"https:\/\/wp.kristdemokraterna.se\/motala\/wp-json\/wp\/v2\/comments?post=1581"}],"version-history":[{"count":5,"href":"https:\/\/wp.kristdemokraterna.se\/motala\/wp-json\/wp\/v2\/pages\/1581\/revisions"}],"predecessor-version":[{"id":1583,"href":"https:\/\/wp.kristdemokraterna.se\/motala\/wp-json\/wp\/v2\/pages\/1581\/revisions\/1583"}],"up":[{"embeddable":true,"href":"https:\/\/wp.kristdemokraterna.se\/motala\/wp-json\/wp\/v2\/pages\/343"}],"wp:attachment":[{"href":"https:\/\/wp.kristdemokraterna.se\/motala\/wp-json\/wp\/v2\/media?parent=1581"}],"curies":[{"name":"wp","href":"https:\/\/api.w.org\/{rel}","templated":true}]}}