{"id":2202,"date":"2016-09-30T10:44:06","date_gmt":"2016-09-30T08:44:06","guid":{"rendered":"http:\/\/wp.kristdemokraterna.se\/motala\/?page_id=2202"},"modified":"2019-04-09T14:17:08","modified_gmt":"2019-04-09T12:17:08","slug":"sociala-medier","status":"publish","type":"page","link":"https:\/\/wp.kristdemokraterna.se\/motala\/sociala-medier\/","title":{"rendered":"Sociala medier"},"content":{"rendered":"<p><a href=\"https:\/\/pixabay.com\/sv\/sociala-medier-word-cloud-936543\/\" target=\"_blank\" rel=\"noopener noreferrer\"><img loading=\"lazy\" decoding=\"async\" class=\"wp-image-2204 alignnone\" src=\"http:\/\/wp.kristdemokraterna.se\/motala\/files\/2016\/09\/social-media-936543_1280-1024x1024.jpg\" alt=\"social-media-936543-1280\" width=\"384\" height=\"384\" srcset=\"https:\/\/wp.kristdemokraterna.se\/motala\/files\/2016\/09\/social-media-936543_1280-1024x1024.jpg 1024w, https:\/\/wp.kristdemokraterna.se\/motala\/files\/2016\/09\/social-media-936543_1280-150x150.jpg 150w, https:\/\/wp.kristdemokraterna.se\/motala\/files\/2016\/09\/social-media-936543_1280-300x300.jpg 300w, https:\/\/wp.kristdemokraterna.se\/motala\/files\/2016\/09\/social-media-936543_1280-768x768.jpg 768w, https:\/\/wp.kristdemokraterna.se\/motala\/files\/2016\/09\/social-media-936543_1280-346x346.jpg 346w, https:\/\/wp.kristdemokraterna.se\/motala\/files\/2016\/09\/social-media-936543_1280-112x112.jpg 112w, https:\/\/wp.kristdemokraterna.se\/motala\/files\/2016\/09\/social-media-936543_1280.jpg 1280w\" sizes=\"auto, (max-width: 384px) 100vw, 384px\" \/><\/a><\/p>\n<p>F\u00f6lj g\u00e4rna v\u00e5ra sociala medier kanaler f\u00f6r senaste nytt fr\u00e5n Kristdemokraterna &#8221;<em>lokalt , distrikt, regionalt, och \u00e4ven riks<\/em>\u201d.<\/p>\n<p><strong>Kristdemokraterna Motala<br \/>\n<\/strong>&gt;\u00a0<a href=\"https:\/\/www.facebook.com\/kdmotala\/\" target=\"_blank\" rel=\"noopener noreferrer\">facebook<\/a><br \/>\n&gt; <a href=\"https:\/\/twitter.com\/kdmotala\" target=\"_blank\" rel=\"noopener noreferrer\">twitter<\/a><br \/>\n&gt; <a href=\"https:\/\/www.instagram.com\/kdmotala\/\" target=\"_blank\" rel=\"noopener noreferrer\">Instagram<\/a><\/p>\n<p>&gt; <a href=\"https:\/\/storify.com\/kdmotala\" target=\"_blank\" rel=\"noopener noreferrer\">Storify<\/a><br \/>\n&gt; <a href=\"https:\/\/plus.google.com\/116775642626353065186\" target=\"_blank\" rel=\"noopener noreferrer\">Google+<\/a><\/p>\n<hr \/>\n<p><strong>Kristdemokraterna \u00d6sterg\u00f6tland<br \/>\n<\/strong>&gt; <a href=\"https:\/\/www.facebook.com\/KDostergotland\/\" target=\"_blank\" rel=\"noopener noreferrer\">facebook<\/a><br \/>\n&gt; <a href=\"https:\/\/twitter.com\/kdostergotland\" target=\"_blank\" rel=\"noopener noreferrer\">twitter<\/a><\/p>\n<p><strong>Kristdemokraterna Region \u00d6sterg\u00f6tland<br \/>\n<\/strong>&gt; <a href=\"https:\/\/www.facebook.com\/KDRegionOstergotland\/\" target=\"_blank\" rel=\"noopener noreferrer\">facebook<\/a><br \/>\n&gt; <a href=\"https:\/\/twitter.com\/kdregionost\" target=\"_blank\" rel=\"noopener noreferrer\">twitter<\/a><br \/>\n<strong><br \/>\n<\/strong><strong>Kristdemokraterna Sverige<br \/>\n<\/strong>&gt; <a href=\"https:\/\/www.facebook.com\/pages\/Kristdemokraterna\/115198178364\" target=\"_blank\" rel=\"noopener noreferrer\">facebook<\/a><br \/>\n&gt; <a href=\"https:\/\/twitter.com\/kdriks\" target=\"_blank\" rel=\"noopener noreferrer\">twitter<\/a><br \/>\n&gt; <a href=\"https:\/\/www.instagram.com\/kristdemokraterna\/\" target=\"_blank\" rel=\"noopener noreferrer\">Instagram<\/a><br \/>\n&gt; <a href=\"https:\/\/www.youtube.com\/user\/studiokd\" target=\"_blank\" rel=\"noopener noreferrer\">YouTube<\/a><br \/>\n&gt; <a href=\"https:\/\/plus.google.com\/103913020457586926140\" target=\"_blank\" rel=\"noopener noreferrer\">Google+<\/a><\/p>\n<hr \/>\n<p><strong>Bloggar<\/strong><br \/>\n&gt; <a href=\"http:\/\/www.kdbloggar.se\/\" target=\"_blank\" rel=\"noopener noreferrer\">KD Bloggar<\/a><br \/>\n&gt; <a href=\"http:\/\/wp.kristdemokraterna.se\/skolbloggen\" target=\"_blank\" rel=\"noopener noreferrer\">KD Skolbloggen<\/a><br \/>\n&gt; <a href=\"http:\/\/graanbloggen.wordpress.com\/\" target=\"_blank\" rel=\"noopener noreferrer\">Nils-Ingvar Graans blogg<\/a><\/p>\n","protected":false},"excerpt":{"rendered":"<p>F\u00f6lj g\u00e4rna v\u00e5ra sociala medier kanaler f\u00f6r senaste nytt fr\u00e5n Kristdemokraterna &#8221;lokalt , distrikt, regionalt, och \u00e4ven riks\u201d. Kristdemokraterna Motala &gt;\u00a0facebook &gt; twitter &gt; Instagram &gt; Storify &gt; Google+ Kristdemokraterna \u00d6sterg\u00f6tland &gt; facebook &gt; twitter Kristdemokraterna Region \u00d6sterg\u00f6tland &gt; facebook &gt; twitter Kristdemokraterna Sverige &gt; facebook &gt; twitter &gt; Instagram &gt; YouTube &gt; Google+ Bloggar <a class=\"read-more-link\" href=\"https:\/\/wp.kristdemokraterna.se\/motala\/sociala-medier\/\">Read More<\/a><\/p>\n","protected":false},"author":686,"featured_media":0,"parent":0,"menu_order":40,"comment_status":"closed","ping_status":"closed","template":"","meta":{"_acf_changed":false,"footnotes":""},"class_list":["post-2202","page","type-page","status-publish","hentry"],"acf":[],"yoast_head":"<!-- This site is optimized with the Yoast SEO plugin v27.5 - https:\/\/yoast.com\/product\/yoast-seo-wordpress\/ -->\n<title>Sociala medier - Kristdemokraterna i Motala<\/title>\n<meta name=\"robots\" content=\"index, follow, max-snippet:-1, max-image-preview:large, max-video-preview:-1\" \/>\n<link rel=\"canonical\" href=\"https:\/\/wp.kristdemokraterna.se\/motala\/sociala-medier\/\" \/>\n<meta property=\"og:locale\" content=\"sv_SE\" \/>\n<meta property=\"og:type\" content=\"article\" \/>\n<meta property=\"og:title\" content=\"Sociala medier - Kristdemokraterna i Motala\" \/>\n<meta property=\"og:description\" content=\"F\u00f6lj g\u00e4rna v\u00e5ra sociala medier kanaler f\u00f6r senaste nytt fr\u00e5n Kristdemokraterna &#8221;lokalt , distrikt, regionalt, och \u00e4ven riks\u201d. Kristdemokraterna Motala &gt;\u00a0facebook &gt; twitter &gt; Instagram &gt; Storify &gt; Google+ Kristdemokraterna \u00d6sterg\u00f6tland &gt; facebook &gt; twitter Kristdemokraterna Region \u00d6sterg\u00f6tland &gt; facebook &gt; twitter Kristdemokraterna Sverige &gt; facebook &gt; twitter &gt; Instagram &gt; YouTube &gt; Google+ Bloggar Read More\" \/>\n<meta property=\"og:url\" content=\"https:\/\/wp.kristdemokraterna.se\/motala\/sociala-medier\/\" \/>\n<meta property=\"og:site_name\" content=\"Kristdemokraterna i Motala\" \/>\n<meta property=\"article:modified_time\" content=\"2019-04-09T12:17:08+00:00\" \/>\n<meta property=\"og:image\" content=\"http:\/\/wp.kristdemokraterna.se\/motala\/files\/2016\/09\/social-media-936543_1280-1024x1024.jpg\" \/>\n<meta name=\"twitter:card\" content=\"summary_large_image\" \/>\n<script type=\"application\/ld+json\" class=\"yoast-schema-graph\">{\"@context\":\"https:\\\/\\\/schema.org\",\"@graph\":[{\"@type\":\"WebPage\",\"@id\":\"https:\\\/\\\/wp.kristdemokraterna.se\\\/motala\\\/sociala-medier\\\/\",\"url\":\"https:\\\/\\\/wp.kristdemokraterna.se\\\/motala\\\/sociala-medier\\\/\",\"name\":\"Sociala medier - Kristdemokraterna i Motala\",\"isPartOf\":{\"@id\":\"https:\\\/\\\/wp.kristdemokraterna.se\\\/motala\\\/#website\"},\"primaryImageOfPage\":{\"@id\":\"https:\\\/\\\/wp.kristdemokraterna.se\\\/motala\\\/sociala-medier\\\/#primaryimage\"},\"image\":{\"@id\":\"https:\\\/\\\/wp.kristdemokraterna.se\\\/motala\\\/sociala-medier\\\/#primaryimage\"},\"thumbnailUrl\":\"http:\\\/\\\/wp.kristdemokraterna.se\\\/motala\\\/files\\\/2016\\\/09\\\/social-media-936543_1280-1024x1024.jpg\",\"datePublished\":\"2016-09-30T08:44:06+00:00\",\"dateModified\":\"2019-04-09T12:17:08+00:00\",\"breadcrumb\":{\"@id\":\"https:\\\/\\\/wp.kristdemokraterna.se\\\/motala\\\/sociala-medier\\\/#breadcrumb\"},\"inLanguage\":\"sv-SE\",\"potentialAction\":[{\"@type\":\"ReadAction\",\"target\":[\"https:\\\/\\\/wp.kristdemokraterna.se\\\/motala\\\/sociala-medier\\\/\"]}]},{\"@type\":\"ImageObject\",\"inLanguage\":\"sv-SE\",\"@id\":\"https:\\\/\\\/wp.kristdemokraterna.se\\\/motala\\\/sociala-medier\\\/#primaryimage\",\"url\":\"https:\\\/\\\/wp.kristdemokraterna.se\\\/motala\\\/files\\\/2016\\\/09\\\/social-media-936543_1280.jpg\",\"contentUrl\":\"https:\\\/\\\/wp.kristdemokraterna.se\\\/motala\\\/files\\\/2016\\\/09\\\/social-media-936543_1280.jpg\",\"width\":1280,\"height\":1280},{\"@type\":\"BreadcrumbList\",\"@id\":\"https:\\\/\\\/wp.kristdemokraterna.se\\\/motala\\\/sociala-medier\\\/#breadcrumb\",\"itemListElement\":[{\"@type\":\"ListItem\",\"position\":1,\"name\":\"Hem\",\"item\":\"https:\\\/\\\/wp.kristdemokraterna.se\\\/motala\\\/\"},{\"@type\":\"ListItem\",\"position\":2,\"name\":\"Sociala medier\"}]},{\"@type\":\"WebSite\",\"@id\":\"https:\\\/\\\/wp.kristdemokraterna.se\\\/motala\\\/#website\",\"url\":\"https:\\\/\\\/wp.kristdemokraterna.se\\\/motala\\\/\",\"name\":\"Kristdemokraterna i Motala\",\"description\":\"Kristdemokraterna\",\"inLanguage\":\"sv-SE\"}]}<\/script>\n<!-- \/ Yoast SEO plugin. -->","yoast_head_json":{"title":"Sociala medier - Kristdemokraterna i Motala","robots":{"index":"index","follow":"follow","max-snippet":"max-snippet:-1","max-image-preview":"max-image-preview:large","max-video-preview":"max-video-preview:-1"},"canonical":"https:\/\/wp.kristdemokraterna.se\/motala\/sociala-medier\/","og_locale":"sv_SE","og_type":"article","og_title":"Sociala medier - Kristdemokraterna i Motala","og_description":"F\u00f6lj g\u00e4rna v\u00e5ra sociala medier kanaler f\u00f6r senaste nytt fr\u00e5n Kristdemokraterna &#8221;lokalt , distrikt, regionalt, och \u00e4ven riks\u201d. Kristdemokraterna Motala &gt;\u00a0facebook &gt; twitter &gt; Instagram &gt; Storify &gt; Google+ Kristdemokraterna \u00d6sterg\u00f6tland &gt; facebook &gt; twitter Kristdemokraterna Region \u00d6sterg\u00f6tland &gt; facebook &gt; twitter Kristdemokraterna Sverige &gt; facebook &gt; twitter &gt; Instagram &gt; YouTube &gt; Google+ Bloggar Read More","og_url":"https:\/\/wp.kristdemokraterna.se\/motala\/sociala-medier\/","og_site_name":"Kristdemokraterna i Motala","article_modified_time":"2019-04-09T12:17:08+00:00","og_image":[{"url":"http:\/\/wp.kristdemokraterna.se\/motala\/files\/2016\/09\/social-media-936543_1280-1024x1024.jpg","type":"","width":"","height":""}],"twitter_card":"summary_large_image","schema":{"@context":"https:\/\/schema.org","@graph":[{"@type":"WebPage","@id":"https:\/\/wp.kristdemokraterna.se\/motala\/sociala-medier\/","url":"https:\/\/wp.kristdemokraterna.se\/motala\/sociala-medier\/","name":"Sociala medier - Kristdemokraterna i Motala","isPartOf":{"@id":"https:\/\/wp.kristdemokraterna.se\/motala\/#website"},"primaryImageOfPage":{"@id":"https:\/\/wp.kristdemokraterna.se\/motala\/sociala-medier\/#primaryimage"},"image":{"@id":"https:\/\/wp.kristdemokraterna.se\/motala\/sociala-medier\/#primaryimage"},"thumbnailUrl":"http:\/\/wp.kristdemokraterna.se\/motala\/files\/2016\/09\/social-media-936543_1280-1024x1024.jpg","datePublished":"2016-09-30T08:44:06+00:00","dateModified":"2019-04-09T12:17:08+00:00","breadcrumb":{"@id":"https:\/\/wp.kristdemokraterna.se\/motala\/sociala-medier\/#breadcrumb"},"inLanguage":"sv-SE","potentialAction":[{"@type":"ReadAction","target":["https:\/\/wp.kristdemokraterna.se\/motala\/sociala-medier\/"]}]},{"@type":"ImageObject","inLanguage":"sv-SE","@id":"https:\/\/wp.kristdemokraterna.se\/motala\/sociala-medier\/#primaryimage","url":"https:\/\/wp.kristdemokraterna.se\/motala\/files\/2016\/09\/social-media-936543_1280.jpg","contentUrl":"https:\/\/wp.kristdemokraterna.se\/motala\/files\/2016\/09\/social-media-936543_1280.jpg","width":1280,"height":1280},{"@type":"BreadcrumbList","@id":"https:\/\/wp.kristdemokraterna.se\/motala\/sociala-medier\/#breadcrumb","itemListElement":[{"@type":"ListItem","position":1,"name":"Hem","item":"https:\/\/wp.kristdemokraterna.se\/motala\/"},{"@type":"ListItem","position":2,"name":"Sociala medier"}]},{"@type":"WebSite","@id":"https:\/\/wp.kristdemokraterna.se\/motala\/#website","url":"https:\/\/wp.kristdemokraterna.se\/motala\/","name":"Kristdemokraterna i Motala","description":"Kristdemokraterna","inLanguage":"sv-SE"}]}},"_links":{"self":[{"href":"https:\/\/wp.kristdemokraterna.se\/motala\/wp-json\/wp\/v2\/pages\/2202","targetHints":{"allow":["GET"]}}],"collection":[{"href":"https:\/\/wp.kristdemokraterna.se\/motala\/wp-json\/wp\/v2\/pages"}],"about":[{"href":"https:\/\/wp.kristdemokraterna.se\/motala\/wp-json\/wp\/v2\/types\/page"}],"author":[{"embeddable":true,"href":"https:\/\/wp.kristdemokraterna.se\/motala\/wp-json\/wp\/v2\/users\/686"}],"replies":[{"embeddable":true,"href":"https:\/\/wp.kristdemokraterna.se\/motala\/wp-json\/wp\/v2\/comments?post=2202"}],"version-history":[{"count":18,"href":"https:\/\/wp.kristdemokraterna.se\/motala\/wp-json\/wp\/v2\/pages\/2202\/revisions"}],"predecessor-version":[{"id":3300,"href":"https:\/\/wp.kristdemokraterna.se\/motala\/wp-json\/wp\/v2\/pages\/2202\/revisions\/3300"}],"wp:attachment":[{"href":"https:\/\/wp.kristdemokraterna.se\/motala\/wp-json\/wp\/v2\/media?parent=2202"}],"curies":[{"name":"wp","href":"https:\/\/api.w.org\/{rel}","templated":true}]}}

<p><a href="https://pixabay.com/sv/sociala-medier-word-cloud-936543/" target="_blank" rel="noopener noreferrer"><img loading="lazy" decoding="async" class="wp-image-2204 alignnone" src="http://wp.kristdemokraterna.se/motala/files/2016/09/social-media-936543_1280-1024x1024.jpg" alt="social-media-936543-1280" width="384" height="384" srcset="https://wp.kristdemokraterna.se/motala/files/2016/09/social-media-936543_1280-1024x1024.jpg 1024w, https://wp.kristdemokraterna.se/motala/files/2016/09/social-media-936543_1280-150x150.jpg 150w, https://wp.kristdemokraterna.se/motala/files/2016/09/social-media-936543_1280-300x300.jpg 300w, https://wp.kristdemokraterna.se/motala/files/2016/09/social-media-936543_1280-768x768.jpg 768w, https://wp.kristdemokraterna.se/motala/files/2016/09/social-media-936543_1280-346x346.jpg 346w, https://wp.kristdemokraterna.se/motala/files/2016/09/social-media-936543_1280-112x112.jpg 112w, https://wp.kristdemokraterna.se/motala/files/2016/09/social-media-936543_1280.jpg 1280w" sizes="auto, (max-width: 384px) 100vw, 384px" /></a></p>
<p>Följ gärna våra sociala medier kanaler för senaste nytt från Kristdemokraterna &#8221;<em>lokalt , distrikt, regionalt, och även riks</em>”.</p>
<p><strong>Kristdemokraterna Motala<br />
</strong>&gt; <a href="https://www.facebook.com/kdmotala/" target="_blank" rel="noopener noreferrer">facebook</a><br />
&gt; <a href="https://twitter.com/kdmotala" target="_blank" rel="noopener noreferrer">twitter</a><br />
&gt; <a href="https://www.instagram.com/kdmotala/" target="_blank" rel="noopener noreferrer">Instagram</a></p>
<p>&gt; <a href="https://storify.com/kdmotala" target="_blank" rel="noopener noreferrer">Storify</a><br />
&gt; <a href="https://plus.google.com/116775642626353065186" target="_blank" rel="noopener noreferrer">Google+</a></p>
<hr />
<p><strong>Kristdemokraterna Östergötland<br />
</strong>&gt; <a href="https://www.facebook.com/KDostergotland/" target="_blank" rel="noopener noreferrer">facebook</a><br />
&gt; <a href="https://twitter.com/kdostergotland" target="_blank" rel="noopener noreferrer">twitter</a></p>
<p><strong>Kristdemokraterna Region Östergötland<br />
</strong>&gt; <a href="https://www.facebook.com/KDRegionOstergotland/" target="_blank" rel="noopener noreferrer">facebook</a><br />
&gt; <a href="https://twitter.com/kdregionost" target="_blank" rel="noopener noreferrer">twitter</a><br />
<strong><br />
</strong><strong>Kristdemokraterna Sverige<br />
</strong>&gt; <a href="https://www.facebook.com/pages/Kristdemokraterna/115198178364" target="_blank" rel="noopener noreferrer">facebook</a><br />
&gt; <a href="https://twitter.com/kdriks" target="_blank" rel="noopener noreferrer">twitter</a><br />
&gt; <a href="https://www.instagram.com/kristdemokraterna/" target="_blank" rel="noopener noreferrer">Instagram</a><br />
&gt; <a href="https://www.youtube.com/user/studiokd" target="_blank" rel="noopener noreferrer">YouTube</a><br />
&gt; <a href="https://plus.google.com/103913020457586926140" target="_blank" rel="noopener noreferrer">Google+</a></p>
<hr />
<p><strong>Bloggar</strong><br />
&gt; <a href="http://www.kdbloggar.se/" target="_blank" rel="noopener noreferrer">KD Bloggar</a><br />
&gt; <a href="http://wp.kristdemokraterna.se/skolbloggen" target="_blank" rel="noopener noreferrer">KD Skolbloggen</a><br />
&gt; <a href="http://graanbloggen.wordpress.com/" target="_blank" rel="noopener noreferrer">Nils-Ingvar Graans blogg</a></p>

<p>Följ gärna våra sociala medier kanaler för senaste nytt från Kristdemokraterna &#8221;lokalt , distrikt, regionalt, och även riks”. Kristdemokraterna Motala &gt; facebook &gt; twitter &gt; Instagram &gt; Storify &gt; Google+ Kristdemokraterna Östergötland &gt; facebook &gt; twitter Kristdemokraterna Region Östergötland &gt; facebook &gt; twitter Kristdemokraterna Sverige &gt; facebook &gt; twitter &gt; Instagram &gt; YouTube &gt; Google+ Bloggar <a class="read-more-link" href="https://wp.kristdemokraterna.se/motala/sociala-medier/">Read More</a></p>

<!-- This site is optimized with the Yoast SEO plugin v27.5 - https://yoast.com/product/yoast-seo-wordpress/ -->
<title>Sociala medier - Kristdemokraterna i Motala</title>
<meta name="robots" content="index, follow, max-snippet:-1, max-image-preview:large, max-video-preview:-1" />
<link rel="canonical" href="https://wp.kristdemokraterna.se/motala/sociala-medier/" />
<meta property="og:locale" content="sv_SE" />
<meta property="og:type" content="article" />
<meta property="og:title" content="Sociala medier - Kristdemokraterna i Motala" />
<meta property="og:description" content="Följ gärna våra sociala medier kanaler för senaste nytt från Kristdemokraterna &#8221;lokalt , distrikt, regionalt, och även riks”. Kristdemokraterna Motala &gt; facebook &gt; twitter &gt; Instagram &gt; Storify &gt; Google+ Kristdemokraterna Östergötland &gt; facebook &gt; twitter Kristdemokraterna Region Östergötland &gt; facebook &gt; twitter Kristdemokraterna Sverige &gt; facebook &gt; twitter &gt; Instagram &gt; YouTube &gt; Google+ Bloggar Read More" />
<meta property="og:url" content="https://wp.kristdemokraterna.se/motala/sociala-medier/" />
<meta property="og:site_name" content="Kristdemokraterna i Motala" />
<meta property="article:modified_time" content="2019-04-09T12:17:08+00:00" />
<meta property="og:image" content="http://wp.kristdemokraterna.se/motala/files/2016/09/social-media-936543_1280-1024x1024.jpg" />
<meta name="twitter:card" content="summary_large_image" />
<script type="application/ld+json" class="yoast-schema-graph">{"@context":"https:\/\/schema.org","@graph":[{"@type":"WebPage","@id":"https:\/\/wp.kristdemokraterna.se\/motala\/sociala-medier\/","url":"https:\/\/wp.kristdemokraterna.se\/motala\/sociala-medier\/","name":"Sociala medier - Kristdemokraterna i Motala","isPartOf":{"@id":"https:\/\/wp.kristdemokraterna.se\/motala\/#website"},"primaryImageOfPage":{"@id":"https:\/\/wp.kristdemokraterna.se\/motala\/sociala-medier\/#primaryimage"},"image":{"@id":"https:\/\/wp.kristdemokraterna.se\/motala\/sociala-medier\/#primaryimage"},"thumbnailUrl":"http:\/\/wp.kristdemokraterna.se\/motala\/files\/2016\/09\/social-media-936543_1280-1024x1024.jpg","datePublished":"2016-09-30T08:44:06+00:00","dateModified":"2019-04-09T12:17:08+00:00","breadcrumb":{"@id":"https:\/\/wp.kristdemokraterna.se\/motala\/sociala-medier\/#breadcrumb"},"inLanguage":"sv-SE","potentialAction":[{"@type":"ReadAction","target":["https:\/\/wp.kristdemokraterna.se\/motala\/sociala-medier\/"]}]},{"@type":"ImageObject","inLanguage":"sv-SE","@id":"https:\/\/wp.kristdemokraterna.se\/motala\/sociala-medier\/#primaryimage","url":"https:\/\/wp.kristdemokraterna.se\/motala\/files\/2016\/09\/social-media-936543_1280.jpg","contentUrl":"https:\/\/wp.kristdemokraterna.se\/motala\/files\/2016\/09\/social-media-936543_1280.jpg","width":1280,"height":1280},{"@type":"BreadcrumbList","@id":"https:\/\/wp.kristdemokraterna.se\/motala\/sociala-medier\/#breadcrumb","itemListElement":[{"@type":"ListItem","position":1,"name":"Hem","item":"https:\/\/wp.kristdemokraterna.se\/motala\/"},{"@type":"ListItem","position":2,"name":"Sociala medier"}]},{"@type":"WebSite","@id":"https:\/\/wp.kristdemokraterna.se\/motala\/#website","url":"https:\/\/wp.kristdemokraterna.se\/motala\/","name":"Kristdemokraterna i Motala","description":"Kristdemokraterna","inLanguage":"sv-SE"}]}</script>
<!-- / Yoast SEO plugin. -->

Följ gärna våra sociala medier kanaler för senaste nytt från Kristdemokraterna &#8221;lokalt , distrikt, regionalt, och även riks”. Kristdemokraterna Motala &gt; facebook &gt; twitter &gt; Instagram &gt; Storify &gt; Google+ Kristdemokraterna Östergötland &gt; facebook &gt; twitter Kristdemokraterna Region Östergötland &gt; facebook &gt; twitter Kristdemokraterna Sverige &gt; facebook &gt; twitter &gt; Instagram &gt; YouTube &gt; Google+ Bloggar Read More
