{"id":286,"date":"2014-08-22T11:04:55","date_gmt":"2014-08-22T09:04:55","guid":{"rendered":"http:\/\/wp.kristdemokraterna.se\/motala\/?page_id=286"},"modified":"2019-04-08T16:42:50","modified_gmt":"2019-04-08T14:42:50","slug":"kommunkandidater-2014","status":"publish","type":"page","link":"https:\/\/wp.kristdemokraterna.se\/motala\/vara-kandidater\/kommunkandidater-2014\/","title":{"rendered":"Kommunkandidater 2014"},"content":{"rendered":"<p><a href=\"http:\/\/wp.kristdemokraterna.se\/motala\/kontakta-oss\/press\/\"><img loading=\"lazy\" decoding=\"async\" class=\"alignnone wp-image-223 size-large\" src=\"http:\/\/wp.kristdemokraterna.se\/motala\/files\/2010\/06\/pressbild_valet2014-1024x768.jpg\" alt=\"Nils-Ingvar Graan, Madel\u00e9ne Gyllenhammar, Jan Gyllenhammar | Foto: Kristdemokraterna Motala - pressbild_valet2014\" width=\"584\" height=\"438\" srcset=\"https:\/\/wp.kristdemokraterna.se\/motala\/files\/2010\/06\/pressbild_valet2014-1024x768.jpg 1024w, https:\/\/wp.kristdemokraterna.se\/motala\/files\/2010\/06\/pressbild_valet2014-300x225.jpg 300w, https:\/\/wp.kristdemokraterna.se\/motala\/files\/2010\/06\/pressbild_valet2014-461x346.jpg 461w, https:\/\/wp.kristdemokraterna.se\/motala\/files\/2010\/06\/pressbild_valet2014-149x112.jpg 149w, https:\/\/wp.kristdemokraterna.se\/motala\/files\/2010\/06\/pressbild_valet2014.jpg 1600w\" sizes=\"auto, (max-width: 584px) 100vw, 584px\" \/><\/a><em>Nils-Ingvar Graan, Madel\u00e9ne Gyllenhammar, Jan Gyllenhammar<br \/>\n<\/em><\/p>\n<p>1. Nils-Ingvar Graan, Gruppledare, mekaniker, Borensberg<br \/>\n2. Jan Gyllenhammar, Politisk sekreterare, Borensberg<br \/>\n3. Madel\u00e9ne Gyllenhammar, Logistikutvecklare, Borensberg<br \/>\n4. Erik Forslund, Systemutvecklare, Motala<br \/>\n5. Leman Morad, Undersk\u00f6terska, tolk, Motala<br \/>\n6. Norielle Munezero, Undersk\u00f6terska, Motala<br \/>\n7. Lars-Johan Sunnerberg, Assistent, Motala<br \/>\n8. Jessica Antebrink, Behandlingsassistent, Motala<br \/>\n9. Bruno Lindblom, F\u00f6retagare, Forn\u00e5sa<br \/>\n10. Raendie Andersson, Pension\u00e4r, Tj\u00e4llmo<br \/>\n11. Josiane-Mica Juurikivi, Personlig assistent, Motala<br \/>\n12. Kent Andersson, Lantarbetare, Borensberg<br \/>\n13. Pernilla Willemsen, L\u00e4rare, Motala<br \/>\n14. Mats Jarander, Skogsarbetare, Borensberg<br \/>\n15. Agneta Broberg, Distriktssk\u00f6terska, Motala<br \/>\n16. Rolf Fr\u00f6din, Handl\u00e4ggare, Borensberg<br \/>\n17. Zaharia Mihaltan, Personlig assistent, Motala<br \/>\n18. Semaan Kalo, St\u00e4llare, Motala<\/p>\n<p>&gt;\u00a0<a href=\"http:\/\/wp.kristdemokraterna.se\/motala\/files\/2015\/02\/0068-07798_motala_val2014.pdf\" target=\"_blank\" rel=\"noopener noreferrer\">0068-07798_motala_val2014<\/a> (pdf)<\/p>\n","protected":false},"excerpt":{"rendered":"<p>Nils-Ingvar Graan, Madel\u00e9ne Gyllenhammar, Jan Gyllenhammar 1. Nils-Ingvar Graan, Gruppledare, mekaniker, Borensberg 2. Jan Gyllenhammar, Politisk sekreterare, Borensberg 3. Madel\u00e9ne Gyllenhammar, Logistikutvecklare, Borensberg 4. Erik Forslund, Systemutvecklare, Motala 5. Leman Morad, Undersk\u00f6terska, tolk, Motala 6. Norielle Munezero, Undersk\u00f6terska, Motala 7. Lars-Johan Sunnerberg, Assistent, Motala 8. Jessica Antebrink, Behandlingsassistent, Motala 9. Bruno Lindblom, F\u00f6retagare, Forn\u00e5sa 10. <a class=\"read-more-link\" href=\"https:\/\/wp.kristdemokraterna.se\/motala\/vara-kandidater\/kommunkandidater-2014\/\">Read More<\/a><\/p>\n","protected":false},"author":689,"featured_media":0,"parent":572,"menu_order":3,"comment_status":"closed","ping_status":"closed","template":"","meta":{"_acf_changed":false,"footnotes":""},"class_list":["post-286","page","type-page","status-publish","hentry"],"acf":[],"yoast_head":"<!-- This site is optimized with the Yoast SEO plugin v27.3 - https:\/\/yoast.com\/product\/yoast-seo-wordpress\/ -->\n<title>Kommunkandidater 2014 - Kristdemokraterna i Motala<\/title>\n<meta name=\"robots\" content=\"index, follow, max-snippet:-1, max-image-preview:large, max-video-preview:-1\" \/>\n<link rel=\"canonical\" href=\"https:\/\/wp.kristdemokraterna.se\/motala\/vara-kandidater\/kommunkandidater-2014\/\" \/>\n<meta property=\"og:locale\" content=\"sv_SE\" \/>\n<meta property=\"og:type\" content=\"article\" \/>\n<meta property=\"og:title\" content=\"Kommunkandidater 2014 - Kristdemokraterna i Motala\" \/>\n<meta property=\"og:description\" content=\"Nils-Ingvar Graan, Madel\u00e9ne Gyllenhammar, Jan Gyllenhammar 1. Nils-Ingvar Graan, Gruppledare, mekaniker, Borensberg 2. Jan Gyllenhammar, Politisk sekreterare, Borensberg 3. Madel\u00e9ne Gyllenhammar, Logistikutvecklare, Borensberg 4. Erik Forslund, Systemutvecklare, Motala 5. Leman Morad, Undersk\u00f6terska, tolk, Motala 6. Norielle Munezero, Undersk\u00f6terska, Motala 7. Lars-Johan Sunnerberg, Assistent, Motala 8. Jessica Antebrink, Behandlingsassistent, Motala 9. Bruno Lindblom, F\u00f6retagare, Forn\u00e5sa 10. Read More\" \/>\n<meta property=\"og:url\" content=\"https:\/\/wp.kristdemokraterna.se\/motala\/vara-kandidater\/kommunkandidater-2014\/\" \/>\n<meta property=\"og:site_name\" content=\"Kristdemokraterna i Motala\" \/>\n<meta property=\"article:modified_time\" content=\"2019-04-08T14:42:50+00:00\" \/>\n<meta property=\"og:image\" content=\"http:\/\/wp.kristdemokraterna.se\/motala\/files\/2010\/06\/pressbild_valet2014-1024x768.jpg\" \/>\n<meta name=\"twitter:card\" content=\"summary_large_image\" \/>\n<meta name=\"twitter:label1\" content=\"Ber\u00e4knad l\u00e4stid\" \/>\n\t<meta name=\"twitter:data1\" content=\"1 minut\" \/>\n<script type=\"application\/ld+json\" class=\"yoast-schema-graph\">{\"@context\":\"https:\\\/\\\/schema.org\",\"@graph\":[{\"@type\":\"WebPage\",\"@id\":\"https:\\\/\\\/wp.kristdemokraterna.se\\\/motala\\\/vara-kandidater\\\/kommunkandidater-2014\\\/\",\"url\":\"https:\\\/\\\/wp.kristdemokraterna.se\\\/motala\\\/vara-kandidater\\\/kommunkandidater-2014\\\/\",\"name\":\"Kommunkandidater 2014 - Kristdemokraterna i Motala\",\"isPartOf\":{\"@id\":\"https:\\\/\\\/wp.kristdemokraterna.se\\\/motala\\\/#website\"},\"primaryImageOfPage\":{\"@id\":\"https:\\\/\\\/wp.kristdemokraterna.se\\\/motala\\\/vara-kandidater\\\/kommunkandidater-2014\\\/#primaryimage\"},\"image\":{\"@id\":\"https:\\\/\\\/wp.kristdemokraterna.se\\\/motala\\\/vara-kandidater\\\/kommunkandidater-2014\\\/#primaryimage\"},\"thumbnailUrl\":\"http:\\\/\\\/wp.kristdemokraterna.se\\\/motala\\\/files\\\/2010\\\/06\\\/pressbild_valet2014-1024x768.jpg\",\"datePublished\":\"2014-08-22T09:04:55+00:00\",\"dateModified\":\"2019-04-08T14:42:50+00:00\",\"breadcrumb\":{\"@id\":\"https:\\\/\\\/wp.kristdemokraterna.se\\\/motala\\\/vara-kandidater\\\/kommunkandidater-2014\\\/#breadcrumb\"},\"inLanguage\":\"sv-SE\",\"potentialAction\":[{\"@type\":\"ReadAction\",\"target\":[\"https:\\\/\\\/wp.kristdemokraterna.se\\\/motala\\\/vara-kandidater\\\/kommunkandidater-2014\\\/\"]}]},{\"@type\":\"ImageObject\",\"inLanguage\":\"sv-SE\",\"@id\":\"https:\\\/\\\/wp.kristdemokraterna.se\\\/motala\\\/vara-kandidater\\\/kommunkandidater-2014\\\/#primaryimage\",\"url\":\"https:\\\/\\\/wp.kristdemokraterna.se\\\/motala\\\/files\\\/2010\\\/06\\\/pressbild_valet2014.jpg\",\"contentUrl\":\"https:\\\/\\\/wp.kristdemokraterna.se\\\/motala\\\/files\\\/2010\\\/06\\\/pressbild_valet2014.jpg\",\"width\":1600,\"height\":1200},{\"@type\":\"BreadcrumbList\",\"@id\":\"https:\\\/\\\/wp.kristdemokraterna.se\\\/motala\\\/vara-kandidater\\\/kommunkandidater-2014\\\/#breadcrumb\",\"itemListElement\":[{\"@type\":\"ListItem\",\"position\":1,\"name\":\"Hem\",\"item\":\"https:\\\/\\\/wp.kristdemokraterna.se\\\/motala\\\/\"},{\"@type\":\"ListItem\",\"position\":2,\"name\":\"V\u00e5ra kandidater\",\"item\":\"https:\\\/\\\/wp.kristdemokraterna.se\\\/motala\\\/vara-kandidater\\\/\"},{\"@type\":\"ListItem\",\"position\":3,\"name\":\"Kommunkandidater 2014\"}]},{\"@type\":\"WebSite\",\"@id\":\"https:\\\/\\\/wp.kristdemokraterna.se\\\/motala\\\/#website\",\"url\":\"https:\\\/\\\/wp.kristdemokraterna.se\\\/motala\\\/\",\"name\":\"Kristdemokraterna i Motala\",\"description\":\"Kristdemokraterna\",\"inLanguage\":\"sv-SE\"}]}<\/script>\n<!-- \/ Yoast SEO plugin. -->","yoast_head_json":{"title":"Kommunkandidater 2014 - Kristdemokraterna i Motala","robots":{"index":"index","follow":"follow","max-snippet":"max-snippet:-1","max-image-preview":"max-image-preview:large","max-video-preview":"max-video-preview:-1"},"canonical":"https:\/\/wp.kristdemokraterna.se\/motala\/vara-kandidater\/kommunkandidater-2014\/","og_locale":"sv_SE","og_type":"article","og_title":"Kommunkandidater 2014 - Kristdemokraterna i Motala","og_description":"Nils-Ingvar Graan, Madel\u00e9ne Gyllenhammar, Jan Gyllenhammar 1. Nils-Ingvar Graan, Gruppledare, mekaniker, Borensberg 2. Jan Gyllenhammar, Politisk sekreterare, Borensberg 3. Madel\u00e9ne Gyllenhammar, Logistikutvecklare, Borensberg 4. Erik Forslund, Systemutvecklare, Motala 5. Leman Morad, Undersk\u00f6terska, tolk, Motala 6. Norielle Munezero, Undersk\u00f6terska, Motala 7. Lars-Johan Sunnerberg, Assistent, Motala 8. Jessica Antebrink, Behandlingsassistent, Motala 9. Bruno Lindblom, F\u00f6retagare, Forn\u00e5sa 10. Read More","og_url":"https:\/\/wp.kristdemokraterna.se\/motala\/vara-kandidater\/kommunkandidater-2014\/","og_site_name":"Kristdemokraterna i Motala","article_modified_time":"2019-04-08T14:42:50+00:00","og_image":[{"url":"http:\/\/wp.kristdemokraterna.se\/motala\/files\/2010\/06\/pressbild_valet2014-1024x768.jpg","type":"","width":"","height":""}],"twitter_card":"summary_large_image","twitter_misc":{"Ber\u00e4knad l\u00e4stid":"1 minut"},"schema":{"@context":"https:\/\/schema.org","@graph":[{"@type":"WebPage","@id":"https:\/\/wp.kristdemokraterna.se\/motala\/vara-kandidater\/kommunkandidater-2014\/","url":"https:\/\/wp.kristdemokraterna.se\/motala\/vara-kandidater\/kommunkandidater-2014\/","name":"Kommunkandidater 2014 - Kristdemokraterna i Motala","isPartOf":{"@id":"https:\/\/wp.kristdemokraterna.se\/motala\/#website"},"primaryImageOfPage":{"@id":"https:\/\/wp.kristdemokraterna.se\/motala\/vara-kandidater\/kommunkandidater-2014\/#primaryimage"},"image":{"@id":"https:\/\/wp.kristdemokraterna.se\/motala\/vara-kandidater\/kommunkandidater-2014\/#primaryimage"},"thumbnailUrl":"http:\/\/wp.kristdemokraterna.se\/motala\/files\/2010\/06\/pressbild_valet2014-1024x768.jpg","datePublished":"2014-08-22T09:04:55+00:00","dateModified":"2019-04-08T14:42:50+00:00","breadcrumb":{"@id":"https:\/\/wp.kristdemokraterna.se\/motala\/vara-kandidater\/kommunkandidater-2014\/#breadcrumb"},"inLanguage":"sv-SE","potentialAction":[{"@type":"ReadAction","target":["https:\/\/wp.kristdemokraterna.se\/motala\/vara-kandidater\/kommunkandidater-2014\/"]}]},{"@type":"ImageObject","inLanguage":"sv-SE","@id":"https:\/\/wp.kristdemokraterna.se\/motala\/vara-kandidater\/kommunkandidater-2014\/#primaryimage","url":"https:\/\/wp.kristdemokraterna.se\/motala\/files\/2010\/06\/pressbild_valet2014.jpg","contentUrl":"https:\/\/wp.kristdemokraterna.se\/motala\/files\/2010\/06\/pressbild_valet2014.jpg","width":1600,"height":1200},{"@type":"BreadcrumbList","@id":"https:\/\/wp.kristdemokraterna.se\/motala\/vara-kandidater\/kommunkandidater-2014\/#breadcrumb","itemListElement":[{"@type":"ListItem","position":1,"name":"Hem","item":"https:\/\/wp.kristdemokraterna.se\/motala\/"},{"@type":"ListItem","position":2,"name":"V\u00e5ra kandidater","item":"https:\/\/wp.kristdemokraterna.se\/motala\/vara-kandidater\/"},{"@type":"ListItem","position":3,"name":"Kommunkandidater 2014"}]},{"@type":"WebSite","@id":"https:\/\/wp.kristdemokraterna.se\/motala\/#website","url":"https:\/\/wp.kristdemokraterna.se\/motala\/","name":"Kristdemokraterna i Motala","description":"Kristdemokraterna","inLanguage":"sv-SE"}]}},"_links":{"self":[{"href":"https:\/\/wp.kristdemokraterna.se\/motala\/wp-json\/wp\/v2\/pages\/286","targetHints":{"allow":["GET"]}}],"collection":[{"href":"https:\/\/wp.kristdemokraterna.se\/motala\/wp-json\/wp\/v2\/pages"}],"about":[{"href":"https:\/\/wp.kristdemokraterna.se\/motala\/wp-json\/wp\/v2\/types\/page"}],"author":[{"embeddable":true,"href":"https:\/\/wp.kristdemokraterna.se\/motala\/wp-json\/wp\/v2\/users\/689"}],"replies":[{"embeddable":true,"href":"https:\/\/wp.kristdemokraterna.se\/motala\/wp-json\/wp\/v2\/comments?post=286"}],"version-history":[{"count":14,"href":"https:\/\/wp.kristdemokraterna.se\/motala\/wp-json\/wp\/v2\/pages\/286\/revisions"}],"predecessor-version":[{"id":3314,"href":"https:\/\/wp.kristdemokraterna.se\/motala\/wp-json\/wp\/v2\/pages\/286\/revisions\/3314"}],"up":[{"embeddable":true,"href":"https:\/\/wp.kristdemokraterna.se\/motala\/wp-json\/wp\/v2\/pages\/572"}],"wp:attachment":[{"href":"https:\/\/wp.kristdemokraterna.se\/motala\/wp-json\/wp\/v2\/media?parent=286"}],"curies":[{"name":"wp","href":"https:\/\/api.w.org\/{rel}","templated":true}]}}