{"id":2861,"date":"2018-04-21T18:06:13","date_gmt":"2018-04-21T16:06:13","guid":{"rendered":"http:\/\/wp.kristdemokraterna.se\/motala\/?page_id=2861"},"modified":"2023-08-16T11:51:00","modified_gmt":"2023-08-16T09:51:00","slug":"kontaktaoss","status":"publish","type":"page","link":"https:\/\/wp.kristdemokraterna.se\/motala\/kontaktaoss\/","title":{"rendered":"Kontakta oss"},"content":{"rendered":"<p><a href=\"http:\/\/wp.kristdemokraterna.se\/motala\/files\/2023\/08\/kommunhuset.png\"><img loading=\"lazy\" decoding=\"async\" class=\"alignnone size-large wp-image-4186\" src=\"http:\/\/wp.kristdemokraterna.se\/motala\/files\/2023\/08\/kommunhuset-1024x768.png\" alt=\"\" width=\"1024\" height=\"768\" srcset=\"https:\/\/wp.kristdemokraterna.se\/motala\/files\/2023\/08\/kommunhuset-1024x768.png 1024w, https:\/\/wp.kristdemokraterna.se\/motala\/files\/2023\/08\/kommunhuset-300x225.png 300w, https:\/\/wp.kristdemokraterna.se\/motala\/files\/2023\/08\/kommunhuset-768x576.png 768w, https:\/\/wp.kristdemokraterna.se\/motala\/files\/2023\/08\/kommunhuset-267x200.png 267w, https:\/\/wp.kristdemokraterna.se\/motala\/files\/2023\/08\/kommunhuset-370x277.png 370w, https:\/\/wp.kristdemokraterna.se\/motala\/files\/2023\/08\/kommunhuset-770x577.png 770w, https:\/\/wp.kristdemokraterna.se\/motala\/files\/2023\/08\/kommunhuset-450x337.png 450w, https:\/\/wp.kristdemokraterna.se\/motala\/files\/2023\/08\/kommunhuset-280x210.png 280w, https:\/\/wp.kristdemokraterna.se\/motala\/files\/2023\/08\/kommunhuset-340x255.png 340w, https:\/\/wp.kristdemokraterna.se\/motala\/files\/2023\/08\/kommunhuset-200x150.png 200w, https:\/\/wp.kristdemokraterna.se\/motala\/files\/2023\/08\/kommunhuset-75x56.png 75w, https:\/\/wp.kristdemokraterna.se\/motala\/files\/2023\/08\/kommunhuset.png 1167w\" sizes=\"auto, (max-width: 1024px) 100vw, 1024px\" \/><\/a><\/p>\n<p><strong>I kommunhuset kan du tr\u00e4ffa Kristdemokraternas gruppledare eller politiska sekreterare. Det \u00e4r b\u00e4st att kontakta oss per e-post eller telefon i f\u00f6rv\u00e4g f\u00f6r att best\u00e4mma tid f\u00f6r bes\u00f6k.<\/strong><\/p>\n<p>&nbsp;<\/p>\n<p><strong>Gruppledare<\/strong><br \/>\nErik Forslund<br \/>\n<a href=\"erik.forslund@motala.se\">e-post<\/a><\/p>\n<p><strong>Politisk sekreterare<\/strong><br \/>\nLinda Lagerqvist<br \/>\n<a href=\"linda.a.lagerqvist@motala.se\" target=\"_blank\" rel=\"noopener\">e-post<\/a><\/p>\n<p><strong>Postadress:<\/strong><br \/>\nKristdemokraterna Motala<br \/>\nMotala kommun<br \/>\n591 86 Motala<\/p>\n<p><strong>Bes\u00f6ksadress<\/strong> (<em>Kommunhuset<\/em>):<br \/>\nDrottninggatan 2, Motala<\/p>\n<p><strong>Tel:<\/strong>\u00a0 0141-22 5799 (direkt), 0141-22 50 00 (v\u00e4xel)<\/p>\n<p><strong>E-post:<\/strong> motala@kristdemokraterna.se<br \/>\n&#8211; <em>allm\u00e4nna fr\u00e5gor, inbjudningar\/debatter eller fakturor och dyl.<\/em><\/p>\n<p style=\"text-align: left\"><strong>Plusgiro:<\/strong> 86204-5\u00a0 (<em><span style=\"color: #ff0000\"><strong>OBS!<\/strong>\u00a0<\/span>ej f\u00f6r medlemsavgift<\/em>)<br \/>\nBetalningsmottagare:<em> Kristdemokraterna i Motala<\/em><\/p>\n<p>Org. nr:\u00a0 824000-857<\/p>\n<p>F\u00f6lj oss p\u00e5: <a href=\"https:\/\/www.facebook.com\/kdmotala\" target=\"_blank\" rel=\"noopener\">Facebook<\/a><\/p>\n<hr \/>\n<p>&nbsp;<\/p>\n","protected":false},"excerpt":{"rendered":"<p>I kommunhuset kan du tr\u00e4ffa Kristdemokraternas gruppledare eller politiska sekreterare. Det \u00e4r b\u00e4st att kontakta oss per e-post eller telefon i f\u00f6rv\u00e4g f\u00f6r att best\u00e4mma tid f\u00f6r bes\u00f6k. &nbsp; Gruppledare Erik Forslund e-post Politisk sekreterare Linda Lagerqvist e-post Postadress: Kristdemokraterna Motala Motala kommun 591 86 Motala Bes\u00f6ksadress (Kommunhuset): Drottninggatan 2, Motala Tel:\u00a0 0141-22 5799 (direkt), <a class=\"read-more-link\" href=\"https:\/\/wp.kristdemokraterna.se\/motala\/kontaktaoss\/\">Read More<\/a><\/p>\n","protected":false},"author":686,"featured_media":0,"parent":0,"menu_order":3,"comment_status":"closed","ping_status":"closed","template":"","meta":{"_acf_changed":false,"footnotes":""},"class_list":["post-2861","page","type-page","status-publish","hentry"],"acf":[],"yoast_head":"<!-- This site is optimized with the Yoast SEO plugin v27.4 - https:\/\/yoast.com\/product\/yoast-seo-wordpress\/ -->\n<title>Kontakta oss - Kristdemokraterna i Motala<\/title>\n<meta name=\"robots\" content=\"index, follow, max-snippet:-1, max-image-preview:large, max-video-preview:-1\" \/>\n<link rel=\"canonical\" href=\"https:\/\/wp.kristdemokraterna.se\/motala\/kontaktaoss\/\" \/>\n<meta property=\"og:locale\" content=\"sv_SE\" \/>\n<meta property=\"og:type\" content=\"article\" \/>\n<meta property=\"og:title\" content=\"Kontakta oss - Kristdemokraterna i Motala\" \/>\n<meta property=\"og:description\" content=\"I kommunhuset kan du tr\u00e4ffa Kristdemokraternas gruppledare eller politiska sekreterare. Det \u00e4r b\u00e4st att kontakta oss per e-post eller telefon i f\u00f6rv\u00e4g f\u00f6r att best\u00e4mma tid f\u00f6r bes\u00f6k. &nbsp; Gruppledare Erik Forslund e-post Politisk sekreterare Linda Lagerqvist e-post Postadress: Kristdemokraterna Motala Motala kommun 591 86 Motala Bes\u00f6ksadress (Kommunhuset): Drottninggatan 2, Motala Tel:\u00a0 0141-22 5799 (direkt), Read More\" \/>\n<meta property=\"og:url\" content=\"https:\/\/wp.kristdemokraterna.se\/motala\/kontaktaoss\/\" \/>\n<meta property=\"og:site_name\" content=\"Kristdemokraterna i Motala\" \/>\n<meta property=\"article:modified_time\" content=\"2023-08-16T09:51:00+00:00\" \/>\n<meta property=\"og:image\" content=\"http:\/\/wp.kristdemokraterna.se\/motala\/files\/2023\/08\/kommunhuset-1024x768.png\" \/>\n<meta name=\"twitter:card\" content=\"summary_large_image\" \/>\n<meta name=\"twitter:label1\" content=\"Ber\u00e4knad l\u00e4stid\" \/>\n\t<meta name=\"twitter:data1\" content=\"1 minut\" \/>\n<script type=\"application\/ld+json\" class=\"yoast-schema-graph\">{\"@context\":\"https:\\\/\\\/schema.org\",\"@graph\":[{\"@type\":\"WebPage\",\"@id\":\"https:\\\/\\\/wp.kristdemokraterna.se\\\/motala\\\/kontaktaoss\\\/\",\"url\":\"https:\\\/\\\/wp.kristdemokraterna.se\\\/motala\\\/kontaktaoss\\\/\",\"name\":\"Kontakta oss - Kristdemokraterna i Motala\",\"isPartOf\":{\"@id\":\"https:\\\/\\\/wp.kristdemokraterna.se\\\/motala\\\/#website\"},\"primaryImageOfPage\":{\"@id\":\"https:\\\/\\\/wp.kristdemokraterna.se\\\/motala\\\/kontaktaoss\\\/#primaryimage\"},\"image\":{\"@id\":\"https:\\\/\\\/wp.kristdemokraterna.se\\\/motala\\\/kontaktaoss\\\/#primaryimage\"},\"thumbnailUrl\":\"http:\\\/\\\/wp.kristdemokraterna.se\\\/motala\\\/files\\\/2023\\\/08\\\/kommunhuset-1024x768.png\",\"datePublished\":\"2018-04-21T16:06:13+00:00\",\"dateModified\":\"2023-08-16T09:51:00+00:00\",\"breadcrumb\":{\"@id\":\"https:\\\/\\\/wp.kristdemokraterna.se\\\/motala\\\/kontaktaoss\\\/#breadcrumb\"},\"inLanguage\":\"sv-SE\",\"potentialAction\":[{\"@type\":\"ReadAction\",\"target\":[\"https:\\\/\\\/wp.kristdemokraterna.se\\\/motala\\\/kontaktaoss\\\/\"]}]},{\"@type\":\"ImageObject\",\"inLanguage\":\"sv-SE\",\"@id\":\"https:\\\/\\\/wp.kristdemokraterna.se\\\/motala\\\/kontaktaoss\\\/#primaryimage\",\"url\":\"http:\\\/\\\/wp.kristdemokraterna.se\\\/motala\\\/files\\\/2023\\\/08\\\/kommunhuset-1024x768.png\",\"contentUrl\":\"http:\\\/\\\/wp.kristdemokraterna.se\\\/motala\\\/files\\\/2023\\\/08\\\/kommunhuset-1024x768.png\"},{\"@type\":\"BreadcrumbList\",\"@id\":\"https:\\\/\\\/wp.kristdemokraterna.se\\\/motala\\\/kontaktaoss\\\/#breadcrumb\",\"itemListElement\":[{\"@type\":\"ListItem\",\"position\":1,\"name\":\"Hem\",\"item\":\"https:\\\/\\\/wp.kristdemokraterna.se\\\/motala\\\/\"},{\"@type\":\"ListItem\",\"position\":2,\"name\":\"Kontakta oss\"}]},{\"@type\":\"WebSite\",\"@id\":\"https:\\\/\\\/wp.kristdemokraterna.se\\\/motala\\\/#website\",\"url\":\"https:\\\/\\\/wp.kristdemokraterna.se\\\/motala\\\/\",\"name\":\"Kristdemokraterna i Motala\",\"description\":\"Kristdemokraterna\",\"inLanguage\":\"sv-SE\"}]}<\/script>\n<!-- \/ Yoast SEO plugin. -->","yoast_head_json":{"title":"Kontakta oss - Kristdemokraterna i Motala","robots":{"index":"index","follow":"follow","max-snippet":"max-snippet:-1","max-image-preview":"max-image-preview:large","max-video-preview":"max-video-preview:-1"},"canonical":"https:\/\/wp.kristdemokraterna.se\/motala\/kontaktaoss\/","og_locale":"sv_SE","og_type":"article","og_title":"Kontakta oss - Kristdemokraterna i Motala","og_description":"I kommunhuset kan du tr\u00e4ffa Kristdemokraternas gruppledare eller politiska sekreterare. Det \u00e4r b\u00e4st att kontakta oss per e-post eller telefon i f\u00f6rv\u00e4g f\u00f6r att best\u00e4mma tid f\u00f6r bes\u00f6k. &nbsp; Gruppledare Erik Forslund e-post Politisk sekreterare Linda Lagerqvist e-post Postadress: Kristdemokraterna Motala Motala kommun 591 86 Motala Bes\u00f6ksadress (Kommunhuset): Drottninggatan 2, Motala Tel:\u00a0 0141-22 5799 (direkt), Read More","og_url":"https:\/\/wp.kristdemokraterna.se\/motala\/kontaktaoss\/","og_site_name":"Kristdemokraterna i Motala","article_modified_time":"2023-08-16T09:51:00+00:00","og_image":[{"url":"http:\/\/wp.kristdemokraterna.se\/motala\/files\/2023\/08\/kommunhuset-1024x768.png","type":"","width":"","height":""}],"twitter_card":"summary_large_image","twitter_misc":{"Ber\u00e4knad l\u00e4stid":"1 minut"},"schema":{"@context":"https:\/\/schema.org","@graph":[{"@type":"WebPage","@id":"https:\/\/wp.kristdemokraterna.se\/motala\/kontaktaoss\/","url":"https:\/\/wp.kristdemokraterna.se\/motala\/kontaktaoss\/","name":"Kontakta oss - Kristdemokraterna i Motala","isPartOf":{"@id":"https:\/\/wp.kristdemokraterna.se\/motala\/#website"},"primaryImageOfPage":{"@id":"https:\/\/wp.kristdemokraterna.se\/motala\/kontaktaoss\/#primaryimage"},"image":{"@id":"https:\/\/wp.kristdemokraterna.se\/motala\/kontaktaoss\/#primaryimage"},"thumbnailUrl":"http:\/\/wp.kristdemokraterna.se\/motala\/files\/2023\/08\/kommunhuset-1024x768.png","datePublished":"2018-04-21T16:06:13+00:00","dateModified":"2023-08-16T09:51:00+00:00","breadcrumb":{"@id":"https:\/\/wp.kristdemokraterna.se\/motala\/kontaktaoss\/#breadcrumb"},"inLanguage":"sv-SE","potentialAction":[{"@type":"ReadAction","target":["https:\/\/wp.kristdemokraterna.se\/motala\/kontaktaoss\/"]}]},{"@type":"ImageObject","inLanguage":"sv-SE","@id":"https:\/\/wp.kristdemokraterna.se\/motala\/kontaktaoss\/#primaryimage","url":"http:\/\/wp.kristdemokraterna.se\/motala\/files\/2023\/08\/kommunhuset-1024x768.png","contentUrl":"http:\/\/wp.kristdemokraterna.se\/motala\/files\/2023\/08\/kommunhuset-1024x768.png"},{"@type":"BreadcrumbList","@id":"https:\/\/wp.kristdemokraterna.se\/motala\/kontaktaoss\/#breadcrumb","itemListElement":[{"@type":"ListItem","position":1,"name":"Hem","item":"https:\/\/wp.kristdemokraterna.se\/motala\/"},{"@type":"ListItem","position":2,"name":"Kontakta oss"}]},{"@type":"WebSite","@id":"https:\/\/wp.kristdemokraterna.se\/motala\/#website","url":"https:\/\/wp.kristdemokraterna.se\/motala\/","name":"Kristdemokraterna i Motala","description":"Kristdemokraterna","inLanguage":"sv-SE"}]}},"_links":{"self":[{"href":"https:\/\/wp.kristdemokraterna.se\/motala\/wp-json\/wp\/v2\/pages\/2861","targetHints":{"allow":["GET"]}}],"collection":[{"href":"https:\/\/wp.kristdemokraterna.se\/motala\/wp-json\/wp\/v2\/pages"}],"about":[{"href":"https:\/\/wp.kristdemokraterna.se\/motala\/wp-json\/wp\/v2\/types\/page"}],"author":[{"embeddable":true,"href":"https:\/\/wp.kristdemokraterna.se\/motala\/wp-json\/wp\/v2\/users\/686"}],"replies":[{"embeddable":true,"href":"https:\/\/wp.kristdemokraterna.se\/motala\/wp-json\/wp\/v2\/comments?post=2861"}],"version-history":[{"count":55,"href":"https:\/\/wp.kristdemokraterna.se\/motala\/wp-json\/wp\/v2\/pages\/2861\/revisions"}],"predecessor-version":[{"id":4188,"href":"https:\/\/wp.kristdemokraterna.se\/motala\/wp-json\/wp\/v2\/pages\/2861\/revisions\/4188"}],"wp:attachment":[{"href":"https:\/\/wp.kristdemokraterna.se\/motala\/wp-json\/wp\/v2\/media?parent=2861"}],"curies":[{"name":"wp","href":"https:\/\/api.w.org\/{rel}","templated":true}]}}