{"id":301,"date":"2010-04-02T18:37:07","date_gmt":"2010-04-02T16:37:07","guid":{"rendered":"http:\/\/wp.kristdemokraterna.se\/motala\/?page_id=301"},"modified":"2015-03-04T11:11:40","modified_gmt":"2015-03-04T10:11:40","slug":"valinformation-till-alla-hushall-2006","status":"publish","type":"page","link":"https:\/\/wp.kristdemokraterna.se\/motala\/program\/valinformation-till-alla-hushall-2006\/","title":{"rendered":"Valinformation till alla hush\u00e5ll 2006"},"content":{"rendered":"<p><img loading=\"lazy\" decoding=\"async\" class=\"alignnone size-full wp-image-592\" src=\"http:\/\/wp.kristdemokraterna.se\/motala\/files\/2015\/02\/hushall_motala2006_30.jpg\" alt=\"hushall_motala2006_30\" width=\"343\" height=\"257\" srcset=\"https:\/\/wp.kristdemokraterna.se\/motala\/files\/2015\/02\/hushall_motala2006_30.jpg 343w, https:\/\/wp.kristdemokraterna.se\/motala\/files\/2015\/02\/hushall_motala2006_30-300x225.jpg 300w, https:\/\/wp.kristdemokraterna.se\/motala\/files\/2015\/02\/hushall_motala2006_30-149x112.jpg 149w\" sizes=\"auto, (max-width: 343px) 100vw, 343px\" \/><br \/>\nMartina Axene, Ronny Fransson, Nils-Ingvar Graan, Lars-Johan Sunnerberg, Jessica Antebrink<\/p>\n<p><strong>Ge f\u00f6r\u00e4ldrar mer tid med barnen<\/strong><br \/>\nF\u00f6r\u00e4ldrar m\u00e5ste f\u00e5 m\u00f6jlighet till mer tid tillsammans med sina barn. Det \u00e4r vid k\u00f6ksbordet som f\u00f6r\u00e4ldrarna ska f\u00e5 best\u00e4mma den barnomsorgsform som passar deras barn b\u00e4st. Kommunen ska ha r\u00e4tt att f\u00f6rdela barnomsorgspengarna utifr\u00e5n f\u00f6r\u00e4ldrarnas \u00f6nskem\u00e5l och d\u00e4rmed r\u00e4tt att ge kommunalt v\u00e5rdnadsbidrag till de f\u00f6r\u00e4ldrar som sj\u00e4lva, p\u00e5 hel eller deltid, tar hand om sina barn. F\u00f6r att inte g\u00f6ra barnens &#8221;arbetsdag&#8221; l\u00e4ngre \u00e4n n\u00f6dv\u00e4ndigt ska barnomsorgenavgiftens storlek styras av hur m\u00e5nga timmar omsorg man beh\u00f6ver. Det ska finnas ett &#8221;maxtak&#8221; f\u00f6r hur stora f\u00f6rskolegrupperna f\u00e5r vara. Rimlig storlek p\u00e5 barngrupperna och bra personalf\u00f6rs\u00f6rjning kan garantera barnomsorg med h\u00f6g kvalitet.<\/p>\n<p><strong>En v\u00e4rdig omsorg<\/strong><br \/>\nOavsett omsorgsbehov har alla r\u00e4tt att k\u00e4nna trygghet och behandlas med v\u00e4rdighet. En v\u00e4rdighetsgaranti ska finnas som bland annat garanterar tillr\u00e4ckligt med personal, tillg\u00e5ng till l\u00e4kare, r\u00e4tt att komma upp i rimlig tid p\u00e5 morgonen och att f\u00e5 uppleva andra milj\u00f6er. Vi vill \u00f6ka valfriheten inom \u00e4ldreomsorgen f\u00f6r att den enskilde ska f\u00e5 p\u00e5verka sin situation och d\u00e4rmed k\u00e4nna en st\u00f6rre tillfredst\u00e4llelse. De anh\u00f6rigas insatser m\u00e5ste ocks\u00e5 uppv\u00e4rderas. Vi vill i \u00f6kad omfattning st\u00f6dja det frivilliga samh\u00e4llsarbetet f\u00f6r att sl\u00e4ppa loss den kraft som finns hos engagerade medborgare. F\u00f6r att s\u00e5 m\u00e5nga som m\u00f6jligt ska kunna ta del av kommunens service m\u00e5ste handikappsanpassning ske p\u00e5 m\u00e5nga st\u00e4llen. Ett s\u00e5dant \u00e4r entr\u00e9n till sport- och simhallen d\u00e4r det omg\u00e5ende m\u00e5ste bli en hiss.<\/p>\n<p><strong>Tydliga v\u00e4rderingar och kunskap<\/strong><br \/>\nI skolan ska v\u00e4rderingar, normer och kunskap f\u00f6rmedlas. Alla tre \u00e4r lika viktiga f\u00f6r ett framg\u00e5ngsrikt skolarbete. Vi vill ge de kommunala skolorna \u00f6kad sj\u00e4lvst\u00e4ndighet s\u00e5 att de blir j\u00e4mst\u00e4llda med friskolorna. Det kommer att ge ett \u00f6kat engagemang och b\u00e4ttre studieresultat. Skolan ska vara tydlig i att motverka mobbning och annan kr\u00e4nkande behandling.<\/p>\n<p>&gt;\u00a0<a href=\"http:\/\/wp.kristdemokraterna.se\/motala\/files\/2015\/02\/13503_motala_val2006.pdf\" target=\"_blank\">13503_motala_val2006<\/a> (pdf)<\/p>\n","protected":false},"excerpt":{"rendered":"<p>Martina Axene, Ronny Fransson, Nils-Ingvar Graan, Lars-Johan Sunnerberg, Jessica Antebrink Ge f\u00f6r\u00e4ldrar mer tid med barnen F\u00f6r\u00e4ldrar m\u00e5ste f\u00e5 m\u00f6jlighet till mer tid tillsammans med sina barn. Det \u00e4r vid k\u00f6ksbordet som f\u00f6r\u00e4ldrarna ska f\u00e5 best\u00e4mma den barnomsorgsform som passar deras barn b\u00e4st. Kommunen ska ha r\u00e4tt att f\u00f6rdela barnomsorgspengarna utifr\u00e5n f\u00f6r\u00e4ldrarnas \u00f6nskem\u00e5l och d\u00e4rmed <a class=\"read-more-link\" href=\"https:\/\/wp.kristdemokraterna.se\/motala\/program\/valinformation-till-alla-hushall-2006\/\">Read More<\/a><\/p>\n","protected":false},"author":689,"featured_media":0,"parent":544,"menu_order":0,"comment_status":"closed","ping_status":"closed","template":"","meta":{"_acf_changed":false,"footnotes":""},"class_list":["post-301","page","type-page","status-publish","hentry"],"acf":[],"yoast_head":"<!-- This site is optimized with the Yoast SEO plugin v27.4 - https:\/\/yoast.com\/product\/yoast-seo-wordpress\/ -->\n<title>Valinformation till alla hush\u00e5ll 2006 - Kristdemokraterna i Motala<\/title>\n<meta name=\"robots\" content=\"index, follow, max-snippet:-1, max-image-preview:large, max-video-preview:-1\" \/>\n<link rel=\"canonical\" href=\"https:\/\/wp.kristdemokraterna.se\/motala\/program\/valinformation-till-alla-hushall-2006\/\" \/>\n<meta property=\"og:locale\" content=\"sv_SE\" \/>\n<meta property=\"og:type\" content=\"article\" \/>\n<meta property=\"og:title\" content=\"Valinformation till alla hush\u00e5ll 2006 - Kristdemokraterna i Motala\" \/>\n<meta property=\"og:description\" content=\"Martina Axene, Ronny Fransson, Nils-Ingvar Graan, Lars-Johan Sunnerberg, Jessica Antebrink Ge f\u00f6r\u00e4ldrar mer tid med barnen F\u00f6r\u00e4ldrar m\u00e5ste f\u00e5 m\u00f6jlighet till mer tid tillsammans med sina barn. Det \u00e4r vid k\u00f6ksbordet som f\u00f6r\u00e4ldrarna ska f\u00e5 best\u00e4mma den barnomsorgsform som passar deras barn b\u00e4st. Kommunen ska ha r\u00e4tt att f\u00f6rdela barnomsorgspengarna utifr\u00e5n f\u00f6r\u00e4ldrarnas \u00f6nskem\u00e5l och d\u00e4rmed Read More\" \/>\n<meta property=\"og:url\" content=\"https:\/\/wp.kristdemokraterna.se\/motala\/program\/valinformation-till-alla-hushall-2006\/\" \/>\n<meta property=\"og:site_name\" content=\"Kristdemokraterna i Motala\" \/>\n<meta property=\"article:modified_time\" content=\"2015-03-04T10:11:40+00:00\" \/>\n<meta property=\"og:image\" content=\"http:\/\/wp.kristdemokraterna.se\/motala\/files\/2015\/02\/hushall_motala2006_30.jpg\" \/>\n<meta name=\"twitter:card\" content=\"summary_large_image\" \/>\n<meta name=\"twitter:label1\" content=\"Ber\u00e4knad l\u00e4stid\" \/>\n\t<meta name=\"twitter:data1\" content=\"2 minuter\" \/>\n<script type=\"application\/ld+json\" class=\"yoast-schema-graph\">{\"@context\":\"https:\\\/\\\/schema.org\",\"@graph\":[{\"@type\":\"WebPage\",\"@id\":\"https:\\\/\\\/wp.kristdemokraterna.se\\\/motala\\\/program\\\/valinformation-till-alla-hushall-2006\\\/\",\"url\":\"https:\\\/\\\/wp.kristdemokraterna.se\\\/motala\\\/program\\\/valinformation-till-alla-hushall-2006\\\/\",\"name\":\"Valinformation till alla hush\u00e5ll 2006 - Kristdemokraterna i Motala\",\"isPartOf\":{\"@id\":\"https:\\\/\\\/wp.kristdemokraterna.se\\\/motala\\\/#website\"},\"primaryImageOfPage\":{\"@id\":\"https:\\\/\\\/wp.kristdemokraterna.se\\\/motala\\\/program\\\/valinformation-till-alla-hushall-2006\\\/#primaryimage\"},\"image\":{\"@id\":\"https:\\\/\\\/wp.kristdemokraterna.se\\\/motala\\\/program\\\/valinformation-till-alla-hushall-2006\\\/#primaryimage\"},\"thumbnailUrl\":\"http:\\\/\\\/wp.kristdemokraterna.se\\\/motala\\\/files\\\/2015\\\/02\\\/hushall_motala2006_30.jpg\",\"datePublished\":\"2010-04-02T16:37:07+00:00\",\"dateModified\":\"2015-03-04T10:11:40+00:00\",\"breadcrumb\":{\"@id\":\"https:\\\/\\\/wp.kristdemokraterna.se\\\/motala\\\/program\\\/valinformation-till-alla-hushall-2006\\\/#breadcrumb\"},\"inLanguage\":\"sv-SE\",\"potentialAction\":[{\"@type\":\"ReadAction\",\"target\":[\"https:\\\/\\\/wp.kristdemokraterna.se\\\/motala\\\/program\\\/valinformation-till-alla-hushall-2006\\\/\"]}]},{\"@type\":\"ImageObject\",\"inLanguage\":\"sv-SE\",\"@id\":\"https:\\\/\\\/wp.kristdemokraterna.se\\\/motala\\\/program\\\/valinformation-till-alla-hushall-2006\\\/#primaryimage\",\"url\":\"https:\\\/\\\/wp.kristdemokraterna.se\\\/motala\\\/files\\\/2015\\\/02\\\/hushall_motala2006_30.jpg\",\"contentUrl\":\"https:\\\/\\\/wp.kristdemokraterna.se\\\/motala\\\/files\\\/2015\\\/02\\\/hushall_motala2006_30.jpg\",\"width\":343,\"height\":257},{\"@type\":\"BreadcrumbList\",\"@id\":\"https:\\\/\\\/wp.kristdemokraterna.se\\\/motala\\\/program\\\/valinformation-till-alla-hushall-2006\\\/#breadcrumb\",\"itemListElement\":[{\"@type\":\"ListItem\",\"position\":1,\"name\":\"Hem\",\"item\":\"https:\\\/\\\/wp.kristdemokraterna.se\\\/motala\\\/\"},{\"@type\":\"ListItem\",\"position\":2,\"name\":\"Program\",\"item\":\"https:\\\/\\\/wp.kristdemokraterna.se\\\/motala\\\/program\\\/\"},{\"@type\":\"ListItem\",\"position\":3,\"name\":\"Valinformation till alla hush\u00e5ll 2006\"}]},{\"@type\":\"WebSite\",\"@id\":\"https:\\\/\\\/wp.kristdemokraterna.se\\\/motala\\\/#website\",\"url\":\"https:\\\/\\\/wp.kristdemokraterna.se\\\/motala\\\/\",\"name\":\"Kristdemokraterna i Motala\",\"description\":\"Kristdemokraterna\",\"inLanguage\":\"sv-SE\"}]}<\/script>\n<!-- \/ Yoast SEO plugin. -->","yoast_head_json":{"title":"Valinformation till alla hush\u00e5ll 2006 - Kristdemokraterna i Motala","robots":{"index":"index","follow":"follow","max-snippet":"max-snippet:-1","max-image-preview":"max-image-preview:large","max-video-preview":"max-video-preview:-1"},"canonical":"https:\/\/wp.kristdemokraterna.se\/motala\/program\/valinformation-till-alla-hushall-2006\/","og_locale":"sv_SE","og_type":"article","og_title":"Valinformation till alla hush\u00e5ll 2006 - Kristdemokraterna i Motala","og_description":"Martina Axene, Ronny Fransson, Nils-Ingvar Graan, Lars-Johan Sunnerberg, Jessica Antebrink Ge f\u00f6r\u00e4ldrar mer tid med barnen F\u00f6r\u00e4ldrar m\u00e5ste f\u00e5 m\u00f6jlighet till mer tid tillsammans med sina barn. Det \u00e4r vid k\u00f6ksbordet som f\u00f6r\u00e4ldrarna ska f\u00e5 best\u00e4mma den barnomsorgsform som passar deras barn b\u00e4st. Kommunen ska ha r\u00e4tt att f\u00f6rdela barnomsorgspengarna utifr\u00e5n f\u00f6r\u00e4ldrarnas \u00f6nskem\u00e5l och d\u00e4rmed Read More","og_url":"https:\/\/wp.kristdemokraterna.se\/motala\/program\/valinformation-till-alla-hushall-2006\/","og_site_name":"Kristdemokraterna i Motala","article_modified_time":"2015-03-04T10:11:40+00:00","og_image":[{"url":"http:\/\/wp.kristdemokraterna.se\/motala\/files\/2015\/02\/hushall_motala2006_30.jpg","type":"","width":"","height":""}],"twitter_card":"summary_large_image","twitter_misc":{"Ber\u00e4knad l\u00e4stid":"2 minuter"},"schema":{"@context":"https:\/\/schema.org","@graph":[{"@type":"WebPage","@id":"https:\/\/wp.kristdemokraterna.se\/motala\/program\/valinformation-till-alla-hushall-2006\/","url":"https:\/\/wp.kristdemokraterna.se\/motala\/program\/valinformation-till-alla-hushall-2006\/","name":"Valinformation till alla hush\u00e5ll 2006 - Kristdemokraterna i Motala","isPartOf":{"@id":"https:\/\/wp.kristdemokraterna.se\/motala\/#website"},"primaryImageOfPage":{"@id":"https:\/\/wp.kristdemokraterna.se\/motala\/program\/valinformation-till-alla-hushall-2006\/#primaryimage"},"image":{"@id":"https:\/\/wp.kristdemokraterna.se\/motala\/program\/valinformation-till-alla-hushall-2006\/#primaryimage"},"thumbnailUrl":"http:\/\/wp.kristdemokraterna.se\/motala\/files\/2015\/02\/hushall_motala2006_30.jpg","datePublished":"2010-04-02T16:37:07+00:00","dateModified":"2015-03-04T10:11:40+00:00","breadcrumb":{"@id":"https:\/\/wp.kristdemokraterna.se\/motala\/program\/valinformation-till-alla-hushall-2006\/#breadcrumb"},"inLanguage":"sv-SE","potentialAction":[{"@type":"ReadAction","target":["https:\/\/wp.kristdemokraterna.se\/motala\/program\/valinformation-till-alla-hushall-2006\/"]}]},{"@type":"ImageObject","inLanguage":"sv-SE","@id":"https:\/\/wp.kristdemokraterna.se\/motala\/program\/valinformation-till-alla-hushall-2006\/#primaryimage","url":"https:\/\/wp.kristdemokraterna.se\/motala\/files\/2015\/02\/hushall_motala2006_30.jpg","contentUrl":"https:\/\/wp.kristdemokraterna.se\/motala\/files\/2015\/02\/hushall_motala2006_30.jpg","width":343,"height":257},{"@type":"BreadcrumbList","@id":"https:\/\/wp.kristdemokraterna.se\/motala\/program\/valinformation-till-alla-hushall-2006\/#breadcrumb","itemListElement":[{"@type":"ListItem","position":1,"name":"Hem","item":"https:\/\/wp.kristdemokraterna.se\/motala\/"},{"@type":"ListItem","position":2,"name":"Program","item":"https:\/\/wp.kristdemokraterna.se\/motala\/program\/"},{"@type":"ListItem","position":3,"name":"Valinformation till alla hush\u00e5ll 2006"}]},{"@type":"WebSite","@id":"https:\/\/wp.kristdemokraterna.se\/motala\/#website","url":"https:\/\/wp.kristdemokraterna.se\/motala\/","name":"Kristdemokraterna i Motala","description":"Kristdemokraterna","inLanguage":"sv-SE"}]}},"_links":{"self":[{"href":"https:\/\/wp.kristdemokraterna.se\/motala\/wp-json\/wp\/v2\/pages\/301","targetHints":{"allow":["GET"]}}],"collection":[{"href":"https:\/\/wp.kristdemokraterna.se\/motala\/wp-json\/wp\/v2\/pages"}],"about":[{"href":"https:\/\/wp.kristdemokraterna.se\/motala\/wp-json\/wp\/v2\/types\/page"}],"author":[{"embeddable":true,"href":"https:\/\/wp.kristdemokraterna.se\/motala\/wp-json\/wp\/v2\/users\/689"}],"replies":[{"embeddable":true,"href":"https:\/\/wp.kristdemokraterna.se\/motala\/wp-json\/wp\/v2\/comments?post=301"}],"version-history":[{"count":5,"href":"https:\/\/wp.kristdemokraterna.se\/motala\/wp-json\/wp\/v2\/pages\/301\/revisions"}],"predecessor-version":[{"id":595,"href":"https:\/\/wp.kristdemokraterna.se\/motala\/wp-json\/wp\/v2\/pages\/301\/revisions\/595"}],"up":[{"embeddable":true,"href":"https:\/\/wp.kristdemokraterna.se\/motala\/wp-json\/wp\/v2\/pages\/544"}],"wp:attachment":[{"href":"https:\/\/wp.kristdemokraterna.se\/motala\/wp-json\/wp\/v2\/media?parent=301"}],"curies":[{"name":"wp","href":"https:\/\/api.w.org\/{rel}","templated":true}]}}