{"id":3084,"date":"2018-07-19T11:46:21","date_gmt":"2018-07-19T09:46:21","guid":{"rendered":"http:\/\/wp.kristdemokraterna.se\/motala\/?page_id=3084"},"modified":"2019-04-09T14:17:08","modified_gmt":"2019-04-09T12:17:08","slug":"val","status":"publish","type":"page","link":"https:\/\/wp.kristdemokraterna.se\/motala\/val\/","title":{"rendered":"Val"},"content":{"rendered":"<p><strong><a href=\"http:\/\/wp.kristdemokraterna.se\/motala\/valet\/\"><img loading=\"lazy\" decoding=\"async\" class=\"alignnone wp-image-2771\" src=\"http:\/\/wp.kristdemokraterna.se\/motala\/files\/2018\/04\/fallback_pa.jpg\" alt=\"\" width=\"478\" height=\"251\" srcset=\"https:\/\/wp.kristdemokraterna.se\/motala\/files\/2018\/04\/fallback_pa.jpg 1200w, https:\/\/wp.kristdemokraterna.se\/motala\/files\/2018\/04\/fallback_pa-300x158.jpg 300w, https:\/\/wp.kristdemokraterna.se\/motala\/files\/2018\/04\/fallback_pa-768x403.jpg 768w, https:\/\/wp.kristdemokraterna.se\/motala\/files\/2018\/04\/fallback_pa-1024x538.jpg 1024w, https:\/\/wp.kristdemokraterna.se\/motala\/files\/2018\/04\/fallback_pa-370x194.jpg 370w, https:\/\/wp.kristdemokraterna.se\/motala\/files\/2018\/04\/fallback_pa-770x404.jpg 770w, https:\/\/wp.kristdemokraterna.se\/motala\/files\/2018\/04\/fallback_pa-450x236.jpg 450w, https:\/\/wp.kristdemokraterna.se\/motala\/files\/2018\/04\/fallback_pa-280x147.jpg 280w, https:\/\/wp.kristdemokraterna.se\/motala\/files\/2018\/04\/fallback_pa-340x179.jpg 340w, https:\/\/wp.kristdemokraterna.se\/motala\/files\/2018\/04\/fallback_pa-200x105.jpg 200w, https:\/\/wp.kristdemokraterna.se\/motala\/files\/2018\/04\/fallback_pa-107x56.jpg 107w\" sizes=\"auto, (max-width: 478px) 100vw, 478px\" \/><\/a><br \/>\n<em>Mer information fr\u00e5n Kristdemokraterna ang\u00e5ende valet finner du h\u00e4r:<\/em><\/strong><br \/>\n<a href=\"http:\/\/wp.kristdemokraterna.se\/motala\/valet\/\">http:\/\/wp.kristdemokraterna.se\/motala\/valet\/<\/a><\/p>\n","protected":false},"excerpt":{"rendered":"<p>Mer information fr\u00e5n Kristdemokraterna ang\u00e5ende valet finner du h\u00e4r: http:\/\/wp.kristdemokraterna.se\/motala\/valet\/<\/p>\n","protected":false},"author":686,"featured_media":0,"parent":0,"menu_order":44,"comment_status":"closed","ping_status":"closed","template":"","meta":{"_acf_changed":false,"footnotes":""},"class_list":["post-3084","page","type-page","status-publish","hentry"],"acf":[],"yoast_head":"<!-- This site is optimized with the Yoast SEO plugin v27.3 - https:\/\/yoast.com\/product\/yoast-seo-wordpress\/ -->\n<title>Val - Kristdemokraterna i Motala<\/title>\n<meta name=\"robots\" content=\"index, follow, max-snippet:-1, max-image-preview:large, max-video-preview:-1\" \/>\n<link rel=\"canonical\" href=\"https:\/\/wp.kristdemokraterna.se\/motala\/val\/\" \/>\n<meta property=\"og:locale\" content=\"sv_SE\" \/>\n<meta property=\"og:type\" content=\"article\" \/>\n<meta property=\"og:title\" content=\"Val - Kristdemokraterna i Motala\" \/>\n<meta property=\"og:description\" content=\"Mer information fr\u00e5n Kristdemokraterna ang\u00e5ende valet finner du h\u00e4r: http:\/\/wp.kristdemokraterna.se\/motala\/valet\/\" \/>\n<meta property=\"og:url\" content=\"https:\/\/wp.kristdemokraterna.se\/motala\/val\/\" \/>\n<meta property=\"og:site_name\" content=\"Kristdemokraterna i Motala\" \/>\n<meta property=\"article:modified_time\" content=\"2019-04-09T12:17:08+00:00\" \/>\n<meta property=\"og:image\" content=\"http:\/\/wp.kristdemokraterna.se\/motala\/files\/2018\/04\/fallback_pa.jpg\" \/>\n<meta name=\"twitter:card\" content=\"summary_large_image\" \/>\n<script type=\"application\/ld+json\" class=\"yoast-schema-graph\">{\"@context\":\"https:\\\/\\\/schema.org\",\"@graph\":[{\"@type\":\"WebPage\",\"@id\":\"https:\\\/\\\/wp.kristdemokraterna.se\\\/motala\\\/val\\\/\",\"url\":\"https:\\\/\\\/wp.kristdemokraterna.se\\\/motala\\\/val\\\/\",\"name\":\"Val - Kristdemokraterna i Motala\",\"isPartOf\":{\"@id\":\"https:\\\/\\\/wp.kristdemokraterna.se\\\/motala\\\/#website\"},\"primaryImageOfPage\":{\"@id\":\"https:\\\/\\\/wp.kristdemokraterna.se\\\/motala\\\/val\\\/#primaryimage\"},\"image\":{\"@id\":\"https:\\\/\\\/wp.kristdemokraterna.se\\\/motala\\\/val\\\/#primaryimage\"},\"thumbnailUrl\":\"http:\\\/\\\/wp.kristdemokraterna.se\\\/motala\\\/files\\\/2018\\\/04\\\/fallback_pa.jpg\",\"datePublished\":\"2018-07-19T09:46:21+00:00\",\"dateModified\":\"2019-04-09T12:17:08+00:00\",\"breadcrumb\":{\"@id\":\"https:\\\/\\\/wp.kristdemokraterna.se\\\/motala\\\/val\\\/#breadcrumb\"},\"inLanguage\":\"sv-SE\",\"potentialAction\":[{\"@type\":\"ReadAction\",\"target\":[\"https:\\\/\\\/wp.kristdemokraterna.se\\\/motala\\\/val\\\/\"]}]},{\"@type\":\"ImageObject\",\"inLanguage\":\"sv-SE\",\"@id\":\"https:\\\/\\\/wp.kristdemokraterna.se\\\/motala\\\/val\\\/#primaryimage\",\"url\":\"https:\\\/\\\/wp.kristdemokraterna.se\\\/motala\\\/files\\\/2018\\\/04\\\/fallback_pa.jpg\",\"contentUrl\":\"https:\\\/\\\/wp.kristdemokraterna.se\\\/motala\\\/files\\\/2018\\\/04\\\/fallback_pa.jpg\",\"width\":1200,\"height\":630},{\"@type\":\"BreadcrumbList\",\"@id\":\"https:\\\/\\\/wp.kristdemokraterna.se\\\/motala\\\/val\\\/#breadcrumb\",\"itemListElement\":[{\"@type\":\"ListItem\",\"position\":1,\"name\":\"Hem\",\"item\":\"https:\\\/\\\/wp.kristdemokraterna.se\\\/motala\\\/\"},{\"@type\":\"ListItem\",\"position\":2,\"name\":\"Val\"}]},{\"@type\":\"WebSite\",\"@id\":\"https:\\\/\\\/wp.kristdemokraterna.se\\\/motala\\\/#website\",\"url\":\"https:\\\/\\\/wp.kristdemokraterna.se\\\/motala\\\/\",\"name\":\"Kristdemokraterna i Motala\",\"description\":\"Kristdemokraterna\",\"inLanguage\":\"sv-SE\"}]}<\/script>\n<!-- \/ Yoast SEO plugin. -->","yoast_head_json":{"title":"Val - Kristdemokraterna i Motala","robots":{"index":"index","follow":"follow","max-snippet":"max-snippet:-1","max-image-preview":"max-image-preview:large","max-video-preview":"max-video-preview:-1"},"canonical":"https:\/\/wp.kristdemokraterna.se\/motala\/val\/","og_locale":"sv_SE","og_type":"article","og_title":"Val - Kristdemokraterna i Motala","og_description":"Mer information fr\u00e5n Kristdemokraterna ang\u00e5ende valet finner du h\u00e4r: http:\/\/wp.kristdemokraterna.se\/motala\/valet\/","og_url":"https:\/\/wp.kristdemokraterna.se\/motala\/val\/","og_site_name":"Kristdemokraterna i Motala","article_modified_time":"2019-04-09T12:17:08+00:00","og_image":[{"url":"http:\/\/wp.kristdemokraterna.se\/motala\/files\/2018\/04\/fallback_pa.jpg","type":"","width":"","height":""}],"twitter_card":"summary_large_image","schema":{"@context":"https:\/\/schema.org","@graph":[{"@type":"WebPage","@id":"https:\/\/wp.kristdemokraterna.se\/motala\/val\/","url":"https:\/\/wp.kristdemokraterna.se\/motala\/val\/","name":"Val - Kristdemokraterna i Motala","isPartOf":{"@id":"https:\/\/wp.kristdemokraterna.se\/motala\/#website"},"primaryImageOfPage":{"@id":"https:\/\/wp.kristdemokraterna.se\/motala\/val\/#primaryimage"},"image":{"@id":"https:\/\/wp.kristdemokraterna.se\/motala\/val\/#primaryimage"},"thumbnailUrl":"http:\/\/wp.kristdemokraterna.se\/motala\/files\/2018\/04\/fallback_pa.jpg","datePublished":"2018-07-19T09:46:21+00:00","dateModified":"2019-04-09T12:17:08+00:00","breadcrumb":{"@id":"https:\/\/wp.kristdemokraterna.se\/motala\/val\/#breadcrumb"},"inLanguage":"sv-SE","potentialAction":[{"@type":"ReadAction","target":["https:\/\/wp.kristdemokraterna.se\/motala\/val\/"]}]},{"@type":"ImageObject","inLanguage":"sv-SE","@id":"https:\/\/wp.kristdemokraterna.se\/motala\/val\/#primaryimage","url":"https:\/\/wp.kristdemokraterna.se\/motala\/files\/2018\/04\/fallback_pa.jpg","contentUrl":"https:\/\/wp.kristdemokraterna.se\/motala\/files\/2018\/04\/fallback_pa.jpg","width":1200,"height":630},{"@type":"BreadcrumbList","@id":"https:\/\/wp.kristdemokraterna.se\/motala\/val\/#breadcrumb","itemListElement":[{"@type":"ListItem","position":1,"name":"Hem","item":"https:\/\/wp.kristdemokraterna.se\/motala\/"},{"@type":"ListItem","position":2,"name":"Val"}]},{"@type":"WebSite","@id":"https:\/\/wp.kristdemokraterna.se\/motala\/#website","url":"https:\/\/wp.kristdemokraterna.se\/motala\/","name":"Kristdemokraterna i Motala","description":"Kristdemokraterna","inLanguage":"sv-SE"}]}},"_links":{"self":[{"href":"https:\/\/wp.kristdemokraterna.se\/motala\/wp-json\/wp\/v2\/pages\/3084","targetHints":{"allow":["GET"]}}],"collection":[{"href":"https:\/\/wp.kristdemokraterna.se\/motala\/wp-json\/wp\/v2\/pages"}],"about":[{"href":"https:\/\/wp.kristdemokraterna.se\/motala\/wp-json\/wp\/v2\/types\/page"}],"author":[{"embeddable":true,"href":"https:\/\/wp.kristdemokraterna.se\/motala\/wp-json\/wp\/v2\/users\/686"}],"replies":[{"embeddable":true,"href":"https:\/\/wp.kristdemokraterna.se\/motala\/wp-json\/wp\/v2\/comments?post=3084"}],"version-history":[{"count":4,"href":"https:\/\/wp.kristdemokraterna.se\/motala\/wp-json\/wp\/v2\/pages\/3084\/revisions"}],"predecessor-version":[{"id":3088,"href":"https:\/\/wp.kristdemokraterna.se\/motala\/wp-json\/wp\/v2\/pages\/3084\/revisions\/3088"}],"wp:attachment":[{"href":"https:\/\/wp.kristdemokraterna.se\/motala\/wp-json\/wp\/v2\/media?parent=3084"}],"curies":[{"name":"wp","href":"https:\/\/api.w.org\/{rel}","templated":true}]}}