{"id":3111,"date":"2018-08-17T10:32:15","date_gmt":"2018-08-17T08:32:15","guid":{"rendered":"http:\/\/wp.kristdemokraterna.se\/motala\/?page_id=3111"},"modified":"2018-08-17T11:23:37","modified_gmt":"2018-08-17T09:23:37","slug":"valfolder-2018","status":"publish","type":"page","link":"https:\/\/wp.kristdemokraterna.se\/motala\/valet2018\/valfolder-2018\/","title":{"rendered":"Valfolder 2018"},"content":{"rendered":"<p><a href=\"http:\/\/wp.kristdemokraterna.se\/motala\/files\/2018\/08\/20180702_kdmotala_gruppfolder.pdf\" target=\"_blank\" rel=\"noopener\"><img loading=\"lazy\" decoding=\"async\" class=\"alignright wp-image-3113\" src=\"http:\/\/wp.kristdemokraterna.se\/motala\/files\/2018\/08\/valfolder_2018.jpg\" alt=\"\" width=\"329\" height=\"483\" srcset=\"https:\/\/wp.kristdemokraterna.se\/motala\/files\/2018\/08\/valfolder_2018.jpg 529w, https:\/\/wp.kristdemokraterna.se\/motala\/files\/2018\/08\/valfolder_2018-205x300.jpg 205w, https:\/\/wp.kristdemokraterna.se\/motala\/files\/2018\/08\/valfolder_2018-136x200.jpg 136w, https:\/\/wp.kristdemokraterna.se\/motala\/files\/2018\/08\/valfolder_2018-370x543.jpg 370w, https:\/\/wp.kristdemokraterna.se\/motala\/files\/2018\/08\/valfolder_2018-450x660.jpg 450w, https:\/\/wp.kristdemokraterna.se\/motala\/files\/2018\/08\/valfolder_2018-274x402.jpg 274w, https:\/\/wp.kristdemokraterna.se\/motala\/files\/2018\/08\/valfolder_2018-340x499.jpg 340w, https:\/\/wp.kristdemokraterna.se\/motala\/files\/2018\/08\/valfolder_2018-38x56.jpg 38w\" sizes=\"auto, (max-width: 329px) 100vw, 329px\" \/><\/a><\/p>\n<h3><strong>V\u00e5r utg\u00e5ngspunkt \u00e4r att vi vill ge m\u00e4nniskor f\u00f6ruts\u00e4ttningar att kunna ta ansvar f\u00f6r sina egna liv.<\/strong><\/h3>\n<p>En kristdemokratisk politik i kommunen, f\u00f6r integration och m\u00e5ngfald, handlar om \u00e5tg\u00e4rder f\u00f6r att fr\u00e4mja lika r\u00e4ttigheter, skyldigheter och m\u00f6jligheter f\u00f6r alla, oavsett etnisk bakgrund.<\/p>\n<p>Vi anser att kommunen i r\u00e5dande ekonomiska l\u00e4ge, inte kan satsa p\u00e5 en bandy\/aktivitetshall. Det finns stora behov inom f\u00f6rskola, skola och \u00e4ldreomsorg, som m\u00e5ste g\u00e5 f\u00f6re. Dessutom anser vi att, n\u00e4r ekonomin medger, s\u00e5 st\u00e5r en sporthall i Borensberg f\u00f6re i k\u00f6n.<\/p>\n<p>Barngrupperna i f\u00f6rskolan \u00e4r f\u00f6r stora. Barngrupperna i Motalas f\u00f6rskolor har ett snitt p\u00e5 drygt 18 barn. Kristdemokraterna v\u00e4rnar om barnperspektivet och vill arbeta f\u00f6r att minska barngruppernas storlek, framf\u00f6rallt f\u00f6r de allra yngsta barnen. Lokalproblematiken kan bl a l\u00f6sas genom att l\u00e5ngsiktigt arbeta f\u00f6r att \u00f6ka erbjudandet av familjedaghem som ett alternativ till f\u00f6rskola.<\/p>\n<p>Ett smidigt samspel mellan elevh\u00e4lsoorganisationen och skolornas rektorer \u00e4r mycket viktigt f\u00f6r att m\u00f6ta Motala kommuns behov runt exempelvis den psykiska oh\u00e4lsan hos v\u00e5ra ton\u00e5ringar. Kristdemokraterna vill st\u00e4rka resurserna till elevh\u00e4lsan och vill arbeta f\u00f6r en garanti att elever ska f\u00e5 tr\u00e4ffa adekvat elevh\u00e4lsopersonal inom n\u00e5gra dagar.<\/p>\n<p>Vi anser att n\u00e4sta \u00e4ldreboende ska byggas i Borensberg. Det borde redan ha byggts, f\u00f6re Granliden i Tj\u00e4llmo lades ned, s\u00e5 man sluppit placeringar i andra kommuner. Kommunen har mycket investeringar fram\u00f6ver. D\u00e4rf\u00f6r tycker vi att kommunen ska l\u00e5ta andra utf\u00f6rare hj\u00e4lpa till, med att bygga och driva olika verksamheter, exempelvis ett \u00e4ldreboende i Borensberg. Vi vill ocks\u00e5 l\u00e5ta de \u00e4ldre f\u00e5 v\u00e4lja sitt boende.<\/p>\n<p>Vi vill g\u00f6ra de prioriteringar som beh\u00f6vs f\u00f6r att v\u00e4rna om ers\u00e4ttningen f\u00f6r dem som har LSS och SoL i daglig verksamhet, detta \u00e4r en viktig grund f\u00f6r m\u00e4nniskov\u00e4rdet.<\/p>\n<p>Kristdemokraterna vill att Motala p\u00e5 allvar lever upp till v\u00e5rt personalpolitiska program. En arbetsplats som genomsyras av delaktighet och tillit \u00e4r av yttersta vikt f\u00f6r att personalen ska trivas, och att Motala kommun blir en attraktiv arbetsgivare. De administrativa kraven p\u00e5 l\u00e4rare m\u00e5ste minska, s\u00e5 de kan fokusera p\u00e5 det pedagogiska arbetet.<\/p>\n<p>Vi kan inte acceptera f\u00f6rslaget att insatsstyrkan i Borensberg ska minskas till tre personer, vilket bl. a inneb\u00e4r att man inte l\u00e4ngre kan r\u00f6kdyka. Den stora brandbilen beh\u00f6vs ocks\u00e5 som skydd f\u00f6r personalen vid olyckor. Sj\u00e4lvklart ska r\u00e4ddningsstyrkan i Borensberg vara of\u00f6r\u00e4ndrad!<\/p>\n<p>EN MER FLEXIBEL F\u00d6R\u00c4LDRAF\u00d6RS\u00c4KRING<br \/>\nFamiljers f\u00f6ruts\u00e4ttningar och barns behov kan se olika ut. Det \u00e4r f\u00f6r\u00e4ldrarna \u2013 inte politiker \u2013 som b\u00e4st kan avg\u00f6ra hur f\u00f6r\u00e4ldrapenningsdagar ska anv\u00e4ndas. Vi s\u00e4ger d\u00e4rf\u00f6r nej till kvotering av f\u00f6r\u00e4ldraf\u00f6rs\u00e4kringen. Vi vill ist\u00e4llet g\u00f6ra f\u00f6r\u00e4ldraf\u00f6rs\u00e4kringen mer flexibel. F\u00f6r\u00e4ldrar ska fritt kunna \u00f6verl\u00e5ta f\u00f6r\u00e4ldrapenningdagar till varandra eller till andra n\u00e4rst\u00e5ende som exempelvis mor-, farf\u00f6r\u00e4ldrar eller en bonuspappa.<\/p>\n<p>BARNOMSORGSPENG<br \/>\nKristdemokraterna vill att det ska finnas m\u00f6jlighet f\u00f6r f\u00f6r\u00e4ldrar, som vill vara hemma med sina sm\u00e5 barn lite l\u00e4ngre, att f\u00e5 barnomsorgspeng f\u00f6r omsorg om egna barn i hemmet. Barnomsorgspengen, ska g\u00e4lla barn 1\u20133 \u00e5r, uppg\u00e5 till 6 000 kronor per barn och m\u00e5nad.<\/p>\n<p>R\u00c4TT TILL FAMILJEDAGHEM<br \/>\nKommunerna ska ocks\u00e5 bli skyldiga att erbjuda familjedaghem f\u00f6r de f\u00f6r\u00e4ldrar som \u00f6nskar det.<\/p>\n<p>S\u00c4NKT SKATT F\u00d6R F\u00d6R\u00c4LDRAR<br \/>\nM\u00e5nga familjer har f\u00e5tt det b\u00e4ttre ekonomiskt. Men j\u00e4mf\u00f6rt med hush\u00e5ll utan barn har barnfamiljer halkat efter i inkomstf\u00f6rb\u00e4ttring. F\u00f6r att st\u00e4rka barnfamiljerna f\u00f6resl\u00e5r vi ett jobbskatteavdrag f\u00f6r f\u00f6r\u00e4ldrar p\u00e5 500 kronor per f\u00f6r\u00e4lder och m\u00e5nad.<\/p>\n<p><strong>I MOTALA VILL KRISTDEMOKRATERNA<\/strong><\/p>\n<ul>\n<li>Arbeta fo\u0308r att la\u030angsiktigt minska barngruppernas storlek i fo\u0308rskolan<\/li>\n<li>Inf\u00f6ra en barnomsorgspeng som ett alternativ till f\u00f6rskola f\u00f6r att \u00f6ka familjers flexibilitet<\/li>\n<li>M\u00f6ta den psykiska oh\u00e4lsan hos skolungdomar genom att arbeta f\u00f6r en f\u00f6rst\u00e4rkt elevh\u00e4lsa<\/li>\n<li>Inom skolans ramar, arbeta f\u00f6r att erbjuda st\u00f6d och hj\u00e4lp till f\u00f6r\u00e4ldrar<\/li>\n<li>St\u00f6dja \u00f6ppnandet av en skola i Godeg\u00e5rd om det finns \u00f6nskem\u00e5l och behov<\/li>\n<li>St\u00e4rka SYV-arbetet p\u00e5 h\u00f6gstadiet i hopp om att elever g\u00f6r ett genomt\u00e4nkt gymnasieval<\/li>\n<li>Minska administrationen fo\u0308r la\u0308rarna, f\u00f6r ett o\u0308kat fokus pa\u030a det pedagogiska arbetet<\/li>\n<li>Arbeta f\u00f6r ordning och reda i v\u00e5r kommun \u2013 politiska beslut ska alltid grundas p\u00e5 tydlig information inkl konsekvensanalyser<\/li>\n<li>Arbeta f\u00f6r digitalisering i kommunen med bl. a \u201d\u00f6ppna data\u201d f\u00f6r en \u00f6kad transparens i kommunens redovisningar<\/li>\n<li>Beh\u00e5lla nuvarande bemanning och kapacitet p\u00e5 brandstationen i Borensberg<\/li>\n<li>\u00d6ka utbudet av platser p\u00e5 \u00e4ldreboenden genom att \u00f6ppna upp f\u00f6r alternativa utf\u00f6rare och snarast \u00f6ppna ett nytt boende i Borensberg<\/li>\n<li>L\u00e5ta de \u00e4ldre v\u00e4lja boende<\/li>\n<li>St\u00e4rka m\u00e4nniskors integration i utsatta bostadsomr\u00e5den i Motala<\/li>\n<li>Fr\u00e4mja lika r\u00e4ttigheter, skyldigheter och m\u00f6jligheter f\u00f6r alla, oavsett etnisk bakgrund<\/li>\n<li>S\u00e4kerst\u00e4lla V\u00e4ttern som en dricksvattent\u00e4kt av h\u00f6gsta kvalitet<\/li>\n<li>Prioritera v\u00e4lf\u00e4rden f\u00f6rst &#8211; kommunens k\u00e4rnverksamhet m\u00e5ste g\u00e5 f\u00f6re en aktivitetshall<\/li>\n<\/ul>\n<hr \/>\n<p>&gt; <a href=\"http:\/\/wp.kristdemokraterna.se\/motala\/files\/2018\/08\/20180702_kdmotala_gruppfolder.pdf\" target=\"_blank\" rel=\"noopener\">20180702_kdmotala_gruppfolder<\/a>\u00a0(pdf)<\/p>\n","protected":false},"excerpt":{"rendered":"<p>V\u00e5r utg\u00e5ngspunkt \u00e4r att vi vill ge m\u00e4nniskor f\u00f6ruts\u00e4ttningar att kunna ta ansvar f\u00f6r sina egna liv. En kristdemokratisk politik i kommunen, f\u00f6r integration och m\u00e5ngfald, handlar om \u00e5tg\u00e4rder f\u00f6r att fr\u00e4mja lika r\u00e4ttigheter, skyldigheter och m\u00f6jligheter f\u00f6r alla, oavsett etnisk bakgrund. Vi anser att kommunen i r\u00e5dande ekonomiska l\u00e4ge, inte kan satsa p\u00e5 en <a class=\"read-more-link\" href=\"https:\/\/wp.kristdemokraterna.se\/motala\/valet2018\/valfolder-2018\/\">Read More<\/a><\/p>\n","protected":false},"author":686,"featured_media":0,"parent":2677,"menu_order":2,"comment_status":"closed","ping_status":"closed","template":"","meta":{"_acf_changed":false,"footnotes":""},"class_list":["post-3111","page","type-page","status-publish","hentry"],"acf":[],"yoast_head":"<!-- This site is optimized with the Yoast SEO plugin v27.3 - https:\/\/yoast.com\/product\/yoast-seo-wordpress\/ -->\n<title>Valfolder 2018 - Kristdemokraterna i Motala<\/title>\n<meta name=\"robots\" content=\"index, follow, max-snippet:-1, max-image-preview:large, max-video-preview:-1\" \/>\n<link rel=\"canonical\" href=\"https:\/\/wp.kristdemokraterna.se\/motala\/valet2018\/valfolder-2018\/\" \/>\n<meta property=\"og:locale\" content=\"sv_SE\" \/>\n<meta property=\"og:type\" content=\"article\" \/>\n<meta property=\"og:title\" content=\"Valfolder 2018 - Kristdemokraterna i Motala\" \/>\n<meta property=\"og:description\" content=\"V\u00e5r utg\u00e5ngspunkt \u00e4r att vi vill ge m\u00e4nniskor f\u00f6ruts\u00e4ttningar att kunna ta ansvar f\u00f6r sina egna liv. En kristdemokratisk politik i kommunen, f\u00f6r integration och m\u00e5ngfald, handlar om \u00e5tg\u00e4rder f\u00f6r att fr\u00e4mja lika r\u00e4ttigheter, skyldigheter och m\u00f6jligheter f\u00f6r alla, oavsett etnisk bakgrund. Vi anser att kommunen i r\u00e5dande ekonomiska l\u00e4ge, inte kan satsa p\u00e5 en Read More\" \/>\n<meta property=\"og:url\" content=\"https:\/\/wp.kristdemokraterna.se\/motala\/valet2018\/valfolder-2018\/\" \/>\n<meta property=\"og:site_name\" content=\"Kristdemokraterna i Motala\" \/>\n<meta property=\"article:modified_time\" content=\"2018-08-17T09:23:37+00:00\" \/>\n<meta property=\"og:image\" content=\"http:\/\/wp.kristdemokraterna.se\/motala\/files\/2018\/08\/valfolder_2018.jpg\" \/>\n<meta name=\"twitter:card\" content=\"summary_large_image\" \/>\n<meta name=\"twitter:label1\" content=\"Ber\u00e4knad l\u00e4stid\" \/>\n\t<meta name=\"twitter:data1\" content=\"5 minuter\" \/>\n<script type=\"application\/ld+json\" class=\"yoast-schema-graph\">{\"@context\":\"https:\\\/\\\/schema.org\",\"@graph\":[{\"@type\":\"WebPage\",\"@id\":\"https:\\\/\\\/wp.kristdemokraterna.se\\\/motala\\\/valet2018\\\/valfolder-2018\\\/\",\"url\":\"https:\\\/\\\/wp.kristdemokraterna.se\\\/motala\\\/valet2018\\\/valfolder-2018\\\/\",\"name\":\"Valfolder 2018 - Kristdemokraterna i Motala\",\"isPartOf\":{\"@id\":\"https:\\\/\\\/wp.kristdemokraterna.se\\\/motala\\\/#website\"},\"primaryImageOfPage\":{\"@id\":\"https:\\\/\\\/wp.kristdemokraterna.se\\\/motala\\\/valet2018\\\/valfolder-2018\\\/#primaryimage\"},\"image\":{\"@id\":\"https:\\\/\\\/wp.kristdemokraterna.se\\\/motala\\\/valet2018\\\/valfolder-2018\\\/#primaryimage\"},\"thumbnailUrl\":\"http:\\\/\\\/wp.kristdemokraterna.se\\\/motala\\\/files\\\/2018\\\/08\\\/valfolder_2018.jpg\",\"datePublished\":\"2018-08-17T08:32:15+00:00\",\"dateModified\":\"2018-08-17T09:23:37+00:00\",\"breadcrumb\":{\"@id\":\"https:\\\/\\\/wp.kristdemokraterna.se\\\/motala\\\/valet2018\\\/valfolder-2018\\\/#breadcrumb\"},\"inLanguage\":\"sv-SE\",\"potentialAction\":[{\"@type\":\"ReadAction\",\"target\":[\"https:\\\/\\\/wp.kristdemokraterna.se\\\/motala\\\/valet2018\\\/valfolder-2018\\\/\"]}]},{\"@type\":\"ImageObject\",\"inLanguage\":\"sv-SE\",\"@id\":\"https:\\\/\\\/wp.kristdemokraterna.se\\\/motala\\\/valet2018\\\/valfolder-2018\\\/#primaryimage\",\"url\":\"https:\\\/\\\/wp.kristdemokraterna.se\\\/motala\\\/files\\\/2018\\\/08\\\/valfolder_2018.jpg\",\"contentUrl\":\"https:\\\/\\\/wp.kristdemokraterna.se\\\/motala\\\/files\\\/2018\\\/08\\\/valfolder_2018.jpg\",\"width\":529,\"height\":776},{\"@type\":\"BreadcrumbList\",\"@id\":\"https:\\\/\\\/wp.kristdemokraterna.se\\\/motala\\\/valet2018\\\/valfolder-2018\\\/#breadcrumb\",\"itemListElement\":[{\"@type\":\"ListItem\",\"position\":1,\"name\":\"Hem\",\"item\":\"https:\\\/\\\/wp.kristdemokraterna.se\\\/motala\\\/\"},{\"@type\":\"ListItem\",\"position\":2,\"name\":\"Valet 9 sept 2018\",\"item\":\"https:\\\/\\\/wp.kristdemokraterna.se\\\/motala\\\/valet2018\\\/\"},{\"@type\":\"ListItem\",\"position\":3,\"name\":\"Valfolder 2018\"}]},{\"@type\":\"WebSite\",\"@id\":\"https:\\\/\\\/wp.kristdemokraterna.se\\\/motala\\\/#website\",\"url\":\"https:\\\/\\\/wp.kristdemokraterna.se\\\/motala\\\/\",\"name\":\"Kristdemokraterna i Motala\",\"description\":\"Kristdemokraterna\",\"inLanguage\":\"sv-SE\"}]}<\/script>\n<!-- \/ Yoast SEO plugin. -->","yoast_head_json":{"title":"Valfolder 2018 - Kristdemokraterna i Motala","robots":{"index":"index","follow":"follow","max-snippet":"max-snippet:-1","max-image-preview":"max-image-preview:large","max-video-preview":"max-video-preview:-1"},"canonical":"https:\/\/wp.kristdemokraterna.se\/motala\/valet2018\/valfolder-2018\/","og_locale":"sv_SE","og_type":"article","og_title":"Valfolder 2018 - Kristdemokraterna i Motala","og_description":"V\u00e5r utg\u00e5ngspunkt \u00e4r att vi vill ge m\u00e4nniskor f\u00f6ruts\u00e4ttningar att kunna ta ansvar f\u00f6r sina egna liv. En kristdemokratisk politik i kommunen, f\u00f6r integration och m\u00e5ngfald, handlar om \u00e5tg\u00e4rder f\u00f6r att fr\u00e4mja lika r\u00e4ttigheter, skyldigheter och m\u00f6jligheter f\u00f6r alla, oavsett etnisk bakgrund. Vi anser att kommunen i r\u00e5dande ekonomiska l\u00e4ge, inte kan satsa p\u00e5 en Read More","og_url":"https:\/\/wp.kristdemokraterna.se\/motala\/valet2018\/valfolder-2018\/","og_site_name":"Kristdemokraterna i Motala","article_modified_time":"2018-08-17T09:23:37+00:00","og_image":[{"url":"http:\/\/wp.kristdemokraterna.se\/motala\/files\/2018\/08\/valfolder_2018.jpg","type":"","width":"","height":""}],"twitter_card":"summary_large_image","twitter_misc":{"Ber\u00e4knad l\u00e4stid":"5 minuter"},"schema":{"@context":"https:\/\/schema.org","@graph":[{"@type":"WebPage","@id":"https:\/\/wp.kristdemokraterna.se\/motala\/valet2018\/valfolder-2018\/","url":"https:\/\/wp.kristdemokraterna.se\/motala\/valet2018\/valfolder-2018\/","name":"Valfolder 2018 - Kristdemokraterna i Motala","isPartOf":{"@id":"https:\/\/wp.kristdemokraterna.se\/motala\/#website"},"primaryImageOfPage":{"@id":"https:\/\/wp.kristdemokraterna.se\/motala\/valet2018\/valfolder-2018\/#primaryimage"},"image":{"@id":"https:\/\/wp.kristdemokraterna.se\/motala\/valet2018\/valfolder-2018\/#primaryimage"},"thumbnailUrl":"http:\/\/wp.kristdemokraterna.se\/motala\/files\/2018\/08\/valfolder_2018.jpg","datePublished":"2018-08-17T08:32:15+00:00","dateModified":"2018-08-17T09:23:37+00:00","breadcrumb":{"@id":"https:\/\/wp.kristdemokraterna.se\/motala\/valet2018\/valfolder-2018\/#breadcrumb"},"inLanguage":"sv-SE","potentialAction":[{"@type":"ReadAction","target":["https:\/\/wp.kristdemokraterna.se\/motala\/valet2018\/valfolder-2018\/"]}]},{"@type":"ImageObject","inLanguage":"sv-SE","@id":"https:\/\/wp.kristdemokraterna.se\/motala\/valet2018\/valfolder-2018\/#primaryimage","url":"https:\/\/wp.kristdemokraterna.se\/motala\/files\/2018\/08\/valfolder_2018.jpg","contentUrl":"https:\/\/wp.kristdemokraterna.se\/motala\/files\/2018\/08\/valfolder_2018.jpg","width":529,"height":776},{"@type":"BreadcrumbList","@id":"https:\/\/wp.kristdemokraterna.se\/motala\/valet2018\/valfolder-2018\/#breadcrumb","itemListElement":[{"@type":"ListItem","position":1,"name":"Hem","item":"https:\/\/wp.kristdemokraterna.se\/motala\/"},{"@type":"ListItem","position":2,"name":"Valet 9 sept 2018","item":"https:\/\/wp.kristdemokraterna.se\/motala\/valet2018\/"},{"@type":"ListItem","position":3,"name":"Valfolder 2018"}]},{"@type":"WebSite","@id":"https:\/\/wp.kristdemokraterna.se\/motala\/#website","url":"https:\/\/wp.kristdemokraterna.se\/motala\/","name":"Kristdemokraterna i Motala","description":"Kristdemokraterna","inLanguage":"sv-SE"}]}},"_links":{"self":[{"href":"https:\/\/wp.kristdemokraterna.se\/motala\/wp-json\/wp\/v2\/pages\/3111","targetHints":{"allow":["GET"]}}],"collection":[{"href":"https:\/\/wp.kristdemokraterna.se\/motala\/wp-json\/wp\/v2\/pages"}],"about":[{"href":"https:\/\/wp.kristdemokraterna.se\/motala\/wp-json\/wp\/v2\/types\/page"}],"author":[{"embeddable":true,"href":"https:\/\/wp.kristdemokraterna.se\/motala\/wp-json\/wp\/v2\/users\/686"}],"replies":[{"embeddable":true,"href":"https:\/\/wp.kristdemokraterna.se\/motala\/wp-json\/wp\/v2\/comments?post=3111"}],"version-history":[{"count":11,"href":"https:\/\/wp.kristdemokraterna.se\/motala\/wp-json\/wp\/v2\/pages\/3111\/revisions"}],"predecessor-version":[{"id":3124,"href":"https:\/\/wp.kristdemokraterna.se\/motala\/wp-json\/wp\/v2\/pages\/3111\/revisions\/3124"}],"up":[{"embeddable":true,"href":"https:\/\/wp.kristdemokraterna.se\/motala\/wp-json\/wp\/v2\/pages\/2677"}],"wp:attachment":[{"href":"https:\/\/wp.kristdemokraterna.se\/motala\/wp-json\/wp\/v2\/media?parent=3111"}],"curies":[{"name":"wp","href":"https:\/\/api.w.org\/{rel}","templated":true}]}}