{"id":313,"date":"2013-01-30T16:16:22","date_gmt":"2013-01-30T15:16:22","guid":{"rendered":"http:\/\/wp.kristdemokraterna.se\/motala\/?page_id=313"},"modified":"2015-02-11T17:22:43","modified_gmt":"2015-02-11T16:22:43","slug":"turistvagens-fortsattning-genom-motala-kommun","status":"publish","type":"page","link":"https:\/\/wp.kristdemokraterna.se\/motala\/motioner\/turistvagens-fortsattning-genom-motala-kommun\/","title":{"rendered":"Motion: Turistv\u00e4gens forts\u00e4ttning genom Motala kommun"},"content":{"rendered":"<p>2013-01-28<br \/>\n<strong>Turistv\u00e4gens forts\u00e4ttning genom Motala kommun<\/strong><br \/>\nI dag har vi l\u00e4mnat in en gemensam motion i kommunfullm\u00e4ktige om att f\u00f6rl\u00e4nga turistv\u00e4gens forts\u00e4ttning genom Motala kommun.<\/p>\n<p><strong>Kristdemokraterna<\/strong> i Motala, Kommunfullm\u00e4ktige<br \/>\n<a href=\"http:\/\/www.kristdemokraterna.se\/Kontaktportal\/Kontaktportalsida\/?pId=9837\" target=\"_blank\">Nils-Ingvar Graan<\/a>, gruppledare<br \/>\n<a href=\"http:\/\/www.kristdemokraterna.se\/Kontaktportal\/Kontaktportalsida\/?pId=77707\" target=\"_blank\">Martina Axene<\/a>, ledamot<br \/>\n<a href=\"http:\/\/www.kristdemokraterna.se\/Kontaktportal\/Kontaktportalsida\/?pId=91962\" target=\"_blank\">Jan Gyllenhammar<\/a>, ers\u00e4ttare<br \/>\n<a href=\"http:\/\/www.kristdemokraterna.se\/Kontaktportal\/Kontaktportalsida\/?pId=79582\" target=\"_blank\">Lars-Johan Sunnerberg<\/a>, ers\u00e4ttare<\/p>\n<p>&gt; <a href=\"http:\/\/wp.kristdemokraterna.se\/motala\/files\/2013\/01\/20130128_rv50_som_turistvag.pdf\" target=\"_blank\">20130128_RV50_som_turistvag<\/a>\u00a0(pdf)<\/p>\n","protected":false},"excerpt":{"rendered":"<p>2013-01-28 Turistv\u00e4gens forts\u00e4ttning genom Motala kommun I dag har vi l\u00e4mnat in en gemensam motion i kommunfullm\u00e4ktige om att f\u00f6rl\u00e4nga turistv\u00e4gens forts\u00e4ttning genom Motala kommun. Kristdemokraterna i Motala, Kommunfullm\u00e4ktige Nils-Ingvar Graan, gruppledare Martina Axene, ledamot Jan Gyllenhammar, ers\u00e4ttare Lars-Johan Sunnerberg, ers\u00e4ttare &gt; 20130128_RV50_som_turistvag\u00a0(pdf)<\/p>\n","protected":false},"author":689,"featured_media":0,"parent":343,"menu_order":0,"comment_status":"closed","ping_status":"closed","template":"","meta":{"_acf_changed":false,"footnotes":""},"class_list":["post-313","page","type-page","status-publish","hentry"],"acf":[],"yoast_head":"<!-- This site is optimized with the Yoast SEO plugin v27.5 - https:\/\/yoast.com\/product\/yoast-seo-wordpress\/ -->\n<title>Motion: Turistv\u00e4gens forts\u00e4ttning genom Motala kommun - Kristdemokraterna i Motala<\/title>\n<meta name=\"robots\" content=\"index, follow, max-snippet:-1, max-image-preview:large, max-video-preview:-1\" \/>\n<link rel=\"canonical\" href=\"https:\/\/wp.kristdemokraterna.se\/motala\/motioner\/turistvagens-fortsattning-genom-motala-kommun\/\" \/>\n<meta property=\"og:locale\" content=\"sv_SE\" \/>\n<meta property=\"og:type\" content=\"article\" \/>\n<meta property=\"og:title\" content=\"Motion: Turistv\u00e4gens forts\u00e4ttning genom Motala kommun - Kristdemokraterna i Motala\" \/>\n<meta property=\"og:description\" content=\"2013-01-28 Turistv\u00e4gens forts\u00e4ttning genom Motala kommun I dag har vi l\u00e4mnat in en gemensam motion i kommunfullm\u00e4ktige om att f\u00f6rl\u00e4nga turistv\u00e4gens forts\u00e4ttning genom Motala kommun. Kristdemokraterna i Motala, Kommunfullm\u00e4ktige Nils-Ingvar Graan, gruppledare Martina Axene, ledamot Jan Gyllenhammar, ers\u00e4ttare Lars-Johan Sunnerberg, ers\u00e4ttare &gt; 20130128_RV50_som_turistvag\u00a0(pdf)\" \/>\n<meta property=\"og:url\" content=\"https:\/\/wp.kristdemokraterna.se\/motala\/motioner\/turistvagens-fortsattning-genom-motala-kommun\/\" \/>\n<meta property=\"og:site_name\" content=\"Kristdemokraterna i Motala\" \/>\n<meta property=\"article:modified_time\" content=\"2015-02-11T16:22:43+00:00\" \/>\n<meta name=\"twitter:card\" content=\"summary_large_image\" \/>\n<script type=\"application\/ld+json\" class=\"yoast-schema-graph\">{\"@context\":\"https:\\\/\\\/schema.org\",\"@graph\":[{\"@type\":\"WebPage\",\"@id\":\"https:\\\/\\\/wp.kristdemokraterna.se\\\/motala\\\/motioner\\\/turistvagens-fortsattning-genom-motala-kommun\\\/\",\"url\":\"https:\\\/\\\/wp.kristdemokraterna.se\\\/motala\\\/motioner\\\/turistvagens-fortsattning-genom-motala-kommun\\\/\",\"name\":\"Motion: Turistv\u00e4gens forts\u00e4ttning genom Motala kommun - Kristdemokraterna i Motala\",\"isPartOf\":{\"@id\":\"https:\\\/\\\/wp.kristdemokraterna.se\\\/motala\\\/#website\"},\"datePublished\":\"2013-01-30T15:16:22+00:00\",\"dateModified\":\"2015-02-11T16:22:43+00:00\",\"breadcrumb\":{\"@id\":\"https:\\\/\\\/wp.kristdemokraterna.se\\\/motala\\\/motioner\\\/turistvagens-fortsattning-genom-motala-kommun\\\/#breadcrumb\"},\"inLanguage\":\"sv-SE\",\"potentialAction\":[{\"@type\":\"ReadAction\",\"target\":[\"https:\\\/\\\/wp.kristdemokraterna.se\\\/motala\\\/motioner\\\/turistvagens-fortsattning-genom-motala-kommun\\\/\"]}]},{\"@type\":\"BreadcrumbList\",\"@id\":\"https:\\\/\\\/wp.kristdemokraterna.se\\\/motala\\\/motioner\\\/turistvagens-fortsattning-genom-motala-kommun\\\/#breadcrumb\",\"itemListElement\":[{\"@type\":\"ListItem\",\"position\":1,\"name\":\"Hem\",\"item\":\"https:\\\/\\\/wp.kristdemokraterna.se\\\/motala\\\/\"},{\"@type\":\"ListItem\",\"position\":2,\"name\":\"Motioner\",\"item\":\"https:\\\/\\\/wp.kristdemokraterna.se\\\/motala\\\/motioner\\\/\"},{\"@type\":\"ListItem\",\"position\":3,\"name\":\"Motion: Turistv\u00e4gens forts\u00e4ttning genom Motala kommun\"}]},{\"@type\":\"WebSite\",\"@id\":\"https:\\\/\\\/wp.kristdemokraterna.se\\\/motala\\\/#website\",\"url\":\"https:\\\/\\\/wp.kristdemokraterna.se\\\/motala\\\/\",\"name\":\"Kristdemokraterna i Motala\",\"description\":\"Kristdemokraterna\",\"inLanguage\":\"sv-SE\"}]}<\/script>\n<!-- \/ Yoast SEO plugin. -->","yoast_head_json":{"title":"Motion: Turistv\u00e4gens forts\u00e4ttning genom Motala kommun - Kristdemokraterna i Motala","robots":{"index":"index","follow":"follow","max-snippet":"max-snippet:-1","max-image-preview":"max-image-preview:large","max-video-preview":"max-video-preview:-1"},"canonical":"https:\/\/wp.kristdemokraterna.se\/motala\/motioner\/turistvagens-fortsattning-genom-motala-kommun\/","og_locale":"sv_SE","og_type":"article","og_title":"Motion: Turistv\u00e4gens forts\u00e4ttning genom Motala kommun - Kristdemokraterna i Motala","og_description":"2013-01-28 Turistv\u00e4gens forts\u00e4ttning genom Motala kommun I dag har vi l\u00e4mnat in en gemensam motion i kommunfullm\u00e4ktige om att f\u00f6rl\u00e4nga turistv\u00e4gens forts\u00e4ttning genom Motala kommun. Kristdemokraterna i Motala, Kommunfullm\u00e4ktige Nils-Ingvar Graan, gruppledare Martina Axene, ledamot Jan Gyllenhammar, ers\u00e4ttare Lars-Johan Sunnerberg, ers\u00e4ttare &gt; 20130128_RV50_som_turistvag\u00a0(pdf)","og_url":"https:\/\/wp.kristdemokraterna.se\/motala\/motioner\/turistvagens-fortsattning-genom-motala-kommun\/","og_site_name":"Kristdemokraterna i Motala","article_modified_time":"2015-02-11T16:22:43+00:00","twitter_card":"summary_large_image","schema":{"@context":"https:\/\/schema.org","@graph":[{"@type":"WebPage","@id":"https:\/\/wp.kristdemokraterna.se\/motala\/motioner\/turistvagens-fortsattning-genom-motala-kommun\/","url":"https:\/\/wp.kristdemokraterna.se\/motala\/motioner\/turistvagens-fortsattning-genom-motala-kommun\/","name":"Motion: Turistv\u00e4gens forts\u00e4ttning genom Motala kommun - Kristdemokraterna i Motala","isPartOf":{"@id":"https:\/\/wp.kristdemokraterna.se\/motala\/#website"},"datePublished":"2013-01-30T15:16:22+00:00","dateModified":"2015-02-11T16:22:43+00:00","breadcrumb":{"@id":"https:\/\/wp.kristdemokraterna.se\/motala\/motioner\/turistvagens-fortsattning-genom-motala-kommun\/#breadcrumb"},"inLanguage":"sv-SE","potentialAction":[{"@type":"ReadAction","target":["https:\/\/wp.kristdemokraterna.se\/motala\/motioner\/turistvagens-fortsattning-genom-motala-kommun\/"]}]},{"@type":"BreadcrumbList","@id":"https:\/\/wp.kristdemokraterna.se\/motala\/motioner\/turistvagens-fortsattning-genom-motala-kommun\/#breadcrumb","itemListElement":[{"@type":"ListItem","position":1,"name":"Hem","item":"https:\/\/wp.kristdemokraterna.se\/motala\/"},{"@type":"ListItem","position":2,"name":"Motioner","item":"https:\/\/wp.kristdemokraterna.se\/motala\/motioner\/"},{"@type":"ListItem","position":3,"name":"Motion: Turistv\u00e4gens forts\u00e4ttning genom Motala kommun"}]},{"@type":"WebSite","@id":"https:\/\/wp.kristdemokraterna.se\/motala\/#website","url":"https:\/\/wp.kristdemokraterna.se\/motala\/","name":"Kristdemokraterna i Motala","description":"Kristdemokraterna","inLanguage":"sv-SE"}]}},"_links":{"self":[{"href":"https:\/\/wp.kristdemokraterna.se\/motala\/wp-json\/wp\/v2\/pages\/313","targetHints":{"allow":["GET"]}}],"collection":[{"href":"https:\/\/wp.kristdemokraterna.se\/motala\/wp-json\/wp\/v2\/pages"}],"about":[{"href":"https:\/\/wp.kristdemokraterna.se\/motala\/wp-json\/wp\/v2\/types\/page"}],"author":[{"embeddable":true,"href":"https:\/\/wp.kristdemokraterna.se\/motala\/wp-json\/wp\/v2\/users\/689"}],"replies":[{"embeddable":true,"href":"https:\/\/wp.kristdemokraterna.se\/motala\/wp-json\/wp\/v2\/comments?post=313"}],"version-history":[{"count":11,"href":"https:\/\/wp.kristdemokraterna.se\/motala\/wp-json\/wp\/v2\/pages\/313\/revisions"}],"predecessor-version":[{"id":380,"href":"https:\/\/wp.kristdemokraterna.se\/motala\/wp-json\/wp\/v2\/pages\/313\/revisions\/380"}],"up":[{"embeddable":true,"href":"https:\/\/wp.kristdemokraterna.se\/motala\/wp-json\/wp\/v2\/pages\/343"}],"wp:attachment":[{"href":"https:\/\/wp.kristdemokraterna.se\/motala\/wp-json\/wp\/v2\/media?parent=313"}],"curies":[{"name":"wp","href":"https:\/\/api.w.org\/{rel}","templated":true}]}}

Motion: Turistvägens fortsättning genom Motala kommun

<p>2013-01-28<br />
<strong>Turistvägens fortsättning genom Motala kommun</strong><br />
I dag har vi lämnat in en gemensam motion i kommunfullmäktige om att förlänga turistvägens fortsättning genom Motala kommun.</p>
<p><strong>Kristdemokraterna</strong> i Motala, Kommunfullmäktige<br />
<a href="http://www.kristdemokraterna.se/Kontaktportal/Kontaktportalsida/?pId=9837" target="_blank">Nils-Ingvar Graan</a>, gruppledare<br />
<a href="http://www.kristdemokraterna.se/Kontaktportal/Kontaktportalsida/?pId=77707" target="_blank">Martina Axene</a>, ledamot<br />
<a href="http://www.kristdemokraterna.se/Kontaktportal/Kontaktportalsida/?pId=91962" target="_blank">Jan Gyllenhammar</a>, ersättare<br />
<a href="http://www.kristdemokraterna.se/Kontaktportal/Kontaktportalsida/?pId=79582" target="_blank">Lars-Johan Sunnerberg</a>, ersättare</p>
<p>&gt; <a href="http://wp.kristdemokraterna.se/motala/files/2013/01/20130128_rv50_som_turistvag.pdf" target="_blank">20130128_RV50_som_turistvag</a> (pdf)</p>

<p>2013-01-28 Turistvägens fortsättning genom Motala kommun I dag har vi lämnat in en gemensam motion i kommunfullmäktige om att förlänga turistvägens fortsättning genom Motala kommun. Kristdemokraterna i Motala, Kommunfullmäktige Nils-Ingvar Graan, gruppledare Martina Axene, ledamot Jan Gyllenhammar, ersättare Lars-Johan Sunnerberg, ersättare &gt; 20130128_RV50_som_turistvag (pdf)</p>

<!-- This site is optimized with the Yoast SEO plugin v27.5 - https://yoast.com/product/yoast-seo-wordpress/ -->
<title>Motion: Turistvägens fortsättning genom Motala kommun - Kristdemokraterna i Motala</title>
<meta name="robots" content="index, follow, max-snippet:-1, max-image-preview:large, max-video-preview:-1" />
<link rel="canonical" href="https://wp.kristdemokraterna.se/motala/motioner/turistvagens-fortsattning-genom-motala-kommun/" />
<meta property="og:locale" content="sv_SE" />
<meta property="og:type" content="article" />
<meta property="og:title" content="Motion: Turistvägens fortsättning genom Motala kommun - Kristdemokraterna i Motala" />
<meta property="og:description" content="2013-01-28 Turistvägens fortsättning genom Motala kommun I dag har vi lämnat in en gemensam motion i kommunfullmäktige om att förlänga turistvägens fortsättning genom Motala kommun. Kristdemokraterna i Motala, Kommunfullmäktige Nils-Ingvar Graan, gruppledare Martina Axene, ledamot Jan Gyllenhammar, ersättare Lars-Johan Sunnerberg, ersättare &gt; 20130128_RV50_som_turistvag (pdf)" />
<meta property="og:url" content="https://wp.kristdemokraterna.se/motala/motioner/turistvagens-fortsattning-genom-motala-kommun/" />
<meta property="og:site_name" content="Kristdemokraterna i Motala" />
<meta property="article:modified_time" content="2015-02-11T16:22:43+00:00" />
<meta name="twitter:card" content="summary_large_image" />
<script type="application/ld+json" class="yoast-schema-graph">{"@context":"https:\/\/schema.org","@graph":[{"@type":"WebPage","@id":"https:\/\/wp.kristdemokraterna.se\/motala\/motioner\/turistvagens-fortsattning-genom-motala-kommun\/","url":"https:\/\/wp.kristdemokraterna.se\/motala\/motioner\/turistvagens-fortsattning-genom-motala-kommun\/","name":"Motion: Turistvägens fortsättning genom Motala kommun - Kristdemokraterna i Motala","isPartOf":{"@id":"https:\/\/wp.kristdemokraterna.se\/motala\/#website"},"datePublished":"2013-01-30T15:16:22+00:00","dateModified":"2015-02-11T16:22:43+00:00","breadcrumb":{"@id":"https:\/\/wp.kristdemokraterna.se\/motala\/motioner\/turistvagens-fortsattning-genom-motala-kommun\/#breadcrumb"},"inLanguage":"sv-SE","potentialAction":[{"@type":"ReadAction","target":["https:\/\/wp.kristdemokraterna.se\/motala\/motioner\/turistvagens-fortsattning-genom-motala-kommun\/"]}]},{"@type":"BreadcrumbList","@id":"https:\/\/wp.kristdemokraterna.se\/motala\/motioner\/turistvagens-fortsattning-genom-motala-kommun\/#breadcrumb","itemListElement":[{"@type":"ListItem","position":1,"name":"Hem","item":"https:\/\/wp.kristdemokraterna.se\/motala\/"},{"@type":"ListItem","position":2,"name":"Motioner","item":"https:\/\/wp.kristdemokraterna.se\/motala\/motioner\/"},{"@type":"ListItem","position":3,"name":"Motion: Turistvägens fortsättning genom Motala kommun"}]},{"@type":"WebSite","@id":"https:\/\/wp.kristdemokraterna.se\/motala\/#website","url":"https:\/\/wp.kristdemokraterna.se\/motala\/","name":"Kristdemokraterna i Motala","description":"Kristdemokraterna","inLanguage":"sv-SE"}]}</script>
<!-- / Yoast SEO plugin. -->

Motion: Turistvägens fortsättning genom Motala kommun - Kristdemokraterna i Motala

2013-01-28 Turistvägens fortsättning genom Motala kommun I dag har vi lämnat in en gemensam motion i kommunfullmäktige om att förlänga turistvägens fortsättning genom Motala kommun. Kristdemokraterna i Motala, Kommunfullmäktige Nils-Ingvar Graan, gruppledare Martina Axene, ledamot Jan Gyllenhammar, ersättare Lars-Johan Sunnerberg, ersättare &gt; 20130128_RV50_som_turistvag (pdf)
