{"id":4086,"date":"2022-12-17T18:52:44","date_gmt":"2022-12-17T17:52:44","guid":{"rendered":"https:\/\/wp.kristdemokraterna.se\/motala\/?page_id=4086"},"modified":"2024-12-06T15:39:21","modified_gmt":"2024-12-06T14:39:21","slug":"fortroendevalda-2022-2026","status":"publish","type":"page","link":"https:\/\/wp.kristdemokraterna.se\/motala\/vart-parti\/fortroendevalda-2022-2026\/","title":{"rendered":"F\u00f6rtroendevalda 2022-2026"},"content":{"rendered":"<p style=\"text-align: right\"><em>Motala kommun 2022-2026<\/em><\/p>\n<p style=\"text-align: left\">I valet till kommunfullm\u00e4ktige i Motala 2022 s\u00e5 fick Kristdemokraterna 5,3% av r\u00f6sterna. Det gav oss f\u00f6ljande representation i n\u00e4mnder och styrelser i Motala kommun f\u00f6r mandatperioden 2022-2026.<\/p>\n<p><strong>Kommunfullm\u00e4ktige<\/strong>\u00a0| <strong>&gt;<\/strong> <em><a href=\"http:\/\/wp.kristdemokraterna.se\/motala\/webbtv\/\">webb-tv<\/a><\/em><br \/>\n<a href=\"https:\/\/wp.kristdemokraterna.se\/motala\/vart-parti\/fortroendevalda-2022-2026\/fredrik-topplund\/\">Fredrik Topplund <\/a>ordf\u00f6rande i Kommunfullm\u00e4ktige<br \/>\n<a href=\"https:\/\/wp.kristdemokraterna.se\/motala\/vart-parti\/fortroendevalda-2022-2026\/erik-forslund\/\">Erik Forslund<\/a>, ledamot, gruppledare<br \/>\n<span style=\"color: #000000\"><a href=\"https:\/\/wp.kristdemokraterna.se\/motala\/vart-parti\/fortroendevalda-2022-2026\/ingalill-johansson\/\">IngaLill Johansson<\/a>, ledamot, vice gruppledare<\/span><\/p>\n<p><span style=\"color: #000000\"><strong>Kommunfullm\u00e4ktige, LUP-beredningen<br \/>\n<\/strong><\/span><a href=\"https:\/\/wp.kristdemokraterna.se\/motala\/vart-parti\/fortroendevalda-2022-2026\/fredrik-topplund\/\">Fredrik Topplund<\/a>, ledamot<\/p>\n<p><strong>Kommunstyrelsen<br \/>\n<\/strong>\u00a0<a href=\"https:\/\/wp.kristdemokraterna.se\/motala\/vart-parti\/fortroendevalda-2022-2026\/karin-olsson\/\">Karin Olsson, ledamot<\/a><\/p>\n<p>ers\u00e4ttare, Linda Lagerqvist<\/p>\n<p><span style=\"color: #000000\"><strong>Kommunstyrelsen, Arbetsgrupp f\u00f6r landsbygdsutveckling<\/strong>, <\/span><\/p>\n<p><span style=\"color: #000000\">Linda Lagerqvist, ledamot<\/span><\/p>\n<p><span style=\"color: #000000\"><strong>Kommunstyrelsen, Beredningen f\u00f6r strategisk samh\u00e4llsplanering<br \/>\n<\/strong>Karin Olsson, ledamot<b><\/b><\/span><\/p>\n<p><span style=\"color: #000000\"><strong>Kommunstyrelsen, Beredningen f\u00f6r social h\u00e5llbarhet<br \/>\n<\/strong>Linda Lagerqvist, ledamot<\/span><\/p>\n<p><strong>Bildningsn\u00e4mnden<br \/>\n<\/strong><a href=\"https:\/\/wp.kristdemokraterna.se\/motala\/vart-parti\/fortroendevalda-2022-2026\/erik-forslund\/\">Erik Forslund<\/a><strong>, <\/strong>ledamot<br \/>\n<a href=\"https:\/\/wp.kristdemokraterna.se\/motala\/vart-parti\/fortroendevalda-2022-2026\/hanna-nordqvist\/\">Hanna Nordqvist<\/a>, ers\u00e4ttare<\/p>\n<p><strong>Socialn\u00e4mnden<br \/>\n<\/strong><span style=\"color: #000000\"><a href=\"https:\/\/wp.kristdemokraterna.se\/motala\/vart-parti\/fortroendevalda-2022-2026\/ingalill-johansson\/\">IngaLill Johansson<\/a>, ledamot<br \/>\n<\/span>Linda Jarander, ers\u00e4ttare<br \/>\n<em><span style=\"color: #999999\"><br \/>\n<\/span><\/em><strong>Samh\u00e4llsbyggnadsn\u00e4mnden<br \/>\n<\/strong>Didrik Dyhl\u00e9n D\u00f6tlmaier, ledamot<\/p>\n<p>Leif Josefsson, ers\u00e4ttare<br \/>\n<span style=\"color: #999999\"><em><br \/>\n<\/em><\/span><strong>Tekniska servicen\u00e4mnden<\/strong><br \/>\nLeif Josefsson, ers\u00e4ttare<\/p>\n<p><strong>Valn\u00e4mnden<\/strong><br \/>\n<a href=\"https:\/\/wp.kristdemokraterna.se\/motala\/vart-parti\/fortroendevalda-2022-2026\/didrik\/\">Didrik D\u00f6tlmayer<\/a>, ers\u00e4ttare<\/p>\n<p><strong>\u00d6verf\u00f6rmyndarn\u00e4mnden<\/strong> (Motala, Mj\u00f6lby, Vadstena och \u00d6desh\u00f6g)<br \/>\n<a href=\"https:\/\/wp.kristdemokraterna.se\/motala\/vart-parti\/fortroendevalda-2022-2026\/karin-olsson\/\">Karin Olsson<\/a>, ledamot, ordf\u00f6rande<\/p>\n<p><strong>N\u00e4mndem\u00e4n vid Link\u00f6pings tingsr\u00e4tt<\/strong> (<a href=\"http:\/\/www.linkopingstingsratt.domstol.se\/\" target=\"_blank\" rel=\"noopener noreferrer\">&gt;&gt;<\/a>)<br \/>\n<a href=\"https:\/\/wp.kristdemokraterna.se\/motala\/vart-parti\/fortroendevalda-2022-2026\/ingalill-johansson\/\">IngaLill Johansson<\/a>, ledamot<\/p>\n<p><strong>Styrelsen f\u00f6r Stiftelsen Direkt\u00f6r Gustaf R\u00e5hl\u00e9ns donationsfond<\/strong><\/p>\n<p>Fredrik Topplund,<\/p>\n<p><strong>Styrelsen f\u00f6r Sj\u00f6staden Motala Mark AB<\/strong>,<\/p>\n<p>Linda Lagerqvist, ledamot<\/p>\n<p><strong>Styrelsen f\u00f6r Sj\u00f6staden Motala Fastighetsutveckling AB<\/strong><br \/>\n<a href=\"https:\/\/wp.kristdemokraterna.se\/motala\/vart-parti\/fortroendevalda-2022-2026\/erik-forslund\/\">Erik Forslund<\/a>, suppleant<\/p>\n<p><span style=\"color: #000000\"><strong>Beredningen f\u00f6r organisation- och arvodesfr\u00e5gor<\/strong><\/span><br \/>\nFredrik Topplund, ordf\u00f6rande<br \/>\n<a href=\"https:\/\/wp.kristdemokraterna.se\/motala\/vart-parti\/fortroendevalda-2022-2026\/erik-forslund\/\">Erik Forslund<\/a>, ledamot<br \/>\n<span style=\"color: #999999\"><span style=\"color: #000000\"><a href=\"https:\/\/wp.kristdemokraterna.se\/motala\/vart-parti\/fortroendevalda-2022-2026\/ingalill-johansson\/\">IngaLill Johansson<\/a>, ledamot<\/span><\/span><\/p>\n","protected":false},"excerpt":{"rendered":"<p>Motala kommun 2022-2026 I valet till kommunfullm\u00e4ktige i Motala 2022 s\u00e5 fick Kristdemokraterna 5,3% av r\u00f6sterna. Det gav oss f\u00f6ljande representation i n\u00e4mnder och styrelser i Motala kommun f\u00f6r mandatperioden 2022-2026. Kommunfullm\u00e4ktige\u00a0| &gt; webb-tv Fredrik Topplund ordf\u00f6rande i Kommunfullm\u00e4ktige Erik Forslund, ledamot, gruppledare IngaLill Johansson, ledamot, vice gruppledare Kommunfullm\u00e4ktige, LUP-beredningen Fredrik Topplund, ledamot Kommunstyrelsen \u00a0Karin <a class=\"read-more-link\" href=\"https:\/\/wp.kristdemokraterna.se\/motala\/vart-parti\/fortroendevalda-2022-2026\/\">Read More<\/a><\/p>\n","protected":false},"author":695,"featured_media":0,"parent":4003,"menu_order":1,"comment_status":"closed","ping_status":"closed","template":"","meta":{"_acf_changed":false,"footnotes":""},"class_list":["post-4086","page","type-page","status-publish","hentry"],"acf":[],"yoast_head":"<!-- This site is optimized with the Yoast SEO plugin v27.4 - https:\/\/yoast.com\/product\/yoast-seo-wordpress\/ -->\n<title>F\u00f6rtroendevalda 2022-2026 - Kristdemokraterna i Motala<\/title>\n<meta name=\"robots\" content=\"index, follow, max-snippet:-1, max-image-preview:large, max-video-preview:-1\" \/>\n<link rel=\"canonical\" href=\"https:\/\/wp.kristdemokraterna.se\/motala\/vart-parti\/fortroendevalda-2022-2026\/\" \/>\n<meta property=\"og:locale\" content=\"sv_SE\" \/>\n<meta property=\"og:type\" content=\"article\" \/>\n<meta property=\"og:title\" content=\"F\u00f6rtroendevalda 2022-2026 - Kristdemokraterna i Motala\" \/>\n<meta property=\"og:description\" content=\"Motala kommun 2022-2026 I valet till kommunfullm\u00e4ktige i Motala 2022 s\u00e5 fick Kristdemokraterna 5,3% av r\u00f6sterna. Det gav oss f\u00f6ljande representation i n\u00e4mnder och styrelser i Motala kommun f\u00f6r mandatperioden 2022-2026. Kommunfullm\u00e4ktige\u00a0| &gt; webb-tv Fredrik Topplund ordf\u00f6rande i Kommunfullm\u00e4ktige Erik Forslund, ledamot, gruppledare IngaLill Johansson, ledamot, vice gruppledare Kommunfullm\u00e4ktige, LUP-beredningen Fredrik Topplund, ledamot Kommunstyrelsen \u00a0Karin Read More\" \/>\n<meta property=\"og:url\" content=\"https:\/\/wp.kristdemokraterna.se\/motala\/vart-parti\/fortroendevalda-2022-2026\/\" \/>\n<meta property=\"og:site_name\" content=\"Kristdemokraterna i Motala\" \/>\n<meta property=\"article:modified_time\" content=\"2024-12-06T14:39:21+00:00\" \/>\n<meta name=\"twitter:card\" content=\"summary_large_image\" \/>\n<meta name=\"twitter:label1\" content=\"Ber\u00e4knad l\u00e4stid\" \/>\n\t<meta name=\"twitter:data1\" content=\"1 minut\" \/>\n<script type=\"application\/ld+json\" class=\"yoast-schema-graph\">{\"@context\":\"https:\\\/\\\/schema.org\",\"@graph\":[{\"@type\":\"WebPage\",\"@id\":\"https:\\\/\\\/wp.kristdemokraterna.se\\\/motala\\\/vart-parti\\\/fortroendevalda-2022-2026\\\/\",\"url\":\"https:\\\/\\\/wp.kristdemokraterna.se\\\/motala\\\/vart-parti\\\/fortroendevalda-2022-2026\\\/\",\"name\":\"F\u00f6rtroendevalda 2022-2026 - Kristdemokraterna i Motala\",\"isPartOf\":{\"@id\":\"https:\\\/\\\/wp.kristdemokraterna.se\\\/motala\\\/#website\"},\"datePublished\":\"2022-12-17T17:52:44+00:00\",\"dateModified\":\"2024-12-06T14:39:21+00:00\",\"breadcrumb\":{\"@id\":\"https:\\\/\\\/wp.kristdemokraterna.se\\\/motala\\\/vart-parti\\\/fortroendevalda-2022-2026\\\/#breadcrumb\"},\"inLanguage\":\"sv-SE\",\"potentialAction\":[{\"@type\":\"ReadAction\",\"target\":[\"https:\\\/\\\/wp.kristdemokraterna.se\\\/motala\\\/vart-parti\\\/fortroendevalda-2022-2026\\\/\"]}]},{\"@type\":\"BreadcrumbList\",\"@id\":\"https:\\\/\\\/wp.kristdemokraterna.se\\\/motala\\\/vart-parti\\\/fortroendevalda-2022-2026\\\/#breadcrumb\",\"itemListElement\":[{\"@type\":\"ListItem\",\"position\":1,\"name\":\"Hem\",\"item\":\"https:\\\/\\\/wp.kristdemokraterna.se\\\/motala\\\/\"},{\"@type\":\"ListItem\",\"position\":2,\"name\":\"V\u00e5rt parti\",\"item\":\"https:\\\/\\\/wp.kristdemokraterna.se\\\/motala\\\/vart-parti\\\/\"},{\"@type\":\"ListItem\",\"position\":3,\"name\":\"F\u00f6rtroendevalda 2022-2026\"}]},{\"@type\":\"WebSite\",\"@id\":\"https:\\\/\\\/wp.kristdemokraterna.se\\\/motala\\\/#website\",\"url\":\"https:\\\/\\\/wp.kristdemokraterna.se\\\/motala\\\/\",\"name\":\"Kristdemokraterna i Motala\",\"description\":\"Kristdemokraterna\",\"inLanguage\":\"sv-SE\"}]}<\/script>\n<!-- \/ Yoast SEO plugin. -->","yoast_head_json":{"title":"F\u00f6rtroendevalda 2022-2026 - Kristdemokraterna i Motala","robots":{"index":"index","follow":"follow","max-snippet":"max-snippet:-1","max-image-preview":"max-image-preview:large","max-video-preview":"max-video-preview:-1"},"canonical":"https:\/\/wp.kristdemokraterna.se\/motala\/vart-parti\/fortroendevalda-2022-2026\/","og_locale":"sv_SE","og_type":"article","og_title":"F\u00f6rtroendevalda 2022-2026 - Kristdemokraterna i Motala","og_description":"Motala kommun 2022-2026 I valet till kommunfullm\u00e4ktige i Motala 2022 s\u00e5 fick Kristdemokraterna 5,3% av r\u00f6sterna. Det gav oss f\u00f6ljande representation i n\u00e4mnder och styrelser i Motala kommun f\u00f6r mandatperioden 2022-2026. Kommunfullm\u00e4ktige\u00a0| &gt; webb-tv Fredrik Topplund ordf\u00f6rande i Kommunfullm\u00e4ktige Erik Forslund, ledamot, gruppledare IngaLill Johansson, ledamot, vice gruppledare Kommunfullm\u00e4ktige, LUP-beredningen Fredrik Topplund, ledamot Kommunstyrelsen \u00a0Karin Read More","og_url":"https:\/\/wp.kristdemokraterna.se\/motala\/vart-parti\/fortroendevalda-2022-2026\/","og_site_name":"Kristdemokraterna i Motala","article_modified_time":"2024-12-06T14:39:21+00:00","twitter_card":"summary_large_image","twitter_misc":{"Ber\u00e4knad l\u00e4stid":"1 minut"},"schema":{"@context":"https:\/\/schema.org","@graph":[{"@type":"WebPage","@id":"https:\/\/wp.kristdemokraterna.se\/motala\/vart-parti\/fortroendevalda-2022-2026\/","url":"https:\/\/wp.kristdemokraterna.se\/motala\/vart-parti\/fortroendevalda-2022-2026\/","name":"F\u00f6rtroendevalda 2022-2026 - Kristdemokraterna i Motala","isPartOf":{"@id":"https:\/\/wp.kristdemokraterna.se\/motala\/#website"},"datePublished":"2022-12-17T17:52:44+00:00","dateModified":"2024-12-06T14:39:21+00:00","breadcrumb":{"@id":"https:\/\/wp.kristdemokraterna.se\/motala\/vart-parti\/fortroendevalda-2022-2026\/#breadcrumb"},"inLanguage":"sv-SE","potentialAction":[{"@type":"ReadAction","target":["https:\/\/wp.kristdemokraterna.se\/motala\/vart-parti\/fortroendevalda-2022-2026\/"]}]},{"@type":"BreadcrumbList","@id":"https:\/\/wp.kristdemokraterna.se\/motala\/vart-parti\/fortroendevalda-2022-2026\/#breadcrumb","itemListElement":[{"@type":"ListItem","position":1,"name":"Hem","item":"https:\/\/wp.kristdemokraterna.se\/motala\/"},{"@type":"ListItem","position":2,"name":"V\u00e5rt parti","item":"https:\/\/wp.kristdemokraterna.se\/motala\/vart-parti\/"},{"@type":"ListItem","position":3,"name":"F\u00f6rtroendevalda 2022-2026"}]},{"@type":"WebSite","@id":"https:\/\/wp.kristdemokraterna.se\/motala\/#website","url":"https:\/\/wp.kristdemokraterna.se\/motala\/","name":"Kristdemokraterna i Motala","description":"Kristdemokraterna","inLanguage":"sv-SE"}]}},"_links":{"self":[{"href":"https:\/\/wp.kristdemokraterna.se\/motala\/wp-json\/wp\/v2\/pages\/4086","targetHints":{"allow":["GET"]}}],"collection":[{"href":"https:\/\/wp.kristdemokraterna.se\/motala\/wp-json\/wp\/v2\/pages"}],"about":[{"href":"https:\/\/wp.kristdemokraterna.se\/motala\/wp-json\/wp\/v2\/types\/page"}],"author":[{"embeddable":true,"href":"https:\/\/wp.kristdemokraterna.se\/motala\/wp-json\/wp\/v2\/users\/695"}],"replies":[{"embeddable":true,"href":"https:\/\/wp.kristdemokraterna.se\/motala\/wp-json\/wp\/v2\/comments?post=4086"}],"version-history":[{"count":8,"href":"https:\/\/wp.kristdemokraterna.se\/motala\/wp-json\/wp\/v2\/pages\/4086\/revisions"}],"predecessor-version":[{"id":4289,"href":"https:\/\/wp.kristdemokraterna.se\/motala\/wp-json\/wp\/v2\/pages\/4086\/revisions\/4289"}],"up":[{"embeddable":true,"href":"https:\/\/wp.kristdemokraterna.se\/motala\/wp-json\/wp\/v2\/pages\/4003"}],"wp:attachment":[{"href":"https:\/\/wp.kristdemokraterna.se\/motala\/wp-json\/wp\/v2\/media?parent=4086"}],"curies":[{"name":"wp","href":"https:\/\/api.w.org\/{rel}","templated":true}]}}