{"id":4100,"date":"2023-05-24T13:58:40","date_gmt":"2023-05-24T11:58:40","guid":{"rendered":"https:\/\/wp.kristdemokraterna.se\/motala\/?page_id=4100"},"modified":"2024-12-06T15:25:06","modified_gmt":"2024-12-06T14:25:06","slug":"fredrik-topplund","status":"publish","type":"page","link":"https:\/\/wp.kristdemokraterna.se\/motala\/vart-parti\/fortroendevalda-2022-2026\/fredrik-topplund\/","title":{"rendered":"Fredrik Topplund"},"content":{"rendered":"<p><strong><a href=\"http:\/\/wp.kristdemokraterna.se\/motala\/files\/2023\/05\/pre00100-e1684929599353.png\"><img loading=\"lazy\" decoding=\"async\" class=\"alignnone size-medium wp-image-4102\" src=\"http:\/\/wp.kristdemokraterna.se\/motala\/files\/2023\/05\/pre00100-e1684929599353-232x300.png\" alt=\"\" width=\"232\" height=\"300\" srcset=\"https:\/\/wp.kristdemokraterna.se\/motala\/files\/2023\/05\/pre00100-e1684929599353-232x300.png 232w, https:\/\/wp.kristdemokraterna.se\/motala\/files\/2023\/05\/pre00100-e1684929599353-768x994.png 768w, https:\/\/wp.kristdemokraterna.se\/motala\/files\/2023\/05\/pre00100-e1684929599353-155x200.png 155w, https:\/\/wp.kristdemokraterna.se\/motala\/files\/2023\/05\/pre00100-e1684929599353-370x479.png 370w, https:\/\/wp.kristdemokraterna.se\/motala\/files\/2023\/05\/pre00100-e1684929599353-770x996.png 770w, https:\/\/wp.kristdemokraterna.se\/motala\/files\/2023\/05\/pre00100-e1684929599353-450x582.png 450w, https:\/\/wp.kristdemokraterna.se\/motala\/files\/2023\/05\/pre00100-e1684929599353-280x362.png 280w, https:\/\/wp.kristdemokraterna.se\/motala\/files\/2023\/05\/pre00100-e1684929599353-340x440.png 340w, https:\/\/wp.kristdemokraterna.se\/motala\/files\/2023\/05\/pre00100-e1684929599353-43x56.png 43w, https:\/\/wp.kristdemokraterna.se\/motala\/files\/2023\/05\/pre00100-e1684929599353.png 783w\" sizes=\"auto, (max-width: 232px) 100vw, 232px\" \/><\/a><\/strong><\/p>\n<p><strong>Namn:<\/strong> Fredrik Topplund<br \/>\n<strong>F\u00f6dd:<\/strong> 1980<br \/>\n<strong>Familj: <\/strong>Sambo och barn<strong><br \/>\nUppvuxen:<\/strong> F\u00f6dd i Motala, men st\u00f6rre delen av uppv\u00e4xten i Link\u00f6ping<\/p>\n<p><strong>Vad har du f\u00f6r bakgrund utanf\u00f6r politiken?<\/strong><br \/>\nText, bild och form har varit tongivande i de olika yrken jag haft under \u00e5ren. I lite \u00f6ver 10 \u00e5r har jag haft uppdraget som marknadsassistent p\u00e5 tv\u00e5 olika f\u00f6retag, vilket innebar att ta fram reklammaterial, skriva texter och fotografera produkter. Sedan 2014 jobbar jag som politisk sekreterare f\u00f6r Kristdemokraterna i Region \u00d6sterg\u00f6tland. Ideellt engagerad inom nykterhetsr\u00f6relsen.<\/p>\n<p><strong>Vilken fr\u00e5ga brinner du extra f\u00f6r?<\/strong><br \/>\nBra fr\u00e5ga! Jag har inte en enskild fr\u00e5ga som orsak till mitt engagemang.<br \/>\nI st\u00e4llet vill jag se mig som en samh\u00e4llsbyggare med ett brett intresse i olika fr\u00e5gor. Det borde ligga i varje inv\u00e5nares intresse att delta i samh\u00e4llsdebatten och de beslut som p\u00e5verkar hur v\u00e5r kommun utvecklas.<\/p>\n<p><strong>Vad \u00e4r styrkan med Kristdemokraternas grupp av f\u00f6rtroendevalda?<\/strong><br \/>\nVi har en grupp med personer som har olika bakgrund, n\u00e5got som kompletterar n\u00e4r vi ska ta oss an olika fr\u00e5gor.<\/p>\n<p><strong>Vilka politiska uppdrag har du?<\/strong><br \/>\nKommunfullm\u00e4ktige, ordf\u00f6rande<br \/>\nLUP-beredningen, ledamot<br \/>\nRegionfullm\u00e4ktige, 3:e ers\u00e4ttare<\/p>\n<p>KD Motala partiavdelningens styrelse- Ledamot<\/p>\n<p><strong>Kontaktuppgift:<\/strong><br \/>\nSkriv g\u00e4rna till mig p\u00e5 <a href=\"mailto:fredrik.topplund@motala.se\">fredrik.topplund@motala.se<\/a><\/p>\n","protected":false},"excerpt":{"rendered":"<p>Namn: Fredrik Topplund F\u00f6dd: 1980 Familj: Sambo och barn Uppvuxen: F\u00f6dd i Motala, men st\u00f6rre delen av uppv\u00e4xten i Link\u00f6ping Vad har du f\u00f6r bakgrund utanf\u00f6r politiken? Text, bild och form har varit tongivande i de olika yrken jag haft under \u00e5ren. I lite \u00f6ver 10 \u00e5r har jag haft uppdraget som marknadsassistent p\u00e5 tv\u00e5 <a class=\"read-more-link\" href=\"https:\/\/wp.kristdemokraterna.se\/motala\/vart-parti\/fortroendevalda-2022-2026\/fredrik-topplund\/\">Read More<\/a><\/p>\n","protected":false},"author":1016,"featured_media":0,"parent":4086,"menu_order":3,"comment_status":"closed","ping_status":"closed","template":"","meta":{"_acf_changed":false,"footnotes":""},"class_list":["post-4100","page","type-page","status-publish","hentry"],"acf":[],"yoast_head":"<!-- This site is optimized with the Yoast SEO plugin v27.4 - https:\/\/yoast.com\/product\/yoast-seo-wordpress\/ -->\n<title>Fredrik Topplund - Kristdemokraterna i Motala<\/title>\n<meta name=\"robots\" content=\"index, follow, max-snippet:-1, max-image-preview:large, max-video-preview:-1\" \/>\n<link rel=\"canonical\" href=\"https:\/\/wp.kristdemokraterna.se\/motala\/vart-parti\/fortroendevalda-2022-2026\/fredrik-topplund\/\" \/>\n<meta property=\"og:locale\" content=\"sv_SE\" \/>\n<meta property=\"og:type\" content=\"article\" \/>\n<meta property=\"og:title\" content=\"Fredrik Topplund - Kristdemokraterna i Motala\" \/>\n<meta property=\"og:description\" content=\"Namn: Fredrik Topplund F\u00f6dd: 1980 Familj: Sambo och barn Uppvuxen: F\u00f6dd i Motala, men st\u00f6rre delen av uppv\u00e4xten i Link\u00f6ping Vad har du f\u00f6r bakgrund utanf\u00f6r politiken? Text, bild och form har varit tongivande i de olika yrken jag haft under \u00e5ren. I lite \u00f6ver 10 \u00e5r har jag haft uppdraget som marknadsassistent p\u00e5 tv\u00e5 Read More\" \/>\n<meta property=\"og:url\" content=\"https:\/\/wp.kristdemokraterna.se\/motala\/vart-parti\/fortroendevalda-2022-2026\/fredrik-topplund\/\" \/>\n<meta property=\"og:site_name\" content=\"Kristdemokraterna i Motala\" \/>\n<meta property=\"article:modified_time\" content=\"2024-12-06T14:25:06+00:00\" \/>\n<meta property=\"og:image\" content=\"https:\/\/wp.kristdemokraterna.se\/motala\/files\/2023\/05\/pre00100-e1684929599353.png\" \/>\n\t<meta property=\"og:image:width\" content=\"783\" \/>\n\t<meta property=\"og:image:height\" content=\"1013\" \/>\n\t<meta property=\"og:image:type\" content=\"image\/png\" \/>\n<meta name=\"twitter:card\" content=\"summary_large_image\" \/>\n<meta name=\"twitter:label1\" content=\"Ber\u00e4knad l\u00e4stid\" \/>\n\t<meta name=\"twitter:data1\" content=\"2 minuter\" \/>\n<script type=\"application\/ld+json\" class=\"yoast-schema-graph\">{\"@context\":\"https:\\\/\\\/schema.org\",\"@graph\":[{\"@type\":\"WebPage\",\"@id\":\"https:\\\/\\\/wp.kristdemokraterna.se\\\/motala\\\/vart-parti\\\/fortroendevalda-2022-2026\\\/fredrik-topplund\\\/\",\"url\":\"https:\\\/\\\/wp.kristdemokraterna.se\\\/motala\\\/vart-parti\\\/fortroendevalda-2022-2026\\\/fredrik-topplund\\\/\",\"name\":\"Fredrik Topplund - Kristdemokraterna i Motala\",\"isPartOf\":{\"@id\":\"https:\\\/\\\/wp.kristdemokraterna.se\\\/motala\\\/#website\"},\"primaryImageOfPage\":{\"@id\":\"https:\\\/\\\/wp.kristdemokraterna.se\\\/motala\\\/vart-parti\\\/fortroendevalda-2022-2026\\\/fredrik-topplund\\\/#primaryimage\"},\"image\":{\"@id\":\"https:\\\/\\\/wp.kristdemokraterna.se\\\/motala\\\/vart-parti\\\/fortroendevalda-2022-2026\\\/fredrik-topplund\\\/#primaryimage\"},\"thumbnailUrl\":\"http:\\\/\\\/wp.kristdemokraterna.se\\\/motala\\\/files\\\/2023\\\/05\\\/pre00100-e1684929599353-232x300.png\",\"datePublished\":\"2023-05-24T11:58:40+00:00\",\"dateModified\":\"2024-12-06T14:25:06+00:00\",\"breadcrumb\":{\"@id\":\"https:\\\/\\\/wp.kristdemokraterna.se\\\/motala\\\/vart-parti\\\/fortroendevalda-2022-2026\\\/fredrik-topplund\\\/#breadcrumb\"},\"inLanguage\":\"sv-SE\",\"potentialAction\":[{\"@type\":\"ReadAction\",\"target\":[\"https:\\\/\\\/wp.kristdemokraterna.se\\\/motala\\\/vart-parti\\\/fortroendevalda-2022-2026\\\/fredrik-topplund\\\/\"]}]},{\"@type\":\"ImageObject\",\"inLanguage\":\"sv-SE\",\"@id\":\"https:\\\/\\\/wp.kristdemokraterna.se\\\/motala\\\/vart-parti\\\/fortroendevalda-2022-2026\\\/fredrik-topplund\\\/#primaryimage\",\"url\":\"http:\\\/\\\/wp.kristdemokraterna.se\\\/motala\\\/files\\\/2023\\\/05\\\/pre00100-e1684929599353-232x300.png\",\"contentUrl\":\"http:\\\/\\\/wp.kristdemokraterna.se\\\/motala\\\/files\\\/2023\\\/05\\\/pre00100-e1684929599353-232x300.png\"},{\"@type\":\"BreadcrumbList\",\"@id\":\"https:\\\/\\\/wp.kristdemokraterna.se\\\/motala\\\/vart-parti\\\/fortroendevalda-2022-2026\\\/fredrik-topplund\\\/#breadcrumb\",\"itemListElement\":[{\"@type\":\"ListItem\",\"position\":1,\"name\":\"Hem\",\"item\":\"https:\\\/\\\/wp.kristdemokraterna.se\\\/motala\\\/\"},{\"@type\":\"ListItem\",\"position\":2,\"name\":\"V\u00e5rt parti\",\"item\":\"https:\\\/\\\/wp.kristdemokraterna.se\\\/motala\\\/vart-parti\\\/\"},{\"@type\":\"ListItem\",\"position\":3,\"name\":\"F\u00f6rtroendevalda 2022-2026\",\"item\":\"https:\\\/\\\/wp.kristdemokraterna.se\\\/motala\\\/vart-parti\\\/fortroendevalda-2022-2026\\\/\"},{\"@type\":\"ListItem\",\"position\":4,\"name\":\"Fredrik Topplund\"}]},{\"@type\":\"WebSite\",\"@id\":\"https:\\\/\\\/wp.kristdemokraterna.se\\\/motala\\\/#website\",\"url\":\"https:\\\/\\\/wp.kristdemokraterna.se\\\/motala\\\/\",\"name\":\"Kristdemokraterna i Motala\",\"description\":\"Kristdemokraterna\",\"inLanguage\":\"sv-SE\"}]}<\/script>\n<!-- \/ Yoast SEO plugin. -->","yoast_head_json":{"title":"Fredrik Topplund - Kristdemokraterna i Motala","robots":{"index":"index","follow":"follow","max-snippet":"max-snippet:-1","max-image-preview":"max-image-preview:large","max-video-preview":"max-video-preview:-1"},"canonical":"https:\/\/wp.kristdemokraterna.se\/motala\/vart-parti\/fortroendevalda-2022-2026\/fredrik-topplund\/","og_locale":"sv_SE","og_type":"article","og_title":"Fredrik Topplund - Kristdemokraterna i Motala","og_description":"Namn: Fredrik Topplund F\u00f6dd: 1980 Familj: Sambo och barn Uppvuxen: F\u00f6dd i Motala, men st\u00f6rre delen av uppv\u00e4xten i Link\u00f6ping Vad har du f\u00f6r bakgrund utanf\u00f6r politiken? Text, bild och form har varit tongivande i de olika yrken jag haft under \u00e5ren. I lite \u00f6ver 10 \u00e5r har jag haft uppdraget som marknadsassistent p\u00e5 tv\u00e5 Read More","og_url":"https:\/\/wp.kristdemokraterna.se\/motala\/vart-parti\/fortroendevalda-2022-2026\/fredrik-topplund\/","og_site_name":"Kristdemokraterna i Motala","article_modified_time":"2024-12-06T14:25:06+00:00","og_image":[{"width":783,"height":1013,"url":"https:\/\/wp.kristdemokraterna.se\/motala\/files\/2023\/05\/pre00100-e1684929599353.png","type":"image\/png"}],"twitter_card":"summary_large_image","twitter_misc":{"Ber\u00e4knad l\u00e4stid":"2 minuter"},"schema":{"@context":"https:\/\/schema.org","@graph":[{"@type":"WebPage","@id":"https:\/\/wp.kristdemokraterna.se\/motala\/vart-parti\/fortroendevalda-2022-2026\/fredrik-topplund\/","url":"https:\/\/wp.kristdemokraterna.se\/motala\/vart-parti\/fortroendevalda-2022-2026\/fredrik-topplund\/","name":"Fredrik Topplund - Kristdemokraterna i Motala","isPartOf":{"@id":"https:\/\/wp.kristdemokraterna.se\/motala\/#website"},"primaryImageOfPage":{"@id":"https:\/\/wp.kristdemokraterna.se\/motala\/vart-parti\/fortroendevalda-2022-2026\/fredrik-topplund\/#primaryimage"},"image":{"@id":"https:\/\/wp.kristdemokraterna.se\/motala\/vart-parti\/fortroendevalda-2022-2026\/fredrik-topplund\/#primaryimage"},"thumbnailUrl":"http:\/\/wp.kristdemokraterna.se\/motala\/files\/2023\/05\/pre00100-e1684929599353-232x300.png","datePublished":"2023-05-24T11:58:40+00:00","dateModified":"2024-12-06T14:25:06+00:00","breadcrumb":{"@id":"https:\/\/wp.kristdemokraterna.se\/motala\/vart-parti\/fortroendevalda-2022-2026\/fredrik-topplund\/#breadcrumb"},"inLanguage":"sv-SE","potentialAction":[{"@type":"ReadAction","target":["https:\/\/wp.kristdemokraterna.se\/motala\/vart-parti\/fortroendevalda-2022-2026\/fredrik-topplund\/"]}]},{"@type":"ImageObject","inLanguage":"sv-SE","@id":"https:\/\/wp.kristdemokraterna.se\/motala\/vart-parti\/fortroendevalda-2022-2026\/fredrik-topplund\/#primaryimage","url":"http:\/\/wp.kristdemokraterna.se\/motala\/files\/2023\/05\/pre00100-e1684929599353-232x300.png","contentUrl":"http:\/\/wp.kristdemokraterna.se\/motala\/files\/2023\/05\/pre00100-e1684929599353-232x300.png"},{"@type":"BreadcrumbList","@id":"https:\/\/wp.kristdemokraterna.se\/motala\/vart-parti\/fortroendevalda-2022-2026\/fredrik-topplund\/#breadcrumb","itemListElement":[{"@type":"ListItem","position":1,"name":"Hem","item":"https:\/\/wp.kristdemokraterna.se\/motala\/"},{"@type":"ListItem","position":2,"name":"V\u00e5rt parti","item":"https:\/\/wp.kristdemokraterna.se\/motala\/vart-parti\/"},{"@type":"ListItem","position":3,"name":"F\u00f6rtroendevalda 2022-2026","item":"https:\/\/wp.kristdemokraterna.se\/motala\/vart-parti\/fortroendevalda-2022-2026\/"},{"@type":"ListItem","position":4,"name":"Fredrik Topplund"}]},{"@type":"WebSite","@id":"https:\/\/wp.kristdemokraterna.se\/motala\/#website","url":"https:\/\/wp.kristdemokraterna.se\/motala\/","name":"Kristdemokraterna i Motala","description":"Kristdemokraterna","inLanguage":"sv-SE"}]}},"_links":{"self":[{"href":"https:\/\/wp.kristdemokraterna.se\/motala\/wp-json\/wp\/v2\/pages\/4100","targetHints":{"allow":["GET"]}}],"collection":[{"href":"https:\/\/wp.kristdemokraterna.se\/motala\/wp-json\/wp\/v2\/pages"}],"about":[{"href":"https:\/\/wp.kristdemokraterna.se\/motala\/wp-json\/wp\/v2\/types\/page"}],"author":[{"embeddable":true,"href":"https:\/\/wp.kristdemokraterna.se\/motala\/wp-json\/wp\/v2\/users\/1016"}],"replies":[{"embeddable":true,"href":"https:\/\/wp.kristdemokraterna.se\/motala\/wp-json\/wp\/v2\/comments?post=4100"}],"version-history":[{"count":9,"href":"https:\/\/wp.kristdemokraterna.se\/motala\/wp-json\/wp\/v2\/pages\/4100\/revisions"}],"predecessor-version":[{"id":4285,"href":"https:\/\/wp.kristdemokraterna.se\/motala\/wp-json\/wp\/v2\/pages\/4100\/revisions\/4285"}],"up":[{"embeddable":true,"href":"https:\/\/wp.kristdemokraterna.se\/motala\/wp-json\/wp\/v2\/pages\/4086"}],"wp:attachment":[{"href":"https:\/\/wp.kristdemokraterna.se\/motala\/wp-json\/wp\/v2\/media?parent=4100"}],"curies":[{"name":"wp","href":"https:\/\/api.w.org\/{rel}","templated":true}]}}