{"id":538,"date":"2010-08-25T12:22:08","date_gmt":"2010-08-25T10:22:08","guid":{"rendered":"http:\/\/wp.kristdemokraterna.se\/motala\/?page_id=538"},"modified":"2019-04-09T14:17:08","modified_gmt":"2019-04-09T12:17:08","slug":"valet2010","status":"publish","type":"page","link":"https:\/\/wp.kristdemokraterna.se\/motala\/valet2010\/","title":{"rendered":"Valet 19 sept 2010"},"content":{"rendered":"<p>&gt; <a title=\"Valinformation till alla hush\u00e5ll 2010\" href=\"http:\/\/wp.kristdemokraterna.se\/motala\/program\/valinformation-till-alla-hushall-2010\/\">Valbroschyr 2010 \u2013 Ett m\u00e4nskligare Sverige<\/a><strong><br \/>\n<\/strong>&gt; <a title=\"Ett m\u00e4nskligare Sverige\" href=\"http:\/\/wp.kristdemokraterna.se\/motala\/valet2010\/ett-manskligare-sverige\/\">13 steg till ett m\u00e4nskligare Sverige<\/a><\/p>\n<p><strong>Valresultatet f\u00f6r kommunfullm\u00e4ktige i Motala kommun<\/strong><br \/>\n&gt; <a href=\"http:\/\/www.val.se\/val\/val2010\/valnatt\/K\/kommun\/05\/83\/index.html\" target=\"_blank\" rel=\"noopener noreferrer\">Resultatet fr\u00e5n valnatten<\/a> (<em>val.se<\/em>)<br \/>\n&gt; <a href=\"http:\/\/www.val.se\/val\/val2010\/slutresultat\/K\/kommun\/05\/83\/index.html\" target=\"_blank\" rel=\"noopener noreferrer\">Slutresultatet fr\u00e5n valet 2010<\/a> (<em>val.se<\/em>)<\/p>\n<p><strong>Valresultatet f\u00f6r landstingsfullm\u00e4ktige i \u00d6sterg\u00f6tlands l\u00e4n<\/strong><br \/>\n&gt; <a href=\"http:\/\/www.val.se\/val\/val2010\/valnatt\/L\/lan\/05\/index.html\" target=\"_blank\" rel=\"noopener noreferrer\">Resultatet fr\u00e5n valnatten<\/a> (<em>val.se<\/em>)<br \/>\n&gt; <a href=\"http:\/\/www.val.se\/val\/val2010\/slutresultat\/L\/lan\/05\/index.html\" target=\"_blank\" rel=\"noopener noreferrer\">Slutresultatet fr\u00e5n valet 2010<\/a> (<em>val.se<\/em>)<\/p>\n<hr \/>\n<p>&gt; <a title=\"Sommarkampanj Motala beach\" href=\"http:\/\/wp.kristdemokraterna.se\/motala\/valet2010\/sommarkampanj-motala-beach\/\">Sommarkampanj Motala beach<\/a><br \/>\n&gt; <a title=\"Valsedelspackning \u00e4r i full g\u00e5ng\" href=\"http:\/\/wp.kristdemokraterna.se\/motala\/valet2010\/valsedelspackning-ar-i-full-gang\/\">Valsedelspackning \u00e4r i full g\u00e5ng<\/a><br \/>\n&gt; <a title=\"Valaffischering\" href=\"http:\/\/wp.kristdemokraterna.se\/motala\/valet2010\/valaffischering\/\">Valaffischering<\/a><\/p>\n","protected":false},"excerpt":{"rendered":"<p>&gt; Valbroschyr 2010 \u2013 Ett m\u00e4nskligare Sverige &gt; 13 steg till ett m\u00e4nskligare Sverige Valresultatet f\u00f6r kommunfullm\u00e4ktige i Motala kommun &gt; Resultatet fr\u00e5n valnatten (val.se) &gt; Slutresultatet fr\u00e5n valet 2010 (val.se) Valresultatet f\u00f6r landstingsfullm\u00e4ktige i \u00d6sterg\u00f6tlands l\u00e4n &gt; Resultatet fr\u00e5n valnatten (val.se) &gt; Slutresultatet fr\u00e5n valet 2010 (val.se) &gt; Sommarkampanj Motala beach &gt; Valsedelspackning \u00e4r <a class=\"read-more-link\" href=\"https:\/\/wp.kristdemokraterna.se\/motala\/valet2010\/\">Read More<\/a><\/p>\n","protected":false},"author":686,"featured_media":0,"parent":0,"menu_order":47,"comment_status":"closed","ping_status":"closed","template":"","meta":{"_acf_changed":false,"footnotes":""},"class_list":["post-538","page","type-page","status-publish","hentry"],"acf":[],"yoast_head":"<!-- This site is optimized with the Yoast SEO plugin v27.4 - https:\/\/yoast.com\/product\/yoast-seo-wordpress\/ -->\n<title>Valet 19 sept 2010 - Kristdemokraterna i Motala<\/title>\n<meta name=\"robots\" content=\"index, follow, max-snippet:-1, max-image-preview:large, max-video-preview:-1\" \/>\n<link rel=\"canonical\" href=\"https:\/\/wp.kristdemokraterna.se\/motala\/valet2010\/\" \/>\n<meta property=\"og:locale\" content=\"sv_SE\" \/>\n<meta property=\"og:type\" content=\"article\" \/>\n<meta property=\"og:title\" content=\"Valet 19 sept 2010 - Kristdemokraterna i Motala\" \/>\n<meta property=\"og:description\" content=\"&gt; Valbroschyr 2010 \u2013 Ett m\u00e4nskligare Sverige &gt; 13 steg till ett m\u00e4nskligare Sverige Valresultatet f\u00f6r kommunfullm\u00e4ktige i Motala kommun &gt; Resultatet fr\u00e5n valnatten (val.se) &gt; Slutresultatet fr\u00e5n valet 2010 (val.se) Valresultatet f\u00f6r landstingsfullm\u00e4ktige i \u00d6sterg\u00f6tlands l\u00e4n &gt; Resultatet fr\u00e5n valnatten (val.se) &gt; Slutresultatet fr\u00e5n valet 2010 (val.se) &gt; Sommarkampanj Motala beach &gt; Valsedelspackning \u00e4r Read More\" \/>\n<meta property=\"og:url\" content=\"https:\/\/wp.kristdemokraterna.se\/motala\/valet2010\/\" \/>\n<meta property=\"og:site_name\" content=\"Kristdemokraterna i Motala\" \/>\n<meta property=\"article:modified_time\" content=\"2019-04-09T12:17:08+00:00\" \/>\n<meta name=\"twitter:card\" content=\"summary_large_image\" \/>\n<script type=\"application\/ld+json\" class=\"yoast-schema-graph\">{\"@context\":\"https:\\\/\\\/schema.org\",\"@graph\":[{\"@type\":\"WebPage\",\"@id\":\"https:\\\/\\\/wp.kristdemokraterna.se\\\/motala\\\/valet2010\\\/\",\"url\":\"https:\\\/\\\/wp.kristdemokraterna.se\\\/motala\\\/valet2010\\\/\",\"name\":\"Valet 19 sept 2010 - Kristdemokraterna i Motala\",\"isPartOf\":{\"@id\":\"https:\\\/\\\/wp.kristdemokraterna.se\\\/motala\\\/#website\"},\"datePublished\":\"2010-08-25T10:22:08+00:00\",\"dateModified\":\"2019-04-09T12:17:08+00:00\",\"breadcrumb\":{\"@id\":\"https:\\\/\\\/wp.kristdemokraterna.se\\\/motala\\\/valet2010\\\/#breadcrumb\"},\"inLanguage\":\"sv-SE\",\"potentialAction\":[{\"@type\":\"ReadAction\",\"target\":[\"https:\\\/\\\/wp.kristdemokraterna.se\\\/motala\\\/valet2010\\\/\"]}]},{\"@type\":\"BreadcrumbList\",\"@id\":\"https:\\\/\\\/wp.kristdemokraterna.se\\\/motala\\\/valet2010\\\/#breadcrumb\",\"itemListElement\":[{\"@type\":\"ListItem\",\"position\":1,\"name\":\"Hem\",\"item\":\"https:\\\/\\\/wp.kristdemokraterna.se\\\/motala\\\/\"},{\"@type\":\"ListItem\",\"position\":2,\"name\":\"Valet 19 sept 2010\"}]},{\"@type\":\"WebSite\",\"@id\":\"https:\\\/\\\/wp.kristdemokraterna.se\\\/motala\\\/#website\",\"url\":\"https:\\\/\\\/wp.kristdemokraterna.se\\\/motala\\\/\",\"name\":\"Kristdemokraterna i Motala\",\"description\":\"Kristdemokraterna\",\"inLanguage\":\"sv-SE\"}]}<\/script>\n<!-- \/ Yoast SEO plugin. -->","yoast_head_json":{"title":"Valet 19 sept 2010 - Kristdemokraterna i Motala","robots":{"index":"index","follow":"follow","max-snippet":"max-snippet:-1","max-image-preview":"max-image-preview:large","max-video-preview":"max-video-preview:-1"},"canonical":"https:\/\/wp.kristdemokraterna.se\/motala\/valet2010\/","og_locale":"sv_SE","og_type":"article","og_title":"Valet 19 sept 2010 - Kristdemokraterna i Motala","og_description":"&gt; Valbroschyr 2010 \u2013 Ett m\u00e4nskligare Sverige &gt; 13 steg till ett m\u00e4nskligare Sverige Valresultatet f\u00f6r kommunfullm\u00e4ktige i Motala kommun &gt; Resultatet fr\u00e5n valnatten (val.se) &gt; Slutresultatet fr\u00e5n valet 2010 (val.se) Valresultatet f\u00f6r landstingsfullm\u00e4ktige i \u00d6sterg\u00f6tlands l\u00e4n &gt; Resultatet fr\u00e5n valnatten (val.se) &gt; Slutresultatet fr\u00e5n valet 2010 (val.se) &gt; Sommarkampanj Motala beach &gt; Valsedelspackning \u00e4r Read More","og_url":"https:\/\/wp.kristdemokraterna.se\/motala\/valet2010\/","og_site_name":"Kristdemokraterna i Motala","article_modified_time":"2019-04-09T12:17:08+00:00","twitter_card":"summary_large_image","schema":{"@context":"https:\/\/schema.org","@graph":[{"@type":"WebPage","@id":"https:\/\/wp.kristdemokraterna.se\/motala\/valet2010\/","url":"https:\/\/wp.kristdemokraterna.se\/motala\/valet2010\/","name":"Valet 19 sept 2010 - Kristdemokraterna i Motala","isPartOf":{"@id":"https:\/\/wp.kristdemokraterna.se\/motala\/#website"},"datePublished":"2010-08-25T10:22:08+00:00","dateModified":"2019-04-09T12:17:08+00:00","breadcrumb":{"@id":"https:\/\/wp.kristdemokraterna.se\/motala\/valet2010\/#breadcrumb"},"inLanguage":"sv-SE","potentialAction":[{"@type":"ReadAction","target":["https:\/\/wp.kristdemokraterna.se\/motala\/valet2010\/"]}]},{"@type":"BreadcrumbList","@id":"https:\/\/wp.kristdemokraterna.se\/motala\/valet2010\/#breadcrumb","itemListElement":[{"@type":"ListItem","position":1,"name":"Hem","item":"https:\/\/wp.kristdemokraterna.se\/motala\/"},{"@type":"ListItem","position":2,"name":"Valet 19 sept 2010"}]},{"@type":"WebSite","@id":"https:\/\/wp.kristdemokraterna.se\/motala\/#website","url":"https:\/\/wp.kristdemokraterna.se\/motala\/","name":"Kristdemokraterna i Motala","description":"Kristdemokraterna","inLanguage":"sv-SE"}]}},"_links":{"self":[{"href":"https:\/\/wp.kristdemokraterna.se\/motala\/wp-json\/wp\/v2\/pages\/538","targetHints":{"allow":["GET"]}}],"collection":[{"href":"https:\/\/wp.kristdemokraterna.se\/motala\/wp-json\/wp\/v2\/pages"}],"about":[{"href":"https:\/\/wp.kristdemokraterna.se\/motala\/wp-json\/wp\/v2\/types\/page"}],"author":[{"embeddable":true,"href":"https:\/\/wp.kristdemokraterna.se\/motala\/wp-json\/wp\/v2\/users\/686"}],"replies":[{"embeddable":true,"href":"https:\/\/wp.kristdemokraterna.se\/motala\/wp-json\/wp\/v2\/comments?post=538"}],"version-history":[{"count":13,"href":"https:\/\/wp.kristdemokraterna.se\/motala\/wp-json\/wp\/v2\/pages\/538\/revisions"}],"predecessor-version":[{"id":3302,"href":"https:\/\/wp.kristdemokraterna.se\/motala\/wp-json\/wp\/v2\/pages\/538\/revisions\/3302"}],"wp:attachment":[{"href":"https:\/\/wp.kristdemokraterna.se\/motala\/wp-json\/wp\/v2\/media?parent=538"}],"curies":[{"name":"wp","href":"https:\/\/api.w.org\/{rel}","templated":true}]}}

<p>&gt; <a title="Valinformation till alla hushåll 2010" href="http://wp.kristdemokraterna.se/motala/program/valinformation-till-alla-hushall-2010/">Valbroschyr 2010 – Ett mänskligare Sverige</a><strong><br />
</strong>&gt; <a title="Ett mänskligare Sverige" href="http://wp.kristdemokraterna.se/motala/valet2010/ett-manskligare-sverige/">13 steg till ett mänskligare Sverige</a></p>
<p><strong>Valresultatet för kommunfullmäktige i Motala kommun</strong><br />
&gt; <a href="http://www.val.se/val/val2010/valnatt/K/kommun/05/83/index.html" target="_blank" rel="noopener noreferrer">Resultatet från valnatten</a> (<em>val.se</em>)<br />
&gt; <a href="http://www.val.se/val/val2010/slutresultat/K/kommun/05/83/index.html" target="_blank" rel="noopener noreferrer">Slutresultatet från valet 2010</a> (<em>val.se</em>)</p>
<p><strong>Valresultatet för landstingsfullmäktige i Östergötlands län</strong><br />
&gt; <a href="http://www.val.se/val/val2010/valnatt/L/lan/05/index.html" target="_blank" rel="noopener noreferrer">Resultatet från valnatten</a> (<em>val.se</em>)<br />
&gt; <a href="http://www.val.se/val/val2010/slutresultat/L/lan/05/index.html" target="_blank" rel="noopener noreferrer">Slutresultatet från valet 2010</a> (<em>val.se</em>)</p>
<hr />
<p>&gt; <a title="Sommarkampanj Motala beach" href="http://wp.kristdemokraterna.se/motala/valet2010/sommarkampanj-motala-beach/">Sommarkampanj Motala beach</a><br />
&gt; <a title="Valsedelspackning är i full gång" href="http://wp.kristdemokraterna.se/motala/valet2010/valsedelspackning-ar-i-full-gang/">Valsedelspackning är i full gång</a><br />
&gt; <a title="Valaffischering" href="http://wp.kristdemokraterna.se/motala/valet2010/valaffischering/">Valaffischering</a></p>

<p>&gt; Valbroschyr 2010 – Ett mänskligare Sverige &gt; 13 steg till ett mänskligare Sverige Valresultatet för kommunfullmäktige i Motala kommun &gt; Resultatet från valnatten (val.se) &gt; Slutresultatet från valet 2010 (val.se) Valresultatet för landstingsfullmäktige i Östergötlands län &gt; Resultatet från valnatten (val.se) &gt; Slutresultatet från valet 2010 (val.se) &gt; Sommarkampanj Motala beach &gt; Valsedelspackning är <a class="read-more-link" href="https://wp.kristdemokraterna.se/motala/valet2010/">Read More</a></p>

<!-- This site is optimized with the Yoast SEO plugin v27.4 - https://yoast.com/product/yoast-seo-wordpress/ -->
<title>Valet 19 sept 2010 - Kristdemokraterna i Motala</title>
<meta name="robots" content="index, follow, max-snippet:-1, max-image-preview:large, max-video-preview:-1" />
<link rel="canonical" href="https://wp.kristdemokraterna.se/motala/valet2010/" />
<meta property="og:locale" content="sv_SE" />
<meta property="og:type" content="article" />
<meta property="og:title" content="Valet 19 sept 2010 - Kristdemokraterna i Motala" />
<meta property="og:description" content="&gt; Valbroschyr 2010 – Ett mänskligare Sverige &gt; 13 steg till ett mänskligare Sverige Valresultatet för kommunfullmäktige i Motala kommun &gt; Resultatet från valnatten (val.se) &gt; Slutresultatet från valet 2010 (val.se) Valresultatet för landstingsfullmäktige i Östergötlands län &gt; Resultatet från valnatten (val.se) &gt; Slutresultatet från valet 2010 (val.se) &gt; Sommarkampanj Motala beach &gt; Valsedelspackning är Read More" />
<meta property="og:url" content="https://wp.kristdemokraterna.se/motala/valet2010/" />
<meta property="og:site_name" content="Kristdemokraterna i Motala" />
<meta property="article:modified_time" content="2019-04-09T12:17:08+00:00" />
<meta name="twitter:card" content="summary_large_image" />
<script type="application/ld+json" class="yoast-schema-graph">{"@context":"https:\/\/schema.org","@graph":[{"@type":"WebPage","@id":"https:\/\/wp.kristdemokraterna.se\/motala\/valet2010\/","url":"https:\/\/wp.kristdemokraterna.se\/motala\/valet2010\/","name":"Valet 19 sept 2010 - Kristdemokraterna i Motala","isPartOf":{"@id":"https:\/\/wp.kristdemokraterna.se\/motala\/#website"},"datePublished":"2010-08-25T10:22:08+00:00","dateModified":"2019-04-09T12:17:08+00:00","breadcrumb":{"@id":"https:\/\/wp.kristdemokraterna.se\/motala\/valet2010\/#breadcrumb"},"inLanguage":"sv-SE","potentialAction":[{"@type":"ReadAction","target":["https:\/\/wp.kristdemokraterna.se\/motala\/valet2010\/"]}]},{"@type":"BreadcrumbList","@id":"https:\/\/wp.kristdemokraterna.se\/motala\/valet2010\/#breadcrumb","itemListElement":[{"@type":"ListItem","position":1,"name":"Hem","item":"https:\/\/wp.kristdemokraterna.se\/motala\/"},{"@type":"ListItem","position":2,"name":"Valet 19 sept 2010"}]},{"@type":"WebSite","@id":"https:\/\/wp.kristdemokraterna.se\/motala\/#website","url":"https:\/\/wp.kristdemokraterna.se\/motala\/","name":"Kristdemokraterna i Motala","description":"Kristdemokraterna","inLanguage":"sv-SE"}]}</script>
<!-- / Yoast SEO plugin. -->

&gt; Valbroschyr 2010 – Ett mänskligare Sverige &gt; 13 steg till ett mänskligare Sverige Valresultatet för kommunfullmäktige i Motala kommun &gt; Resultatet från valnatten (val.se) &gt; Slutresultatet från valet 2010 (val.se) Valresultatet för landstingsfullmäktige i Östergötlands län &gt; Resultatet från valnatten (val.se) &gt; Slutresultatet från valet 2010 (val.se) &gt; Sommarkampanj Motala beach &gt; Valsedelspackning är Read More
