{"id":678,"date":"2010-07-23T18:24:36","date_gmt":"2010-07-23T16:24:36","guid":{"rendered":"http:\/\/wp.kristdemokraterna.se\/motala\/?page_id=678"},"modified":"2015-03-16T16:55:15","modified_gmt":"2015-03-16T15:55:15","slug":"steg-3","status":"publish","type":"page","link":"https:\/\/wp.kristdemokraterna.se\/motala\/valet2010\/ett-manskligare-sverige\/steg-3\/","title":{"rendered":"Steg 3 &#8211; Tryggare v\u00e5rd utan k\u00f6er"},"content":{"rendered":"<p><img loading=\"lazy\" decoding=\"async\" class=\"alignnone wp-image-682 size-full\" src=\"http:\/\/wp.kristdemokraterna.se\/motala\/files\/2010\/07\/steg3.jpg\" alt=\"Steg 3 Tryggare v\u00e5rd utan k\u00f6er - steg3\" width=\"420\" height=\"291\" srcset=\"https:\/\/wp.kristdemokraterna.se\/motala\/files\/2010\/07\/steg3.jpg 420w, https:\/\/wp.kristdemokraterna.se\/motala\/files\/2010\/07\/steg3-300x208.jpg 300w, https:\/\/wp.kristdemokraterna.se\/motala\/files\/2010\/07\/steg3-162x112.jpg 162w\" sizes=\"auto, (max-width: 420px) 100vw, 420px\" \/><br \/>\n<strong>K\u00f6er h\u00f6r inte hemma i sjukv\u00e5rden. Kristdemokraterna har halverat v\u00e5rdk\u00f6erna, men vi n\u00f6jer oss inte med det. Vi kommer aldrig att kompromissa med s\u00e4kerheten eller kvaliteten inom v\u00e5rden. Den som beh\u00f6ver v\u00e5rd ska k\u00e4nna sig trygg och veta att v\u00e5rden betalas gemensamt. Men trygghet \u00e4r ocks\u00e5 att kunna v\u00e4lja var och av vem man ska v\u00e5rdas.<\/strong><\/p>\n<p>Under allt f\u00f6r m\u00e5nga \u00e5r har vi betalat h\u00f6ga skatter f\u00f6r en v\u00e5rd vi inte f\u00e5tt. Ist\u00e4llet f\u00f6r hj\u00e4lp har vi f\u00e5tt en k\u00f6lapp med ett skyh\u00f6gt nummer. Inga j\u00e4mf\u00f6relser i \u00f6vrigt, men nog \u00e4r det helt orimligt att det g\u00e5r snabbare att f\u00e5 in bilen p\u00e5 verkstaden \u00e4n att tr\u00e4ffa en l\u00e4kare? Det f\u00f6rsta vi tog tag i n\u00e4r vi kom till makten var tillg\u00e4ngligheten i v\u00e5rden. Vi har anslagit en miljard kronor mot villkor om kraftiga f\u00f6rb\u00e4ttringar hos landstingen och har d\u00e4rigenom halverat v\u00e5rdk\u00f6erna f\u00f6r planerade insatser. Det \u00e4r ett stort steg fram\u00e5t, men vi n\u00f6jer oss inte med det.<\/p>\n<p>Trots det \u00e4gnar sig de r\u00f6dgr\u00f6na v\u00e4nsterpartierna mest \u00e5t att klaga p\u00e5 att vi har f\u00e5tt fler sjukhus och v\u00e5rdcentraler som drivs av f\u00f6retag och frivilligorganisationer. Som om det vore f\u00f6retagen och frivilligorganisationerna som var problemet. N\u00e4r tusentals m\u00e4nniskor i ovisshet och lidande tvingas v\u00e4nta m\u00e5nad efter m\u00e5nad p\u00e5 starroperationen eller en ny h\u00f6ftled, och n\u00e4r sm\u00e5barnsfamiljer tillbringar hela dagar p\u00e5 akuten eller i telefonk\u00f6 till v\u00e5rdcentralen, d\u00e5 \u00e4r det k\u00f6erna som \u00e4r problemet, inte att vi f\u00e5tt fler utf\u00f6rare och en b\u00e4ttre m\u00e5ngfald i v\u00e5rden. De r\u00f6dgr\u00f6na v\u00e4nsterpartierna g\u00e5r till val p\u00e5 att avskaffa eller begr\u00e4nsa f\u00f6retags och frivilligorganisationers m\u00f6jlighet att bedriva v\u00e5rd. Vi g\u00e5r till val p\u00e5 att f\u00e5 bort k\u00f6erna i sjukv\u00e5rden. En skillnad v\u00e4rd att fundera p\u00e5.<\/p>\n<p>V\u00e5rdvalet har inneburit att det blivit enklare och g\u00e5r snabbare att komma till en doktor. Antalet v\u00e5rdcentraler \u00f6kar i hela landet och d\u00e4rmed valfriheten f\u00f6r patienten. Men \u00e4ven akutsjukv\u00e5rden m\u00e5ste b\u00f6rja leva upp till sitt namn. Valfrihet, kvalitet och s\u00e4kerhet \u00e4r bra f\u00f6r alla som kommer i kontakt med v\u00e5rden, oavsett om det handlar om enstaka tillf\u00e4llen eller vid mer konstanta v\u00e5rdbehov. Den p\u00e5g\u00e5ende reformeringen av psykiatrin ska f\u00f6rst\u00e4rkas ytterligare.<\/p>\n<p>Att v\u00e5rden finansieras solidariskt \u00e4r viktigt. Vi \u00e4r f\u00f6r ett system d\u00e4r alla som blir sjuka eller skadade ska f\u00e5 samma kvalitet p\u00e5 v\u00e5rden oavsett i vilken del av landet de bor, och oavsett hur mycket pengar de har. Man ska inte beh\u00f6va h\u00f6ja r\u00f6sten f\u00f6r att f\u00e5 r\u00e4tt v\u00e5rd i tid.<\/p>\n","protected":false},"excerpt":{"rendered":"<p>K\u00f6er h\u00f6r inte hemma i sjukv\u00e5rden. Kristdemokraterna har halverat v\u00e5rdk\u00f6erna, men vi n\u00f6jer oss inte med det. Vi kommer aldrig att kompromissa med s\u00e4kerheten eller kvaliteten inom v\u00e5rden. Den som beh\u00f6ver v\u00e5rd ska k\u00e4nna sig trygg och veta att v\u00e5rden betalas gemensamt. Men trygghet \u00e4r ocks\u00e5 att kunna v\u00e4lja var och av vem man ska <a class=\"read-more-link\" href=\"https:\/\/wp.kristdemokraterna.se\/motala\/valet2010\/ett-manskligare-sverige\/steg-3\/\">Read More<\/a><\/p>\n","protected":false},"author":686,"featured_media":0,"parent":634,"menu_order":3,"comment_status":"closed","ping_status":"closed","template":"","meta":{"_acf_changed":false,"footnotes":""},"class_list":["post-678","page","type-page","status-publish","hentry"],"acf":[],"yoast_head":"<!-- This site is optimized with the Yoast SEO plugin v27.3 - https:\/\/yoast.com\/product\/yoast-seo-wordpress\/ -->\n<title>Steg 3 - Tryggare v\u00e5rd utan k\u00f6er - Kristdemokraterna i Motala<\/title>\n<meta name=\"robots\" content=\"index, follow, max-snippet:-1, max-image-preview:large, max-video-preview:-1\" \/>\n<link rel=\"canonical\" href=\"https:\/\/wp.kristdemokraterna.se\/motala\/valet2010\/ett-manskligare-sverige\/steg-3\/\" \/>\n<meta property=\"og:locale\" content=\"sv_SE\" \/>\n<meta property=\"og:type\" content=\"article\" \/>\n<meta property=\"og:title\" content=\"Steg 3 - Tryggare v\u00e5rd utan k\u00f6er - Kristdemokraterna i Motala\" \/>\n<meta property=\"og:description\" content=\"K\u00f6er h\u00f6r inte hemma i sjukv\u00e5rden. Kristdemokraterna har halverat v\u00e5rdk\u00f6erna, men vi n\u00f6jer oss inte med det. Vi kommer aldrig att kompromissa med s\u00e4kerheten eller kvaliteten inom v\u00e5rden. Den som beh\u00f6ver v\u00e5rd ska k\u00e4nna sig trygg och veta att v\u00e5rden betalas gemensamt. Men trygghet \u00e4r ocks\u00e5 att kunna v\u00e4lja var och av vem man ska Read More\" \/>\n<meta property=\"og:url\" content=\"https:\/\/wp.kristdemokraterna.se\/motala\/valet2010\/ett-manskligare-sverige\/steg-3\/\" \/>\n<meta property=\"og:site_name\" content=\"Kristdemokraterna i Motala\" \/>\n<meta property=\"article:modified_time\" content=\"2015-03-16T15:55:15+00:00\" \/>\n<meta property=\"og:image\" content=\"http:\/\/wp.kristdemokraterna.se\/motala\/files\/2010\/07\/steg3.jpg\" \/>\n<meta name=\"twitter:card\" content=\"summary_large_image\" \/>\n<meta name=\"twitter:label1\" content=\"Ber\u00e4knad l\u00e4stid\" \/>\n\t<meta name=\"twitter:data1\" content=\"3 minuter\" \/>\n<script type=\"application\/ld+json\" class=\"yoast-schema-graph\">{\"@context\":\"https:\\\/\\\/schema.org\",\"@graph\":[{\"@type\":\"WebPage\",\"@id\":\"https:\\\/\\\/wp.kristdemokraterna.se\\\/motala\\\/valet2010\\\/ett-manskligare-sverige\\\/steg-3\\\/\",\"url\":\"https:\\\/\\\/wp.kristdemokraterna.se\\\/motala\\\/valet2010\\\/ett-manskligare-sverige\\\/steg-3\\\/\",\"name\":\"Steg 3 - Tryggare v\u00e5rd utan k\u00f6er - Kristdemokraterna i Motala\",\"isPartOf\":{\"@id\":\"https:\\\/\\\/wp.kristdemokraterna.se\\\/motala\\\/#website\"},\"primaryImageOfPage\":{\"@id\":\"https:\\\/\\\/wp.kristdemokraterna.se\\\/motala\\\/valet2010\\\/ett-manskligare-sverige\\\/steg-3\\\/#primaryimage\"},\"image\":{\"@id\":\"https:\\\/\\\/wp.kristdemokraterna.se\\\/motala\\\/valet2010\\\/ett-manskligare-sverige\\\/steg-3\\\/#primaryimage\"},\"thumbnailUrl\":\"http:\\\/\\\/wp.kristdemokraterna.se\\\/motala\\\/files\\\/2010\\\/07\\\/steg3.jpg\",\"datePublished\":\"2010-07-23T16:24:36+00:00\",\"dateModified\":\"2015-03-16T15:55:15+00:00\",\"breadcrumb\":{\"@id\":\"https:\\\/\\\/wp.kristdemokraterna.se\\\/motala\\\/valet2010\\\/ett-manskligare-sverige\\\/steg-3\\\/#breadcrumb\"},\"inLanguage\":\"sv-SE\",\"potentialAction\":[{\"@type\":\"ReadAction\",\"target\":[\"https:\\\/\\\/wp.kristdemokraterna.se\\\/motala\\\/valet2010\\\/ett-manskligare-sverige\\\/steg-3\\\/\"]}]},{\"@type\":\"ImageObject\",\"inLanguage\":\"sv-SE\",\"@id\":\"https:\\\/\\\/wp.kristdemokraterna.se\\\/motala\\\/valet2010\\\/ett-manskligare-sverige\\\/steg-3\\\/#primaryimage\",\"url\":\"https:\\\/\\\/wp.kristdemokraterna.se\\\/motala\\\/files\\\/2010\\\/07\\\/steg3.jpg\",\"contentUrl\":\"https:\\\/\\\/wp.kristdemokraterna.se\\\/motala\\\/files\\\/2010\\\/07\\\/steg3.jpg\",\"width\":420,\"height\":291},{\"@type\":\"BreadcrumbList\",\"@id\":\"https:\\\/\\\/wp.kristdemokraterna.se\\\/motala\\\/valet2010\\\/ett-manskligare-sverige\\\/steg-3\\\/#breadcrumb\",\"itemListElement\":[{\"@type\":\"ListItem\",\"position\":1,\"name\":\"Hem\",\"item\":\"https:\\\/\\\/wp.kristdemokraterna.se\\\/motala\\\/\"},{\"@type\":\"ListItem\",\"position\":2,\"name\":\"Valet 19 sept 2010\",\"item\":\"https:\\\/\\\/wp.kristdemokraterna.se\\\/motala\\\/valet2010\\\/\"},{\"@type\":\"ListItem\",\"position\":3,\"name\":\"Valet 2010 &#8211; Ett m\u00e4nskligare Sverige\",\"item\":\"https:\\\/\\\/wp.kristdemokraterna.se\\\/motala\\\/valet2010\\\/ett-manskligare-sverige\\\/\"},{\"@type\":\"ListItem\",\"position\":4,\"name\":\"Steg 3 &#8211; Tryggare v\u00e5rd utan k\u00f6er\"}]},{\"@type\":\"WebSite\",\"@id\":\"https:\\\/\\\/wp.kristdemokraterna.se\\\/motala\\\/#website\",\"url\":\"https:\\\/\\\/wp.kristdemokraterna.se\\\/motala\\\/\",\"name\":\"Kristdemokraterna i Motala\",\"description\":\"Kristdemokraterna\",\"inLanguage\":\"sv-SE\"}]}<\/script>\n<!-- \/ Yoast SEO plugin. -->","yoast_head_json":{"title":"Steg 3 - Tryggare v\u00e5rd utan k\u00f6er - Kristdemokraterna i Motala","robots":{"index":"index","follow":"follow","max-snippet":"max-snippet:-1","max-image-preview":"max-image-preview:large","max-video-preview":"max-video-preview:-1"},"canonical":"https:\/\/wp.kristdemokraterna.se\/motala\/valet2010\/ett-manskligare-sverige\/steg-3\/","og_locale":"sv_SE","og_type":"article","og_title":"Steg 3 - Tryggare v\u00e5rd utan k\u00f6er - Kristdemokraterna i Motala","og_description":"K\u00f6er h\u00f6r inte hemma i sjukv\u00e5rden. Kristdemokraterna har halverat v\u00e5rdk\u00f6erna, men vi n\u00f6jer oss inte med det. Vi kommer aldrig att kompromissa med s\u00e4kerheten eller kvaliteten inom v\u00e5rden. Den som beh\u00f6ver v\u00e5rd ska k\u00e4nna sig trygg och veta att v\u00e5rden betalas gemensamt. Men trygghet \u00e4r ocks\u00e5 att kunna v\u00e4lja var och av vem man ska Read More","og_url":"https:\/\/wp.kristdemokraterna.se\/motala\/valet2010\/ett-manskligare-sverige\/steg-3\/","og_site_name":"Kristdemokraterna i Motala","article_modified_time":"2015-03-16T15:55:15+00:00","og_image":[{"url":"http:\/\/wp.kristdemokraterna.se\/motala\/files\/2010\/07\/steg3.jpg","type":"","width":"","height":""}],"twitter_card":"summary_large_image","twitter_misc":{"Ber\u00e4knad l\u00e4stid":"3 minuter"},"schema":{"@context":"https:\/\/schema.org","@graph":[{"@type":"WebPage","@id":"https:\/\/wp.kristdemokraterna.se\/motala\/valet2010\/ett-manskligare-sverige\/steg-3\/","url":"https:\/\/wp.kristdemokraterna.se\/motala\/valet2010\/ett-manskligare-sverige\/steg-3\/","name":"Steg 3 - Tryggare v\u00e5rd utan k\u00f6er - Kristdemokraterna i Motala","isPartOf":{"@id":"https:\/\/wp.kristdemokraterna.se\/motala\/#website"},"primaryImageOfPage":{"@id":"https:\/\/wp.kristdemokraterna.se\/motala\/valet2010\/ett-manskligare-sverige\/steg-3\/#primaryimage"},"image":{"@id":"https:\/\/wp.kristdemokraterna.se\/motala\/valet2010\/ett-manskligare-sverige\/steg-3\/#primaryimage"},"thumbnailUrl":"http:\/\/wp.kristdemokraterna.se\/motala\/files\/2010\/07\/steg3.jpg","datePublished":"2010-07-23T16:24:36+00:00","dateModified":"2015-03-16T15:55:15+00:00","breadcrumb":{"@id":"https:\/\/wp.kristdemokraterna.se\/motala\/valet2010\/ett-manskligare-sverige\/steg-3\/#breadcrumb"},"inLanguage":"sv-SE","potentialAction":[{"@type":"ReadAction","target":["https:\/\/wp.kristdemokraterna.se\/motala\/valet2010\/ett-manskligare-sverige\/steg-3\/"]}]},{"@type":"ImageObject","inLanguage":"sv-SE","@id":"https:\/\/wp.kristdemokraterna.se\/motala\/valet2010\/ett-manskligare-sverige\/steg-3\/#primaryimage","url":"https:\/\/wp.kristdemokraterna.se\/motala\/files\/2010\/07\/steg3.jpg","contentUrl":"https:\/\/wp.kristdemokraterna.se\/motala\/files\/2010\/07\/steg3.jpg","width":420,"height":291},{"@type":"BreadcrumbList","@id":"https:\/\/wp.kristdemokraterna.se\/motala\/valet2010\/ett-manskligare-sverige\/steg-3\/#breadcrumb","itemListElement":[{"@type":"ListItem","position":1,"name":"Hem","item":"https:\/\/wp.kristdemokraterna.se\/motala\/"},{"@type":"ListItem","position":2,"name":"Valet 19 sept 2010","item":"https:\/\/wp.kristdemokraterna.se\/motala\/valet2010\/"},{"@type":"ListItem","position":3,"name":"Valet 2010 &#8211; Ett m\u00e4nskligare Sverige","item":"https:\/\/wp.kristdemokraterna.se\/motala\/valet2010\/ett-manskligare-sverige\/"},{"@type":"ListItem","position":4,"name":"Steg 3 &#8211; Tryggare v\u00e5rd utan k\u00f6er"}]},{"@type":"WebSite","@id":"https:\/\/wp.kristdemokraterna.se\/motala\/#website","url":"https:\/\/wp.kristdemokraterna.se\/motala\/","name":"Kristdemokraterna i Motala","description":"Kristdemokraterna","inLanguage":"sv-SE"}]}},"_links":{"self":[{"href":"https:\/\/wp.kristdemokraterna.se\/motala\/wp-json\/wp\/v2\/pages\/678","targetHints":{"allow":["GET"]}}],"collection":[{"href":"https:\/\/wp.kristdemokraterna.se\/motala\/wp-json\/wp\/v2\/pages"}],"about":[{"href":"https:\/\/wp.kristdemokraterna.se\/motala\/wp-json\/wp\/v2\/types\/page"}],"author":[{"embeddable":true,"href":"https:\/\/wp.kristdemokraterna.se\/motala\/wp-json\/wp\/v2\/users\/686"}],"replies":[{"embeddable":true,"href":"https:\/\/wp.kristdemokraterna.se\/motala\/wp-json\/wp\/v2\/comments?post=678"}],"version-history":[{"count":5,"href":"https:\/\/wp.kristdemokraterna.se\/motala\/wp-json\/wp\/v2\/pages\/678\/revisions"}],"predecessor-version":[{"id":684,"href":"https:\/\/wp.kristdemokraterna.se\/motala\/wp-json\/wp\/v2\/pages\/678\/revisions\/684"}],"up":[{"embeddable":true,"href":"https:\/\/wp.kristdemokraterna.se\/motala\/wp-json\/wp\/v2\/pages\/634"}],"wp:attachment":[{"href":"https:\/\/wp.kristdemokraterna.se\/motala\/wp-json\/wp\/v2\/media?parent=678"}],"curies":[{"name":"wp","href":"https:\/\/api.w.org\/{rel}","templated":true}]}}