{"id":719,"date":"2010-07-23T18:31:35","date_gmt":"2010-07-23T16:31:35","guid":{"rendered":"http:\/\/wp.kristdemokraterna.se\/motala\/?page_id=719"},"modified":"2015-03-16T16:55:23","modified_gmt":"2015-03-16T15:55:23","slug":"steg-4","status":"publish","type":"page","link":"https:\/\/wp.kristdemokraterna.se\/motala\/valet2010\/ett-manskligare-sverige\/steg-4\/","title":{"rendered":"Steg 4 &#8211; Alla som kan ska f\u00e5 jobba!"},"content":{"rendered":"<p><img loading=\"lazy\" decoding=\"async\" class=\"alignnone size-full wp-image-720\" src=\"http:\/\/wp.kristdemokraterna.se\/motala\/files\/2015\/03\/steg4.jpg\" alt=\"steg4\" width=\"420\" height=\"287\" srcset=\"https:\/\/wp.kristdemokraterna.se\/motala\/files\/2015\/03\/steg4.jpg 420w, https:\/\/wp.kristdemokraterna.se\/motala\/files\/2015\/03\/steg4-300x205.jpg 300w, https:\/\/wp.kristdemokraterna.se\/motala\/files\/2015\/03\/steg4-164x112.jpg 164w\" sizes=\"auto, (max-width: 420px) 100vw, 420px\" \/><br \/>\n<strong>Alla m\u00e5ste f\u00e5 k\u00e4nna sig beh\u00f6vda. Att s\u00e4nka arbetsl\u00f6sheten handlar inte bara om samh\u00e4llsekonomi, det \u00e4r lika mycket en fr\u00e5ga om en meningsfull tillvaro och egen f\u00f6rs\u00f6rjning. Vi vill ha ett samh\u00e4lle som tar vara p\u00e5 m\u00e4nniskors m\u00f6jligheter och inneboende f\u00f6rm\u00e5ga. Vi vill ha trygghetssystem som med r\u00e4tt insatser och st\u00f6d hj\u00e4lper fler att g\u00e5 fr\u00e5n arbetsl\u00f6shet till jobb. Den som saknar f\u00f6ruts\u00e4ttningar att jobba ska ges en trygg f\u00f6rs\u00f6rjning.<\/strong><\/p>\n<p>M\u00e4nniskor kan inte alltid vara starka. Vem som helst kan drabbas av sjukdom, f\u00f6rlora jobbet, eller r\u00e5ka ut f\u00f6r andra saker som g\u00f6r att man beh\u00f6ver st\u00f6d. Kristdemokraterna menar att ett m\u00e4nskligt samh\u00e4lle m\u00e5ste bygga p\u00e5 en solidaritetsprincip som ser till att alla m\u00e4nniskor kan k\u00e4nna sig trygga. Sjukf\u00f6rs\u00e4kringen och a-kassan ska finnas d\u00e4r f\u00f6r den som blivit sjuk eller arbetsl\u00f6s och d\u00e4rf\u00f6r inte kan f\u00f6rs\u00f6rja sig och sin familj. Den som saknar f\u00f6ruts\u00e4ttningar att jobba ska ges en trygg f\u00f6rs\u00f6rjning. Motsatsen \u00e4r ett samh\u00e4lle byggt p\u00e5 principen om den starkes \u00f6verlevnad, och det \u00e4r allt annat \u00e4n m\u00e4nskligt.<\/p>\n<p>Socialf\u00f6rs\u00e4kringssystemen ska ge ekonomisk trygghet under den tid vi inte kan arbeta, men ocks\u00e5 vara inriktade p\u00e5 att m\u00e4nniskor s\u00e5 snart som m\u00f6jligt ska kunna \u00e5terv\u00e4nda till ett arbete. Alltf\u00f6r l\u00e4nge var Sveriges sociala skyddsn\u00e4t s\u00e5 mjuka att det var om\u00f6jligt att studsa upp igen. Vi vill ha trygghetssystem som omfattar alla och som hj\u00e4lper fler att g\u00e5 fr\u00e5n arbetsl\u00f6shet till att ha ett jobb. Som ger m\u00f6jligheter att f\u00f6rverkliga dr\u00f6mmar, utbilda sig, satsa p\u00e5 en ny karri\u00e4r. Som, med hj\u00e4lp av r\u00e4tt rehabiliteringsinsatser och st\u00f6d, ger fler chansen att g\u00e5 till jobbet igen.<\/p>\n<p>De f\u00f6r\u00e4ndringar av socialf\u00f6rs\u00e4kringsreglerna som vi har genomf\u00f6rt har v\u00e4ckt mycket debatt. Stora f\u00f6r\u00e4ndringar leder alltid till oro och fara f\u00f6r att enskilda hamnar i kl\u00e4m \u2013 n\u00e5got man m\u00e5ste vara \u00f6dmjuk inf\u00f6r. Trots farh\u00e5gor om att m\u00e4nniskor skulle sl\u00e5s ut s\u00e5 har f\u00f6r\u00e4ndringarna visat sig vara ett kliv i r\u00e4tt riktning. M\u00e4nniskor som tidigare skulle ha slussats ut i f\u00f6rtidspension har nu f\u00e5tt jobb och klarar av att st\u00e5 p\u00e5 egna ben. Samtidigt \u00e4r det viktigt att komma ih\u00e5g att de som faktiskt saknar m\u00f6jligheter att f\u00f6rs\u00f6rja sig sj\u00e4lva \u00e4ven i forts\u00e4ttningen f\u00e5r st\u00f6d fr\u00e5n samh\u00e4llet.<\/p>\n<p>Ovanligt m\u00e5nga personer kommer att g\u00e5 i pension under de n\u00e4rmaste \u00e5ren. Det kommer att inneb\u00e4ra en stor efterfr\u00e5gan p\u00e5 arbetskraft, och d\u00e5 \u00e4r det viktigt att vi hittar fler v\u00e4gar in f\u00f6r dem som i dag st\u00e5r l\u00e4ngst bort fr\u00e5n arbetsmarknaden. L\u00e5gutbildade ungdomar och nyanl\u00e4nda invandrare m\u00e5ste genom smidiga regler, skr\u00e4ddarsydda kurser och bra coachning ges b\u00e4ttre m\u00f6jligheter att f\u00e5 jobb. Vi vill g\u00f6ra det enklare f\u00f6r m\u00e4nniskor med funktionshinder att kunna ta ett arbete. Genom att satsa p\u00e5 s\u00e5v\u00e4l akademisk som yrkesinriktad utbildning och ett ut\u00f6kat l\u00e4rlingssystem vill vi skapa st\u00f6rre m\u00f6jligheter f\u00f6r dem som i dag har sv\u00e5rt att f\u00e5 ett jobb.<\/p>\n","protected":false},"excerpt":{"rendered":"<p>Alla m\u00e5ste f\u00e5 k\u00e4nna sig beh\u00f6vda. Att s\u00e4nka arbetsl\u00f6sheten handlar inte bara om samh\u00e4llsekonomi, det \u00e4r lika mycket en fr\u00e5ga om en meningsfull tillvaro och egen f\u00f6rs\u00f6rjning. Vi vill ha ett samh\u00e4lle som tar vara p\u00e5 m\u00e4nniskors m\u00f6jligheter och inneboende f\u00f6rm\u00e5ga. Vi vill ha trygghetssystem som med r\u00e4tt insatser och st\u00f6d hj\u00e4lper fler att g\u00e5 <a class=\"read-more-link\" href=\"https:\/\/wp.kristdemokraterna.se\/motala\/valet2010\/ett-manskligare-sverige\/steg-4\/\">Read More<\/a><\/p>\n","protected":false},"author":686,"featured_media":0,"parent":634,"menu_order":4,"comment_status":"closed","ping_status":"closed","template":"","meta":{"_acf_changed":false,"footnotes":""},"class_list":["post-719","page","type-page","status-publish","hentry"],"acf":[],"yoast_head":"<!-- This site is optimized with the Yoast SEO plugin v27.3 - https:\/\/yoast.com\/product\/yoast-seo-wordpress\/ -->\n<title>Steg 4 - Alla som kan ska f\u00e5 jobba! - Kristdemokraterna i Motala<\/title>\n<meta name=\"robots\" content=\"index, follow, max-snippet:-1, max-image-preview:large, max-video-preview:-1\" \/>\n<link rel=\"canonical\" href=\"https:\/\/wp.kristdemokraterna.se\/motala\/valet2010\/ett-manskligare-sverige\/steg-4\/\" \/>\n<meta property=\"og:locale\" content=\"sv_SE\" \/>\n<meta property=\"og:type\" content=\"article\" \/>\n<meta property=\"og:title\" content=\"Steg 4 - Alla som kan ska f\u00e5 jobba! - Kristdemokraterna i Motala\" \/>\n<meta property=\"og:description\" content=\"Alla m\u00e5ste f\u00e5 k\u00e4nna sig beh\u00f6vda. Att s\u00e4nka arbetsl\u00f6sheten handlar inte bara om samh\u00e4llsekonomi, det \u00e4r lika mycket en fr\u00e5ga om en meningsfull tillvaro och egen f\u00f6rs\u00f6rjning. Vi vill ha ett samh\u00e4lle som tar vara p\u00e5 m\u00e4nniskors m\u00f6jligheter och inneboende f\u00f6rm\u00e5ga. Vi vill ha trygghetssystem som med r\u00e4tt insatser och st\u00f6d hj\u00e4lper fler att g\u00e5 Read More\" \/>\n<meta property=\"og:url\" content=\"https:\/\/wp.kristdemokraterna.se\/motala\/valet2010\/ett-manskligare-sverige\/steg-4\/\" \/>\n<meta property=\"og:site_name\" content=\"Kristdemokraterna i Motala\" \/>\n<meta property=\"article:modified_time\" content=\"2015-03-16T15:55:23+00:00\" \/>\n<meta property=\"og:image\" content=\"http:\/\/wp.kristdemokraterna.se\/motala\/files\/2015\/03\/steg4.jpg\" \/>\n<meta name=\"twitter:card\" content=\"summary_large_image\" \/>\n<meta name=\"twitter:label1\" content=\"Ber\u00e4knad l\u00e4stid\" \/>\n\t<meta name=\"twitter:data1\" content=\"3 minuter\" \/>\n<script type=\"application\/ld+json\" class=\"yoast-schema-graph\">{\"@context\":\"https:\\\/\\\/schema.org\",\"@graph\":[{\"@type\":\"WebPage\",\"@id\":\"https:\\\/\\\/wp.kristdemokraterna.se\\\/motala\\\/valet2010\\\/ett-manskligare-sverige\\\/steg-4\\\/\",\"url\":\"https:\\\/\\\/wp.kristdemokraterna.se\\\/motala\\\/valet2010\\\/ett-manskligare-sverige\\\/steg-4\\\/\",\"name\":\"Steg 4 - Alla som kan ska f\u00e5 jobba! - Kristdemokraterna i Motala\",\"isPartOf\":{\"@id\":\"https:\\\/\\\/wp.kristdemokraterna.se\\\/motala\\\/#website\"},\"primaryImageOfPage\":{\"@id\":\"https:\\\/\\\/wp.kristdemokraterna.se\\\/motala\\\/valet2010\\\/ett-manskligare-sverige\\\/steg-4\\\/#primaryimage\"},\"image\":{\"@id\":\"https:\\\/\\\/wp.kristdemokraterna.se\\\/motala\\\/valet2010\\\/ett-manskligare-sverige\\\/steg-4\\\/#primaryimage\"},\"thumbnailUrl\":\"http:\\\/\\\/wp.kristdemokraterna.se\\\/motala\\\/files\\\/2015\\\/03\\\/steg4.jpg\",\"datePublished\":\"2010-07-23T16:31:35+00:00\",\"dateModified\":\"2015-03-16T15:55:23+00:00\",\"breadcrumb\":{\"@id\":\"https:\\\/\\\/wp.kristdemokraterna.se\\\/motala\\\/valet2010\\\/ett-manskligare-sverige\\\/steg-4\\\/#breadcrumb\"},\"inLanguage\":\"sv-SE\",\"potentialAction\":[{\"@type\":\"ReadAction\",\"target\":[\"https:\\\/\\\/wp.kristdemokraterna.se\\\/motala\\\/valet2010\\\/ett-manskligare-sverige\\\/steg-4\\\/\"]}]},{\"@type\":\"ImageObject\",\"inLanguage\":\"sv-SE\",\"@id\":\"https:\\\/\\\/wp.kristdemokraterna.se\\\/motala\\\/valet2010\\\/ett-manskligare-sverige\\\/steg-4\\\/#primaryimage\",\"url\":\"https:\\\/\\\/wp.kristdemokraterna.se\\\/motala\\\/files\\\/2015\\\/03\\\/steg4.jpg\",\"contentUrl\":\"https:\\\/\\\/wp.kristdemokraterna.se\\\/motala\\\/files\\\/2015\\\/03\\\/steg4.jpg\",\"width\":420,\"height\":287},{\"@type\":\"BreadcrumbList\",\"@id\":\"https:\\\/\\\/wp.kristdemokraterna.se\\\/motala\\\/valet2010\\\/ett-manskligare-sverige\\\/steg-4\\\/#breadcrumb\",\"itemListElement\":[{\"@type\":\"ListItem\",\"position\":1,\"name\":\"Hem\",\"item\":\"https:\\\/\\\/wp.kristdemokraterna.se\\\/motala\\\/\"},{\"@type\":\"ListItem\",\"position\":2,\"name\":\"Valet 19 sept 2010\",\"item\":\"https:\\\/\\\/wp.kristdemokraterna.se\\\/motala\\\/valet2010\\\/\"},{\"@type\":\"ListItem\",\"position\":3,\"name\":\"Valet 2010 &#8211; Ett m\u00e4nskligare Sverige\",\"item\":\"https:\\\/\\\/wp.kristdemokraterna.se\\\/motala\\\/valet2010\\\/ett-manskligare-sverige\\\/\"},{\"@type\":\"ListItem\",\"position\":4,\"name\":\"Steg 4 &#8211; Alla som kan ska f\u00e5 jobba!\"}]},{\"@type\":\"WebSite\",\"@id\":\"https:\\\/\\\/wp.kristdemokraterna.se\\\/motala\\\/#website\",\"url\":\"https:\\\/\\\/wp.kristdemokraterna.se\\\/motala\\\/\",\"name\":\"Kristdemokraterna i Motala\",\"description\":\"Kristdemokraterna\",\"inLanguage\":\"sv-SE\"}]}<\/script>\n<!-- \/ Yoast SEO plugin. -->","yoast_head_json":{"title":"Steg 4 - Alla som kan ska f\u00e5 jobba! - Kristdemokraterna i Motala","robots":{"index":"index","follow":"follow","max-snippet":"max-snippet:-1","max-image-preview":"max-image-preview:large","max-video-preview":"max-video-preview:-1"},"canonical":"https:\/\/wp.kristdemokraterna.se\/motala\/valet2010\/ett-manskligare-sverige\/steg-4\/","og_locale":"sv_SE","og_type":"article","og_title":"Steg 4 - Alla som kan ska f\u00e5 jobba! - Kristdemokraterna i Motala","og_description":"Alla m\u00e5ste f\u00e5 k\u00e4nna sig beh\u00f6vda. Att s\u00e4nka arbetsl\u00f6sheten handlar inte bara om samh\u00e4llsekonomi, det \u00e4r lika mycket en fr\u00e5ga om en meningsfull tillvaro och egen f\u00f6rs\u00f6rjning. Vi vill ha ett samh\u00e4lle som tar vara p\u00e5 m\u00e4nniskors m\u00f6jligheter och inneboende f\u00f6rm\u00e5ga. Vi vill ha trygghetssystem som med r\u00e4tt insatser och st\u00f6d hj\u00e4lper fler att g\u00e5 Read More","og_url":"https:\/\/wp.kristdemokraterna.se\/motala\/valet2010\/ett-manskligare-sverige\/steg-4\/","og_site_name":"Kristdemokraterna i Motala","article_modified_time":"2015-03-16T15:55:23+00:00","og_image":[{"url":"http:\/\/wp.kristdemokraterna.se\/motala\/files\/2015\/03\/steg4.jpg","type":"","width":"","height":""}],"twitter_card":"summary_large_image","twitter_misc":{"Ber\u00e4knad l\u00e4stid":"3 minuter"},"schema":{"@context":"https:\/\/schema.org","@graph":[{"@type":"WebPage","@id":"https:\/\/wp.kristdemokraterna.se\/motala\/valet2010\/ett-manskligare-sverige\/steg-4\/","url":"https:\/\/wp.kristdemokraterna.se\/motala\/valet2010\/ett-manskligare-sverige\/steg-4\/","name":"Steg 4 - Alla som kan ska f\u00e5 jobba! - Kristdemokraterna i Motala","isPartOf":{"@id":"https:\/\/wp.kristdemokraterna.se\/motala\/#website"},"primaryImageOfPage":{"@id":"https:\/\/wp.kristdemokraterna.se\/motala\/valet2010\/ett-manskligare-sverige\/steg-4\/#primaryimage"},"image":{"@id":"https:\/\/wp.kristdemokraterna.se\/motala\/valet2010\/ett-manskligare-sverige\/steg-4\/#primaryimage"},"thumbnailUrl":"http:\/\/wp.kristdemokraterna.se\/motala\/files\/2015\/03\/steg4.jpg","datePublished":"2010-07-23T16:31:35+00:00","dateModified":"2015-03-16T15:55:23+00:00","breadcrumb":{"@id":"https:\/\/wp.kristdemokraterna.se\/motala\/valet2010\/ett-manskligare-sverige\/steg-4\/#breadcrumb"},"inLanguage":"sv-SE","potentialAction":[{"@type":"ReadAction","target":["https:\/\/wp.kristdemokraterna.se\/motala\/valet2010\/ett-manskligare-sverige\/steg-4\/"]}]},{"@type":"ImageObject","inLanguage":"sv-SE","@id":"https:\/\/wp.kristdemokraterna.se\/motala\/valet2010\/ett-manskligare-sverige\/steg-4\/#primaryimage","url":"https:\/\/wp.kristdemokraterna.se\/motala\/files\/2015\/03\/steg4.jpg","contentUrl":"https:\/\/wp.kristdemokraterna.se\/motala\/files\/2015\/03\/steg4.jpg","width":420,"height":287},{"@type":"BreadcrumbList","@id":"https:\/\/wp.kristdemokraterna.se\/motala\/valet2010\/ett-manskligare-sverige\/steg-4\/#breadcrumb","itemListElement":[{"@type":"ListItem","position":1,"name":"Hem","item":"https:\/\/wp.kristdemokraterna.se\/motala\/"},{"@type":"ListItem","position":2,"name":"Valet 19 sept 2010","item":"https:\/\/wp.kristdemokraterna.se\/motala\/valet2010\/"},{"@type":"ListItem","position":3,"name":"Valet 2010 &#8211; Ett m\u00e4nskligare Sverige","item":"https:\/\/wp.kristdemokraterna.se\/motala\/valet2010\/ett-manskligare-sverige\/"},{"@type":"ListItem","position":4,"name":"Steg 4 &#8211; Alla som kan ska f\u00e5 jobba!"}]},{"@type":"WebSite","@id":"https:\/\/wp.kristdemokraterna.se\/motala\/#website","url":"https:\/\/wp.kristdemokraterna.se\/motala\/","name":"Kristdemokraterna i Motala","description":"Kristdemokraterna","inLanguage":"sv-SE"}]}},"_links":{"self":[{"href":"https:\/\/wp.kristdemokraterna.se\/motala\/wp-json\/wp\/v2\/pages\/719","targetHints":{"allow":["GET"]}}],"collection":[{"href":"https:\/\/wp.kristdemokraterna.se\/motala\/wp-json\/wp\/v2\/pages"}],"about":[{"href":"https:\/\/wp.kristdemokraterna.se\/motala\/wp-json\/wp\/v2\/types\/page"}],"author":[{"embeddable":true,"href":"https:\/\/wp.kristdemokraterna.se\/motala\/wp-json\/wp\/v2\/users\/686"}],"replies":[{"embeddable":true,"href":"https:\/\/wp.kristdemokraterna.se\/motala\/wp-json\/wp\/v2\/comments?post=719"}],"version-history":[{"count":2,"href":"https:\/\/wp.kristdemokraterna.se\/motala\/wp-json\/wp\/v2\/pages\/719\/revisions"}],"predecessor-version":[{"id":722,"href":"https:\/\/wp.kristdemokraterna.se\/motala\/wp-json\/wp\/v2\/pages\/719\/revisions\/722"}],"up":[{"embeddable":true,"href":"https:\/\/wp.kristdemokraterna.se\/motala\/wp-json\/wp\/v2\/pages\/634"}],"wp:attachment":[{"href":"https:\/\/wp.kristdemokraterna.se\/motala\/wp-json\/wp\/v2\/media?parent=719"}],"curies":[{"name":"wp","href":"https:\/\/api.w.org\/{rel}","templated":true}]}}