{"id":756,"date":"2010-07-23T18:38:33","date_gmt":"2010-07-23T16:38:33","guid":{"rendered":"http:\/\/wp.kristdemokraterna.se\/motala\/?page_id=756"},"modified":"2015-03-16T16:55:38","modified_gmt":"2015-03-16T15:55:38","slug":"steg-6","status":"publish","type":"page","link":"https:\/\/wp.kristdemokraterna.se\/motala\/valet2010\/ett-manskligare-sverige\/steg-6\/","title":{"rendered":"Steg 6 &#8211; Ingen ska beh\u00f6va vara r\u00e4dd!"},"content":{"rendered":"<p><img loading=\"lazy\" decoding=\"async\" class=\"alignnone size-full wp-image-757\" src=\"http:\/\/wp.kristdemokraterna.se\/motala\/files\/2015\/03\/steg6.jpg\" alt=\"steg6\" width=\"420\" height=\"301\" srcset=\"https:\/\/wp.kristdemokraterna.se\/motala\/files\/2015\/03\/steg6.jpg 420w, https:\/\/wp.kristdemokraterna.se\/motala\/files\/2015\/03\/steg6-300x215.jpg 300w, https:\/\/wp.kristdemokraterna.se\/motala\/files\/2015\/03\/steg6-156x112.jpg 156w\" sizes=\"auto, (max-width: 420px) 100vw, 420px\" \/><br \/>\n<strong>Ett Sverige d\u00e4r folk k\u00e4nner sig trygga \u00e4r ett m\u00e4nskligare Sverige. Vi vill att folk griper in om n\u00e5got \u00e4r p\u00e5 v\u00e4g att g\u00e5 snett. Vi jobbar f\u00f6r att samh\u00e4llet ska bli b\u00e4ttre p\u00e5 att f\u00f6rebygga brott. D\u00e5 kr\u00e4vs ocks\u00e5 en familje- och skolpolitik som ser till att barn kan v\u00e4xa upp i trygghet. Brott ska f\u00e5 p\u00e5f\u00f6ljder, och samma regler ska g\u00e4lla f\u00f6r alla oavsett bakgrund. Vi vill ha fler n\u00e4rpolis er, och tidiga insatser f\u00f6r att f\u00e5nga upp ungdomar som \u00e4r p\u00e5 v\u00e4g att hamna fel.<\/strong><\/p>\n<p>Hederlighet kan inte ers\u00e4ttas av \u00f6vervakningskameror. Ett tryggt samh\u00e4lle kan inte lagstiftas fram. Trygghet kr\u00e4ver modiga m\u00e4nniskor \u2013 m\u00e4nniskor som v\u00e5gar s\u00e4ga ifr\u00e5n, som orkar h\u00e5lla ordning p\u00e5 r\u00e4tt och fel och agera d\u00e4r efter. Kristdemokraterna vill se ett samh\u00e4lle d\u00e4r det \u00e4r enklare att f\u00f6lja reglerna \u00e4n att bryta mot dem. D\u00e4r regler respekteras och d\u00e4r gemensamma normer st\u00e4rks. Alla ska ha samma r\u00e4ttigheter, men alla har ocks\u00e5 samma skyldigheter.<\/p>\n<p>Vi vill ha ett samh\u00e4lle d\u00e4r de som beg\u00e5r brott blir straffade och brottsoffer f\u00e5r uppr\u00e4ttelse. D\u00e4r likhet inf\u00f6r lagen \u00e4r en sj\u00e4lvklarhet och folk inte behandlas olika beroende p\u00e5 social st\u00e4llning, etnisk h\u00e4rkomst eller ekonomiska f\u00f6ruts\u00e4ttningar. Men ocks\u00e5 ett samh\u00e4lle med tid f\u00f6r f\u00f6rl\u00e5telse och f\u00f6rsoning d\u00e4r alla f\u00e5r en andra chans.<\/p>\n<p>N\u00e4r r\u00e4dslan \u00f6kar och tryggheten minskar \u00e4r det l\u00e4tt att ropa p\u00e5 politiska \u00e5tg\u00e4rder. Fler poliser! H\u00e5rdare straff ! N\u00e4stan alla h\u00e5ller med. Och till viss del \u00e4r det r\u00e4tt. Vi beh\u00f6ver bli b\u00e4ttre p\u00e5 att se till att brott inte l\u00f6nar sig. Att kriminella handlingar f\u00e5r konsekvenser. Att r\u00e4ttvisa straff utd\u00f6ms \u2013 f\u00f6r att brottsoffret ska f\u00e5 uppr\u00e4ttelse, men ocks\u00e5 f\u00f6r att brottslingen ska kunna sona sitt brott och f\u00e5 m\u00f6jlighet till en andra chans. Det beh\u00f6vs poliser som har tid att utreda \u00e4ven inbrott och cykelst\u00f6lder. Det kr\u00e4vs \u00f6kade resurser till \u00e5klagare, domstolar, och kriminalv\u00e5rd. Hatbrott och organiserad brottslighet m\u00e5ste bem\u00f6tas med effektiv lagstiftning. D\u00e4rf\u00f6r anser vi att deltagande i och st\u00f6d till rasistiska, kriminella och terroristst\u00e4mplade organisationer ska vara olagligt.<\/p>\n<p>Men framf\u00f6r allt kr\u00e4vs tidiga insatser f\u00f6r att f\u00e5nga upp ungdomar som \u00e4r p\u00e5 v\u00e4g att hamna snett. Fler poliser och b\u00e4ttre domstolsprocesser \u00e4r viktigt, men det r\u00e4cker inte. Vi vill att kommunerna ska utveckla det lokala brottsf\u00f6rebyggande arbetet. Och framf\u00f6r allt beh\u00f6vs st\u00f6d till familjer och en bra och fungerande skola. En trygg milj\u00f6 f\u00f6r barnen att v\u00e4xa upp i, d\u00e4r de kan f\u00e5 m\u00f6ta k\u00e4rlek, f\u00f6rst\u00e5else, st\u00e4llas inf\u00f6r krav, ta ansvar f\u00f6r sina handlingar och l\u00e4ra sig respektera och v\u00e4rna om andra.<\/p>\n","protected":false},"excerpt":{"rendered":"<p>Ett Sverige d\u00e4r folk k\u00e4nner sig trygga \u00e4r ett m\u00e4nskligare Sverige. Vi vill att folk griper in om n\u00e5got \u00e4r p\u00e5 v\u00e4g att g\u00e5 snett. Vi jobbar f\u00f6r att samh\u00e4llet ska bli b\u00e4ttre p\u00e5 att f\u00f6rebygga brott. D\u00e5 kr\u00e4vs ocks\u00e5 en familje- och skolpolitik som ser till att barn kan v\u00e4xa upp i trygghet. Brott <a class=\"read-more-link\" href=\"https:\/\/wp.kristdemokraterna.se\/motala\/valet2010\/ett-manskligare-sverige\/steg-6\/\">Read More<\/a><\/p>\n","protected":false},"author":686,"featured_media":0,"parent":634,"menu_order":6,"comment_status":"closed","ping_status":"closed","template":"","meta":{"_acf_changed":false,"footnotes":""},"class_list":["post-756","page","type-page","status-publish","hentry"],"acf":[],"yoast_head":"<!-- This site is optimized with the Yoast SEO plugin v27.4 - https:\/\/yoast.com\/product\/yoast-seo-wordpress\/ -->\n<title>Steg 6 - Ingen ska beh\u00f6va vara r\u00e4dd! - Kristdemokraterna i Motala<\/title>\n<meta name=\"robots\" content=\"index, follow, max-snippet:-1, max-image-preview:large, max-video-preview:-1\" \/>\n<link rel=\"canonical\" href=\"https:\/\/wp.kristdemokraterna.se\/motala\/valet2010\/ett-manskligare-sverige\/steg-6\/\" \/>\n<meta property=\"og:locale\" content=\"sv_SE\" \/>\n<meta property=\"og:type\" content=\"article\" \/>\n<meta property=\"og:title\" content=\"Steg 6 - Ingen ska beh\u00f6va vara r\u00e4dd! - Kristdemokraterna i Motala\" \/>\n<meta property=\"og:description\" content=\"Ett Sverige d\u00e4r folk k\u00e4nner sig trygga \u00e4r ett m\u00e4nskligare Sverige. Vi vill att folk griper in om n\u00e5got \u00e4r p\u00e5 v\u00e4g att g\u00e5 snett. Vi jobbar f\u00f6r att samh\u00e4llet ska bli b\u00e4ttre p\u00e5 att f\u00f6rebygga brott. D\u00e5 kr\u00e4vs ocks\u00e5 en familje- och skolpolitik som ser till att barn kan v\u00e4xa upp i trygghet. Brott Read More\" \/>\n<meta property=\"og:url\" content=\"https:\/\/wp.kristdemokraterna.se\/motala\/valet2010\/ett-manskligare-sverige\/steg-6\/\" \/>\n<meta property=\"og:site_name\" content=\"Kristdemokraterna i Motala\" \/>\n<meta property=\"article:modified_time\" content=\"2015-03-16T15:55:38+00:00\" \/>\n<meta property=\"og:image\" content=\"http:\/\/wp.kristdemokraterna.se\/motala\/files\/2015\/03\/steg6.jpg\" \/>\n<meta name=\"twitter:card\" content=\"summary_large_image\" \/>\n<meta name=\"twitter:label1\" content=\"Ber\u00e4knad l\u00e4stid\" \/>\n\t<meta name=\"twitter:data1\" content=\"3 minuter\" \/>\n<script type=\"application\/ld+json\" class=\"yoast-schema-graph\">{\"@context\":\"https:\\\/\\\/schema.org\",\"@graph\":[{\"@type\":\"WebPage\",\"@id\":\"https:\\\/\\\/wp.kristdemokraterna.se\\\/motala\\\/valet2010\\\/ett-manskligare-sverige\\\/steg-6\\\/\",\"url\":\"https:\\\/\\\/wp.kristdemokraterna.se\\\/motala\\\/valet2010\\\/ett-manskligare-sverige\\\/steg-6\\\/\",\"name\":\"Steg 6 - Ingen ska beh\u00f6va vara r\u00e4dd! - Kristdemokraterna i Motala\",\"isPartOf\":{\"@id\":\"https:\\\/\\\/wp.kristdemokraterna.se\\\/motala\\\/#website\"},\"primaryImageOfPage\":{\"@id\":\"https:\\\/\\\/wp.kristdemokraterna.se\\\/motala\\\/valet2010\\\/ett-manskligare-sverige\\\/steg-6\\\/#primaryimage\"},\"image\":{\"@id\":\"https:\\\/\\\/wp.kristdemokraterna.se\\\/motala\\\/valet2010\\\/ett-manskligare-sverige\\\/steg-6\\\/#primaryimage\"},\"thumbnailUrl\":\"http:\\\/\\\/wp.kristdemokraterna.se\\\/motala\\\/files\\\/2015\\\/03\\\/steg6.jpg\",\"datePublished\":\"2010-07-23T16:38:33+00:00\",\"dateModified\":\"2015-03-16T15:55:38+00:00\",\"breadcrumb\":{\"@id\":\"https:\\\/\\\/wp.kristdemokraterna.se\\\/motala\\\/valet2010\\\/ett-manskligare-sverige\\\/steg-6\\\/#breadcrumb\"},\"inLanguage\":\"sv-SE\",\"potentialAction\":[{\"@type\":\"ReadAction\",\"target\":[\"https:\\\/\\\/wp.kristdemokraterna.se\\\/motala\\\/valet2010\\\/ett-manskligare-sverige\\\/steg-6\\\/\"]}]},{\"@type\":\"ImageObject\",\"inLanguage\":\"sv-SE\",\"@id\":\"https:\\\/\\\/wp.kristdemokraterna.se\\\/motala\\\/valet2010\\\/ett-manskligare-sverige\\\/steg-6\\\/#primaryimage\",\"url\":\"https:\\\/\\\/wp.kristdemokraterna.se\\\/motala\\\/files\\\/2015\\\/03\\\/steg6.jpg\",\"contentUrl\":\"https:\\\/\\\/wp.kristdemokraterna.se\\\/motala\\\/files\\\/2015\\\/03\\\/steg6.jpg\",\"width\":420,\"height\":301},{\"@type\":\"BreadcrumbList\",\"@id\":\"https:\\\/\\\/wp.kristdemokraterna.se\\\/motala\\\/valet2010\\\/ett-manskligare-sverige\\\/steg-6\\\/#breadcrumb\",\"itemListElement\":[{\"@type\":\"ListItem\",\"position\":1,\"name\":\"Hem\",\"item\":\"https:\\\/\\\/wp.kristdemokraterna.se\\\/motala\\\/\"},{\"@type\":\"ListItem\",\"position\":2,\"name\":\"Valet 19 sept 2010\",\"item\":\"https:\\\/\\\/wp.kristdemokraterna.se\\\/motala\\\/valet2010\\\/\"},{\"@type\":\"ListItem\",\"position\":3,\"name\":\"Valet 2010 &#8211; Ett m\u00e4nskligare Sverige\",\"item\":\"https:\\\/\\\/wp.kristdemokraterna.se\\\/motala\\\/valet2010\\\/ett-manskligare-sverige\\\/\"},{\"@type\":\"ListItem\",\"position\":4,\"name\":\"Steg 6 &#8211; Ingen ska beh\u00f6va vara r\u00e4dd!\"}]},{\"@type\":\"WebSite\",\"@id\":\"https:\\\/\\\/wp.kristdemokraterna.se\\\/motala\\\/#website\",\"url\":\"https:\\\/\\\/wp.kristdemokraterna.se\\\/motala\\\/\",\"name\":\"Kristdemokraterna i Motala\",\"description\":\"Kristdemokraterna\",\"inLanguage\":\"sv-SE\"}]}<\/script>\n<!-- \/ Yoast SEO plugin. -->","yoast_head_json":{"title":"Steg 6 - Ingen ska beh\u00f6va vara r\u00e4dd! - Kristdemokraterna i Motala","robots":{"index":"index","follow":"follow","max-snippet":"max-snippet:-1","max-image-preview":"max-image-preview:large","max-video-preview":"max-video-preview:-1"},"canonical":"https:\/\/wp.kristdemokraterna.se\/motala\/valet2010\/ett-manskligare-sverige\/steg-6\/","og_locale":"sv_SE","og_type":"article","og_title":"Steg 6 - Ingen ska beh\u00f6va vara r\u00e4dd! - Kristdemokraterna i Motala","og_description":"Ett Sverige d\u00e4r folk k\u00e4nner sig trygga \u00e4r ett m\u00e4nskligare Sverige. Vi vill att folk griper in om n\u00e5got \u00e4r p\u00e5 v\u00e4g att g\u00e5 snett. Vi jobbar f\u00f6r att samh\u00e4llet ska bli b\u00e4ttre p\u00e5 att f\u00f6rebygga brott. D\u00e5 kr\u00e4vs ocks\u00e5 en familje- och skolpolitik som ser till att barn kan v\u00e4xa upp i trygghet. Brott Read More","og_url":"https:\/\/wp.kristdemokraterna.se\/motala\/valet2010\/ett-manskligare-sverige\/steg-6\/","og_site_name":"Kristdemokraterna i Motala","article_modified_time":"2015-03-16T15:55:38+00:00","og_image":[{"url":"http:\/\/wp.kristdemokraterna.se\/motala\/files\/2015\/03\/steg6.jpg","type":"","width":"","height":""}],"twitter_card":"summary_large_image","twitter_misc":{"Ber\u00e4knad l\u00e4stid":"3 minuter"},"schema":{"@context":"https:\/\/schema.org","@graph":[{"@type":"WebPage","@id":"https:\/\/wp.kristdemokraterna.se\/motala\/valet2010\/ett-manskligare-sverige\/steg-6\/","url":"https:\/\/wp.kristdemokraterna.se\/motala\/valet2010\/ett-manskligare-sverige\/steg-6\/","name":"Steg 6 - Ingen ska beh\u00f6va vara r\u00e4dd! - Kristdemokraterna i Motala","isPartOf":{"@id":"https:\/\/wp.kristdemokraterna.se\/motala\/#website"},"primaryImageOfPage":{"@id":"https:\/\/wp.kristdemokraterna.se\/motala\/valet2010\/ett-manskligare-sverige\/steg-6\/#primaryimage"},"image":{"@id":"https:\/\/wp.kristdemokraterna.se\/motala\/valet2010\/ett-manskligare-sverige\/steg-6\/#primaryimage"},"thumbnailUrl":"http:\/\/wp.kristdemokraterna.se\/motala\/files\/2015\/03\/steg6.jpg","datePublished":"2010-07-23T16:38:33+00:00","dateModified":"2015-03-16T15:55:38+00:00","breadcrumb":{"@id":"https:\/\/wp.kristdemokraterna.se\/motala\/valet2010\/ett-manskligare-sverige\/steg-6\/#breadcrumb"},"inLanguage":"sv-SE","potentialAction":[{"@type":"ReadAction","target":["https:\/\/wp.kristdemokraterna.se\/motala\/valet2010\/ett-manskligare-sverige\/steg-6\/"]}]},{"@type":"ImageObject","inLanguage":"sv-SE","@id":"https:\/\/wp.kristdemokraterna.se\/motala\/valet2010\/ett-manskligare-sverige\/steg-6\/#primaryimage","url":"https:\/\/wp.kristdemokraterna.se\/motala\/files\/2015\/03\/steg6.jpg","contentUrl":"https:\/\/wp.kristdemokraterna.se\/motala\/files\/2015\/03\/steg6.jpg","width":420,"height":301},{"@type":"BreadcrumbList","@id":"https:\/\/wp.kristdemokraterna.se\/motala\/valet2010\/ett-manskligare-sverige\/steg-6\/#breadcrumb","itemListElement":[{"@type":"ListItem","position":1,"name":"Hem","item":"https:\/\/wp.kristdemokraterna.se\/motala\/"},{"@type":"ListItem","position":2,"name":"Valet 19 sept 2010","item":"https:\/\/wp.kristdemokraterna.se\/motala\/valet2010\/"},{"@type":"ListItem","position":3,"name":"Valet 2010 &#8211; Ett m\u00e4nskligare Sverige","item":"https:\/\/wp.kristdemokraterna.se\/motala\/valet2010\/ett-manskligare-sverige\/"},{"@type":"ListItem","position":4,"name":"Steg 6 &#8211; Ingen ska beh\u00f6va vara r\u00e4dd!"}]},{"@type":"WebSite","@id":"https:\/\/wp.kristdemokraterna.se\/motala\/#website","url":"https:\/\/wp.kristdemokraterna.se\/motala\/","name":"Kristdemokraterna i Motala","description":"Kristdemokraterna","inLanguage":"sv-SE"}]}},"_links":{"self":[{"href":"https:\/\/wp.kristdemokraterna.se\/motala\/wp-json\/wp\/v2\/pages\/756","targetHints":{"allow":["GET"]}}],"collection":[{"href":"https:\/\/wp.kristdemokraterna.se\/motala\/wp-json\/wp\/v2\/pages"}],"about":[{"href":"https:\/\/wp.kristdemokraterna.se\/motala\/wp-json\/wp\/v2\/types\/page"}],"author":[{"embeddable":true,"href":"https:\/\/wp.kristdemokraterna.se\/motala\/wp-json\/wp\/v2\/users\/686"}],"replies":[{"embeddable":true,"href":"https:\/\/wp.kristdemokraterna.se\/motala\/wp-json\/wp\/v2\/comments?post=756"}],"version-history":[{"count":3,"href":"https:\/\/wp.kristdemokraterna.se\/motala\/wp-json\/wp\/v2\/pages\/756\/revisions"}],"predecessor-version":[{"id":760,"href":"https:\/\/wp.kristdemokraterna.se\/motala\/wp-json\/wp\/v2\/pages\/756\/revisions\/760"}],"up":[{"embeddable":true,"href":"https:\/\/wp.kristdemokraterna.se\/motala\/wp-json\/wp\/v2\/pages\/634"}],"wp:attachment":[{"href":"https:\/\/wp.kristdemokraterna.se\/motala\/wp-json\/wp\/v2\/media?parent=756"}],"curies":[{"name":"wp","href":"https:\/\/api.w.org\/{rel}","templated":true}]}}