{"id":764,"date":"2010-07-23T18:45:59","date_gmt":"2010-07-23T16:45:59","guid":{"rendered":"http:\/\/wp.kristdemokraterna.se\/motala\/?page_id=764"},"modified":"2018-05-31T09:55:07","modified_gmt":"2018-05-31T07:55:07","slug":"steg-8","status":"publish","type":"page","link":"https:\/\/wp.kristdemokraterna.se\/motala\/valet2010\/ett-manskligare-sverige\/steg-8\/","title":{"rendered":"Steg 8 &#8211; Eget sparande \u00e4r ocks\u00e5 v\u00e4lf\u00e4rd!"},"content":{"rendered":"<div align=\"left\"><b><br \/>\n<\/b><strong><\/strong><strong>Utan en fungerande ekonomi \u00e4r det sv\u00e5rt att k\u00e4nna sig trygg. Bara den som aldrig har haft tomt i hush\u00e5llskassan skulle kunna h\u00e4vda n\u00e5got annat. Mindre pengar betyder mindre trygghet, d\u00e4rf\u00f6r s\u00e4ger vi nej till h\u00f6jd skatt. Vi vill att alla ska kunna spara en slant p\u00e5 banken. Tusen kronor extra kan avg\u00f6ra om man har n\u00e5got kvar i slutet av m\u00e5naden. Vi vill s\u00e4nka skatten f\u00f6r pension\u00e4rerna.<br \/>\n<\/strong><br \/>\nTrygghet handlar i stor utstr\u00e4ckning om pengar. Om att l\u00f6nen ska r\u00e4cka m\u00e5naden ut. \u00c4nd\u00e5 vill en del politiker h\u00f6ja skatterna. H\u00f6jda skatter betyder mindre pengar i pl\u00e5nboken, mindre trygghet och mindre m\u00f6jlighet att best\u00e4mma sj\u00e4lv.N\u00e4r man lyssnar p\u00e5 de r\u00f6dgr\u00f6na v\u00e4nsterpartierna s\u00e5 l\u00e5ter det ibland som om h\u00f6jda skatter per automatik skulle inneb\u00e4ra b\u00e4ttre v\u00e4lf\u00e4rd. Men hur kan mindre pengar f\u00f6r vanligt folk inneb\u00e4ra annat \u00e4n mindre trygghet? Vi tror p\u00e5 gener\u00f6s, allm\u00e4n v\u00e4lf\u00e4rd, och vi kommer aldrig att kompromissa med kvaliteten p\u00e5 skola, \u00e4ldreomsorg eller v\u00e5rd. Men samtidigt tycker vi att det \u00e4r oerh\u00f6rt viktigt att hush\u00e5lla med statliga och kommunala medel, f\u00f6r det \u00e4r pengar som tillh\u00f6r skattebetalarna. M\u00e5let f\u00f6r Kristdemokraternas ekonomiska politik \u00e4r uth\u00e5llig tillv\u00e4xt och en b\u00e4ttre v\u00e4lf\u00e4rdsutveckling. F\u00f6r att \u00e5stadkomma detta anser vi att Sverige beh\u00f6ver fortsatta reformer med skattes\u00e4nkningar p\u00e5 arbete, sparande och f\u00f6retagande.Den ekonomiska krisen l\u00e4mnar ingen ober\u00f6rd. Sverige \u00e4r ett litet land med en stor export som \u00e4r beroende av den ekonomiska utvecklingen i v\u00e4rlden. N\u00e4r ekonomin dalar i v\u00e5r omv\u00e4rld p\u00e5verkar det Sverige mer \u00e4n m\u00e5nga andra l\u00e4nder. Ingen vet i dag hur l\u00e5ng tid det kommer att ta f\u00f6r v\u00e4rldsekonomin att h\u00e4mta sig. D\u00e4rf\u00f6r kr\u00e4vs ansvarsfullhet och l\u00e5ngsiktighet f\u00f6r att inte riskera de offentliga finanserna. Brist p\u00e5 ansvarstagande sl\u00e5r direkt mot v\u00e4lf\u00e4rdens k\u00e4rna, mot sjukv\u00e5rd, skola och \u00e4ldreomsorg. Det riskerar att leda till skatteh\u00f6jningar som skulle \u00f6ka arbetsl\u00f6sheten. Det skulle framf\u00f6r allt drabba dem med sm\u00e5 ekonomiska marginaler.<\/p>\n<p>F\u00f6r vanliga m\u00e4nniskor spelar det roll om skatten \u00e4r tusen kronor l\u00e4gre per m\u00e5nad, eller n\u00e5gra hundralappar f\u00f6r den delen. N\u00e5got \u00e4r fel om m\u00e4nniskor som jobbar inte kan klara sig p\u00e5 sin l\u00f6n. D\u00e4rf\u00f6r vill Kristdemokraterna forts\u00e4tta att s\u00e4nka skatten, b\u00e5de f\u00f6r de som jobbar och f\u00f6r pension\u00e4rer. Vi vill att m\u00e4nniskor ska kunna leva p\u00e5 sin l\u00f6n och ha litet pengar \u00f6ver att spara varje m\u00e5nad. Med pengar p\u00e5 banken kan du sova lugnare alldeles oavsett hur r\u00e4ntan f\u00f6r\u00e4ndras. Med pengar p\u00e5 banken \u00e4r det ingen katastrof om kylsk\u00e5pet g\u00e5r s\u00f6nder eller vinterskorna slits ut. Med pengar p\u00e5 banken styr du mer \u00f6ver din egen tid. Du f\u00e5r frihet men ocks\u00e5 f\u00f6rm\u00e5ga att hantera det ov\u00e4ntade. N\u00e4r fler m\u00e4nniskor har det s\u00e5, har vi f\u00e5tt ett tryggare samh\u00e4lle.<\/p>\n<\/div>\n","protected":false},"excerpt":{"rendered":"<p>Utan en fungerande ekonomi \u00e4r det sv\u00e5rt att k\u00e4nna sig trygg. Bara den som aldrig har haft tomt i hush\u00e5llskassan skulle kunna h\u00e4vda n\u00e5got annat. Mindre pengar betyder mindre trygghet, d\u00e4rf\u00f6r s\u00e4ger vi nej till h\u00f6jd skatt. Vi vill att alla ska kunna spara en slant p\u00e5 banken. Tusen kronor extra kan avg\u00f6ra om man <a class=\"read-more-link\" href=\"https:\/\/wp.kristdemokraterna.se\/motala\/valet2010\/ett-manskligare-sverige\/steg-8\/\">Read More<\/a><\/p>\n","protected":false},"author":686,"featured_media":0,"parent":634,"menu_order":8,"comment_status":"closed","ping_status":"closed","template":"","meta":{"_acf_changed":false,"footnotes":""},"class_list":["post-764","page","type-page","status-publish","hentry"],"acf":[],"yoast_head":"<!-- This site is optimized with the Yoast SEO plugin v27.3 - https:\/\/yoast.com\/product\/yoast-seo-wordpress\/ -->\n<title>Steg 8 - Eget sparande \u00e4r ocks\u00e5 v\u00e4lf\u00e4rd! - Kristdemokraterna i Motala<\/title>\n<meta name=\"robots\" content=\"index, follow, max-snippet:-1, max-image-preview:large, max-video-preview:-1\" \/>\n<link rel=\"canonical\" href=\"https:\/\/wp.kristdemokraterna.se\/motala\/valet2010\/ett-manskligare-sverige\/steg-8\/\" \/>\n<meta property=\"og:locale\" content=\"sv_SE\" \/>\n<meta property=\"og:type\" content=\"article\" \/>\n<meta property=\"og:title\" content=\"Steg 8 - Eget sparande \u00e4r ocks\u00e5 v\u00e4lf\u00e4rd! - Kristdemokraterna i Motala\" \/>\n<meta property=\"og:description\" content=\"Utan en fungerande ekonomi \u00e4r det sv\u00e5rt att k\u00e4nna sig trygg. Bara den som aldrig har haft tomt i hush\u00e5llskassan skulle kunna h\u00e4vda n\u00e5got annat. Mindre pengar betyder mindre trygghet, d\u00e4rf\u00f6r s\u00e4ger vi nej till h\u00f6jd skatt. Vi vill att alla ska kunna spara en slant p\u00e5 banken. Tusen kronor extra kan avg\u00f6ra om man Read More\" \/>\n<meta property=\"og:url\" content=\"https:\/\/wp.kristdemokraterna.se\/motala\/valet2010\/ett-manskligare-sverige\/steg-8\/\" \/>\n<meta property=\"og:site_name\" content=\"Kristdemokraterna i Motala\" \/>\n<meta property=\"article:modified_time\" content=\"2018-05-31T07:55:07+00:00\" \/>\n<meta name=\"twitter:card\" content=\"summary_large_image\" \/>\n<meta name=\"twitter:label1\" content=\"Ber\u00e4knad l\u00e4stid\" \/>\n\t<meta name=\"twitter:data1\" content=\"3 minuter\" \/>\n<script type=\"application\/ld+json\" class=\"yoast-schema-graph\">{\"@context\":\"https:\\\/\\\/schema.org\",\"@graph\":[{\"@type\":\"WebPage\",\"@id\":\"https:\\\/\\\/wp.kristdemokraterna.se\\\/motala\\\/valet2010\\\/ett-manskligare-sverige\\\/steg-8\\\/\",\"url\":\"https:\\\/\\\/wp.kristdemokraterna.se\\\/motala\\\/valet2010\\\/ett-manskligare-sverige\\\/steg-8\\\/\",\"name\":\"Steg 8 - Eget sparande \u00e4r ocks\u00e5 v\u00e4lf\u00e4rd! - Kristdemokraterna i Motala\",\"isPartOf\":{\"@id\":\"https:\\\/\\\/wp.kristdemokraterna.se\\\/motala\\\/#website\"},\"datePublished\":\"2010-07-23T16:45:59+00:00\",\"dateModified\":\"2018-05-31T07:55:07+00:00\",\"breadcrumb\":{\"@id\":\"https:\\\/\\\/wp.kristdemokraterna.se\\\/motala\\\/valet2010\\\/ett-manskligare-sverige\\\/steg-8\\\/#breadcrumb\"},\"inLanguage\":\"sv-SE\",\"potentialAction\":[{\"@type\":\"ReadAction\",\"target\":[\"https:\\\/\\\/wp.kristdemokraterna.se\\\/motala\\\/valet2010\\\/ett-manskligare-sverige\\\/steg-8\\\/\"]}]},{\"@type\":\"BreadcrumbList\",\"@id\":\"https:\\\/\\\/wp.kristdemokraterna.se\\\/motala\\\/valet2010\\\/ett-manskligare-sverige\\\/steg-8\\\/#breadcrumb\",\"itemListElement\":[{\"@type\":\"ListItem\",\"position\":1,\"name\":\"Hem\",\"item\":\"https:\\\/\\\/wp.kristdemokraterna.se\\\/motala\\\/\"},{\"@type\":\"ListItem\",\"position\":2,\"name\":\"Valet 19 sept 2010\",\"item\":\"https:\\\/\\\/wp.kristdemokraterna.se\\\/motala\\\/valet2010\\\/\"},{\"@type\":\"ListItem\",\"position\":3,\"name\":\"Valet 2010 &#8211; Ett m\u00e4nskligare Sverige\",\"item\":\"https:\\\/\\\/wp.kristdemokraterna.se\\\/motala\\\/valet2010\\\/ett-manskligare-sverige\\\/\"},{\"@type\":\"ListItem\",\"position\":4,\"name\":\"Steg 8 &#8211; Eget sparande \u00e4r ocks\u00e5 v\u00e4lf\u00e4rd!\"}]},{\"@type\":\"WebSite\",\"@id\":\"https:\\\/\\\/wp.kristdemokraterna.se\\\/motala\\\/#website\",\"url\":\"https:\\\/\\\/wp.kristdemokraterna.se\\\/motala\\\/\",\"name\":\"Kristdemokraterna i Motala\",\"description\":\"Kristdemokraterna\",\"inLanguage\":\"sv-SE\"}]}<\/script>\n<!-- \/ Yoast SEO plugin. -->","yoast_head_json":{"title":"Steg 8 - Eget sparande \u00e4r ocks\u00e5 v\u00e4lf\u00e4rd! - Kristdemokraterna i Motala","robots":{"index":"index","follow":"follow","max-snippet":"max-snippet:-1","max-image-preview":"max-image-preview:large","max-video-preview":"max-video-preview:-1"},"canonical":"https:\/\/wp.kristdemokraterna.se\/motala\/valet2010\/ett-manskligare-sverige\/steg-8\/","og_locale":"sv_SE","og_type":"article","og_title":"Steg 8 - Eget sparande \u00e4r ocks\u00e5 v\u00e4lf\u00e4rd! - Kristdemokraterna i Motala","og_description":"Utan en fungerande ekonomi \u00e4r det sv\u00e5rt att k\u00e4nna sig trygg. Bara den som aldrig har haft tomt i hush\u00e5llskassan skulle kunna h\u00e4vda n\u00e5got annat. Mindre pengar betyder mindre trygghet, d\u00e4rf\u00f6r s\u00e4ger vi nej till h\u00f6jd skatt. Vi vill att alla ska kunna spara en slant p\u00e5 banken. Tusen kronor extra kan avg\u00f6ra om man Read More","og_url":"https:\/\/wp.kristdemokraterna.se\/motala\/valet2010\/ett-manskligare-sverige\/steg-8\/","og_site_name":"Kristdemokraterna i Motala","article_modified_time":"2018-05-31T07:55:07+00:00","twitter_card":"summary_large_image","twitter_misc":{"Ber\u00e4knad l\u00e4stid":"3 minuter"},"schema":{"@context":"https:\/\/schema.org","@graph":[{"@type":"WebPage","@id":"https:\/\/wp.kristdemokraterna.se\/motala\/valet2010\/ett-manskligare-sverige\/steg-8\/","url":"https:\/\/wp.kristdemokraterna.se\/motala\/valet2010\/ett-manskligare-sverige\/steg-8\/","name":"Steg 8 - Eget sparande \u00e4r ocks\u00e5 v\u00e4lf\u00e4rd! - Kristdemokraterna i Motala","isPartOf":{"@id":"https:\/\/wp.kristdemokraterna.se\/motala\/#website"},"datePublished":"2010-07-23T16:45:59+00:00","dateModified":"2018-05-31T07:55:07+00:00","breadcrumb":{"@id":"https:\/\/wp.kristdemokraterna.se\/motala\/valet2010\/ett-manskligare-sverige\/steg-8\/#breadcrumb"},"inLanguage":"sv-SE","potentialAction":[{"@type":"ReadAction","target":["https:\/\/wp.kristdemokraterna.se\/motala\/valet2010\/ett-manskligare-sverige\/steg-8\/"]}]},{"@type":"BreadcrumbList","@id":"https:\/\/wp.kristdemokraterna.se\/motala\/valet2010\/ett-manskligare-sverige\/steg-8\/#breadcrumb","itemListElement":[{"@type":"ListItem","position":1,"name":"Hem","item":"https:\/\/wp.kristdemokraterna.se\/motala\/"},{"@type":"ListItem","position":2,"name":"Valet 19 sept 2010","item":"https:\/\/wp.kristdemokraterna.se\/motala\/valet2010\/"},{"@type":"ListItem","position":3,"name":"Valet 2010 &#8211; Ett m\u00e4nskligare Sverige","item":"https:\/\/wp.kristdemokraterna.se\/motala\/valet2010\/ett-manskligare-sverige\/"},{"@type":"ListItem","position":4,"name":"Steg 8 &#8211; Eget sparande \u00e4r ocks\u00e5 v\u00e4lf\u00e4rd!"}]},{"@type":"WebSite","@id":"https:\/\/wp.kristdemokraterna.se\/motala\/#website","url":"https:\/\/wp.kristdemokraterna.se\/motala\/","name":"Kristdemokraterna i Motala","description":"Kristdemokraterna","inLanguage":"sv-SE"}]}},"_links":{"self":[{"href":"https:\/\/wp.kristdemokraterna.se\/motala\/wp-json\/wp\/v2\/pages\/764","targetHints":{"allow":["GET"]}}],"collection":[{"href":"https:\/\/wp.kristdemokraterna.se\/motala\/wp-json\/wp\/v2\/pages"}],"about":[{"href":"https:\/\/wp.kristdemokraterna.se\/motala\/wp-json\/wp\/v2\/types\/page"}],"author":[{"embeddable":true,"href":"https:\/\/wp.kristdemokraterna.se\/motala\/wp-json\/wp\/v2\/users\/686"}],"replies":[{"embeddable":true,"href":"https:\/\/wp.kristdemokraterna.se\/motala\/wp-json\/wp\/v2\/comments?post=764"}],"version-history":[{"count":7,"href":"https:\/\/wp.kristdemokraterna.se\/motala\/wp-json\/wp\/v2\/pages\/764\/revisions"}],"predecessor-version":[{"id":2972,"href":"https:\/\/wp.kristdemokraterna.se\/motala\/wp-json\/wp\/v2\/pages\/764\/revisions\/2972"}],"up":[{"embeddable":true,"href":"https:\/\/wp.kristdemokraterna.se\/motala\/wp-json\/wp\/v2\/pages\/634"}],"wp:attachment":[{"href":"https:\/\/wp.kristdemokraterna.se\/motala\/wp-json\/wp\/v2\/media?parent=764"}],"curies":[{"name":"wp","href":"https:\/\/api.w.org\/{rel}","templated":true}]}}