{"id":930,"date":"2010-08-04T20:47:27","date_gmt":"2010-08-04T18:47:27","guid":{"rendered":"http:\/\/wp.kristdemokraterna.se\/motala\/?page_id=930"},"modified":"2015-04-08T11:46:48","modified_gmt":"2015-04-08T09:46:48","slug":"valsedelspackning-ar-i-full-gang","status":"publish","type":"page","link":"https:\/\/wp.kristdemokraterna.se\/motala\/valet2010\/valsedelspackning-ar-i-full-gang\/","title":{"rendered":"Valsedelspackning \u00e4r i full g\u00e5ng"},"content":{"rendered":"<p style=\"text-align: left\">2010-08-03<br \/>\n<img loading=\"lazy\" decoding=\"async\" class=\"alignnone size-full wp-image-933\" src=\"http:\/\/wp.kristdemokraterna.se\/motala\/files\/2010\/08\/2010-08-03_bildstartsida.jpg\" alt=\"2010-08-03_BildStartsida\" width=\"392\" height=\"294\" srcset=\"https:\/\/wp.kristdemokraterna.se\/motala\/files\/2010\/08\/2010-08-03_bildstartsida.jpg 392w, https:\/\/wp.kristdemokraterna.se\/motala\/files\/2010\/08\/2010-08-03_bildstartsida-300x225.jpg 300w, https:\/\/wp.kristdemokraterna.se\/motala\/files\/2010\/08\/2010-08-03_bildstartsida-149x112.jpg 149w\" sizes=\"auto, (max-width: 392px) 100vw, 392px\" \/><br \/>\nH\u00e4r \u00e4r det Lars-Johan Sunnerberg, Svea Larsson och Raendie Andersson som stoppar valsedlar i broschyren.<\/p>\n<hr \/>\n<p style=\"text-align: left\">2010-08-05<br \/>\n<img loading=\"lazy\" decoding=\"async\" class=\"alignnone size-full wp-image-934\" src=\"http:\/\/wp.kristdemokraterna.se\/motala\/files\/2010\/08\/2010-08-05_bildstartsida.jpg\" alt=\"2010-08-05_BildStartsida\" width=\"392\" height=\"294\" srcset=\"https:\/\/wp.kristdemokraterna.se\/motala\/files\/2010\/08\/2010-08-05_bildstartsida.jpg 392w, https:\/\/wp.kristdemokraterna.se\/motala\/files\/2010\/08\/2010-08-05_bildstartsida-300x225.jpg 300w, https:\/\/wp.kristdemokraterna.se\/motala\/files\/2010\/08\/2010-08-05_bildstartsida-149x112.jpg 149w\" sizes=\"auto, (max-width: 392px) 100vw, 392px\" \/><br \/>\nValsedelspackningen i full g\u00e5ng hos Kristdemokraterna.<\/p>\n<p><img loading=\"lazy\" decoding=\"async\" class=\"alignnone size-full wp-image-935\" src=\"http:\/\/wp.kristdemokraterna.se\/motala\/files\/2010\/08\/2010-08-05_morronpasset_12.jpg\" alt=\"2010-08-05_morronpasset_12\" width=\"392\" height=\"294\" srcset=\"https:\/\/wp.kristdemokraterna.se\/motala\/files\/2010\/08\/2010-08-05_morronpasset_12.jpg 392w, https:\/\/wp.kristdemokraterna.se\/motala\/files\/2010\/08\/2010-08-05_morronpasset_12-300x225.jpg 300w, https:\/\/wp.kristdemokraterna.se\/motala\/files\/2010\/08\/2010-08-05_morronpasset_12-149x112.jpg 149w\" sizes=\"auto, (max-width: 392px) 100vw, 392px\" \/><br \/>\nPackningsansvarig Lars-Johan Sunnerberg och Barbro Andersson startade redan p\u00e5 morgonen kl 08.00 med att blada i valsedlar som ska g\u00e5 ut till alla hush\u00e5ll i Motala kommun.<\/p>\n<p><img loading=\"lazy\" decoding=\"async\" class=\"alignnone size-full wp-image-936\" src=\"http:\/\/wp.kristdemokraterna.se\/motala\/files\/2010\/08\/2010-08-05_samarbete_12.jpg\" alt=\"2010-08-05_samarbete_12\" width=\"392\" height=\"294\" srcset=\"https:\/\/wp.kristdemokraterna.se\/motala\/files\/2010\/08\/2010-08-05_samarbete_12.jpg 392w, https:\/\/wp.kristdemokraterna.se\/motala\/files\/2010\/08\/2010-08-05_samarbete_12-300x225.jpg 300w, https:\/\/wp.kristdemokraterna.se\/motala\/files\/2010\/08\/2010-08-05_samarbete_12-149x112.jpg 149w\" sizes=\"auto, (max-width: 392px) 100vw, 392px\" \/><br \/>\nSigvard P\u00e5lsson plockar ihop valsedlar och Olle Persson bladar i dem i informationsbroschyren, enligt l\u00f6pandebandprincipen.<\/p>\n<p>\/Nils-Ingvar Graan<br \/>\nText &amp; foto<\/p>\n<hr \/>\n<p>L\u00e4s mer:<br \/>\n&gt; <a title=\"Valinformation till alla hush\u00e5ll 2010\" href=\"http:\/\/wp.kristdemokraterna.se\/motala\/program\/valinformation-till-alla-hushall-2010\/\">Valbroschyren 2010 <\/a><br \/>\n&gt; <a title=\"Kommunkandidater 2010\" href=\"http:\/\/wp.kristdemokraterna.se\/motala\/vara-kandidater\/kommunkandidater-2010\/\">Kommunvalsedeln 2010<\/a><\/p>\n","protected":false},"excerpt":{"rendered":"<p>2010-08-03 H\u00e4r \u00e4r det Lars-Johan Sunnerberg, Svea Larsson och Raendie Andersson som stoppar valsedlar i broschyren. 2010-08-05 Valsedelspackningen i full g\u00e5ng hos Kristdemokraterna. Packningsansvarig Lars-Johan Sunnerberg och Barbro Andersson startade redan p\u00e5 morgonen kl 08.00 med att blada i valsedlar som ska g\u00e5 ut till alla hush\u00e5ll i Motala kommun. Sigvard P\u00e5lsson plockar ihop valsedlar <a class=\"read-more-link\" href=\"https:\/\/wp.kristdemokraterna.se\/motala\/valet2010\/valsedelspackning-ar-i-full-gang\/\">Read More<\/a><\/p>\n","protected":false},"author":686,"featured_media":0,"parent":538,"menu_order":0,"comment_status":"closed","ping_status":"closed","template":"","meta":{"_acf_changed":false,"footnotes":""},"class_list":["post-930","page","type-page","status-publish","hentry"],"acf":[],"yoast_head":"<!-- This site is optimized with the Yoast SEO plugin v27.4 - https:\/\/yoast.com\/product\/yoast-seo-wordpress\/ -->\n<title>Valsedelspackning \u00e4r i full g\u00e5ng - Kristdemokraterna i Motala<\/title>\n<meta name=\"robots\" content=\"index, follow, max-snippet:-1, max-image-preview:large, max-video-preview:-1\" \/>\n<link rel=\"canonical\" href=\"https:\/\/wp.kristdemokraterna.se\/motala\/valet2010\/valsedelspackning-ar-i-full-gang\/\" \/>\n<meta property=\"og:locale\" content=\"sv_SE\" \/>\n<meta property=\"og:type\" content=\"article\" \/>\n<meta property=\"og:title\" content=\"Valsedelspackning \u00e4r i full g\u00e5ng - Kristdemokraterna i Motala\" \/>\n<meta property=\"og:description\" content=\"2010-08-03 H\u00e4r \u00e4r det Lars-Johan Sunnerberg, Svea Larsson och Raendie Andersson som stoppar valsedlar i broschyren. 2010-08-05 Valsedelspackningen i full g\u00e5ng hos Kristdemokraterna. Packningsansvarig Lars-Johan Sunnerberg och Barbro Andersson startade redan p\u00e5 morgonen kl 08.00 med att blada i valsedlar som ska g\u00e5 ut till alla hush\u00e5ll i Motala kommun. Sigvard P\u00e5lsson plockar ihop valsedlar Read More\" \/>\n<meta property=\"og:url\" content=\"https:\/\/wp.kristdemokraterna.se\/motala\/valet2010\/valsedelspackning-ar-i-full-gang\/\" \/>\n<meta property=\"og:site_name\" content=\"Kristdemokraterna i Motala\" \/>\n<meta property=\"article:modified_time\" content=\"2015-04-08T09:46:48+00:00\" \/>\n<meta property=\"og:image\" content=\"http:\/\/wp.kristdemokraterna.se\/motala\/files\/2010\/08\/2010-08-03_bildstartsida.jpg\" \/>\n<meta name=\"twitter:card\" content=\"summary_large_image\" \/>\n<script type=\"application\/ld+json\" class=\"yoast-schema-graph\">{\"@context\":\"https:\\\/\\\/schema.org\",\"@graph\":[{\"@type\":\"WebPage\",\"@id\":\"https:\\\/\\\/wp.kristdemokraterna.se\\\/motala\\\/valet2010\\\/valsedelspackning-ar-i-full-gang\\\/\",\"url\":\"https:\\\/\\\/wp.kristdemokraterna.se\\\/motala\\\/valet2010\\\/valsedelspackning-ar-i-full-gang\\\/\",\"name\":\"Valsedelspackning \u00e4r i full g\u00e5ng - Kristdemokraterna i Motala\",\"isPartOf\":{\"@id\":\"https:\\\/\\\/wp.kristdemokraterna.se\\\/motala\\\/#website\"},\"primaryImageOfPage\":{\"@id\":\"https:\\\/\\\/wp.kristdemokraterna.se\\\/motala\\\/valet2010\\\/valsedelspackning-ar-i-full-gang\\\/#primaryimage\"},\"image\":{\"@id\":\"https:\\\/\\\/wp.kristdemokraterna.se\\\/motala\\\/valet2010\\\/valsedelspackning-ar-i-full-gang\\\/#primaryimage\"},\"thumbnailUrl\":\"http:\\\/\\\/wp.kristdemokraterna.se\\\/motala\\\/files\\\/2010\\\/08\\\/2010-08-03_bildstartsida.jpg\",\"datePublished\":\"2010-08-04T18:47:27+00:00\",\"dateModified\":\"2015-04-08T09:46:48+00:00\",\"breadcrumb\":{\"@id\":\"https:\\\/\\\/wp.kristdemokraterna.se\\\/motala\\\/valet2010\\\/valsedelspackning-ar-i-full-gang\\\/#breadcrumb\"},\"inLanguage\":\"sv-SE\",\"potentialAction\":[{\"@type\":\"ReadAction\",\"target\":[\"https:\\\/\\\/wp.kristdemokraterna.se\\\/motala\\\/valet2010\\\/valsedelspackning-ar-i-full-gang\\\/\"]}]},{\"@type\":\"ImageObject\",\"inLanguage\":\"sv-SE\",\"@id\":\"https:\\\/\\\/wp.kristdemokraterna.se\\\/motala\\\/valet2010\\\/valsedelspackning-ar-i-full-gang\\\/#primaryimage\",\"url\":\"https:\\\/\\\/wp.kristdemokraterna.se\\\/motala\\\/files\\\/2010\\\/08\\\/2010-08-03_bildstartsida.jpg\",\"contentUrl\":\"https:\\\/\\\/wp.kristdemokraterna.se\\\/motala\\\/files\\\/2010\\\/08\\\/2010-08-03_bildstartsida.jpg\",\"width\":392,\"height\":294},{\"@type\":\"BreadcrumbList\",\"@id\":\"https:\\\/\\\/wp.kristdemokraterna.se\\\/motala\\\/valet2010\\\/valsedelspackning-ar-i-full-gang\\\/#breadcrumb\",\"itemListElement\":[{\"@type\":\"ListItem\",\"position\":1,\"name\":\"Hem\",\"item\":\"https:\\\/\\\/wp.kristdemokraterna.se\\\/motala\\\/\"},{\"@type\":\"ListItem\",\"position\":2,\"name\":\"Valet 19 sept 2010\",\"item\":\"https:\\\/\\\/wp.kristdemokraterna.se\\\/motala\\\/valet2010\\\/\"},{\"@type\":\"ListItem\",\"position\":3,\"name\":\"Valsedelspackning \u00e4r i full g\u00e5ng\"}]},{\"@type\":\"WebSite\",\"@id\":\"https:\\\/\\\/wp.kristdemokraterna.se\\\/motala\\\/#website\",\"url\":\"https:\\\/\\\/wp.kristdemokraterna.se\\\/motala\\\/\",\"name\":\"Kristdemokraterna i Motala\",\"description\":\"Kristdemokraterna\",\"inLanguage\":\"sv-SE\"}]}<\/script>\n<!-- \/ Yoast SEO plugin. -->","yoast_head_json":{"title":"Valsedelspackning \u00e4r i full g\u00e5ng - Kristdemokraterna i Motala","robots":{"index":"index","follow":"follow","max-snippet":"max-snippet:-1","max-image-preview":"max-image-preview:large","max-video-preview":"max-video-preview:-1"},"canonical":"https:\/\/wp.kristdemokraterna.se\/motala\/valet2010\/valsedelspackning-ar-i-full-gang\/","og_locale":"sv_SE","og_type":"article","og_title":"Valsedelspackning \u00e4r i full g\u00e5ng - Kristdemokraterna i Motala","og_description":"2010-08-03 H\u00e4r \u00e4r det Lars-Johan Sunnerberg, Svea Larsson och Raendie Andersson som stoppar valsedlar i broschyren. 2010-08-05 Valsedelspackningen i full g\u00e5ng hos Kristdemokraterna. Packningsansvarig Lars-Johan Sunnerberg och Barbro Andersson startade redan p\u00e5 morgonen kl 08.00 med att blada i valsedlar som ska g\u00e5 ut till alla hush\u00e5ll i Motala kommun. Sigvard P\u00e5lsson plockar ihop valsedlar Read More","og_url":"https:\/\/wp.kristdemokraterna.se\/motala\/valet2010\/valsedelspackning-ar-i-full-gang\/","og_site_name":"Kristdemokraterna i Motala","article_modified_time":"2015-04-08T09:46:48+00:00","og_image":[{"url":"http:\/\/wp.kristdemokraterna.se\/motala\/files\/2010\/08\/2010-08-03_bildstartsida.jpg","type":"","width":"","height":""}],"twitter_card":"summary_large_image","schema":{"@context":"https:\/\/schema.org","@graph":[{"@type":"WebPage","@id":"https:\/\/wp.kristdemokraterna.se\/motala\/valet2010\/valsedelspackning-ar-i-full-gang\/","url":"https:\/\/wp.kristdemokraterna.se\/motala\/valet2010\/valsedelspackning-ar-i-full-gang\/","name":"Valsedelspackning \u00e4r i full g\u00e5ng - Kristdemokraterna i Motala","isPartOf":{"@id":"https:\/\/wp.kristdemokraterna.se\/motala\/#website"},"primaryImageOfPage":{"@id":"https:\/\/wp.kristdemokraterna.se\/motala\/valet2010\/valsedelspackning-ar-i-full-gang\/#primaryimage"},"image":{"@id":"https:\/\/wp.kristdemokraterna.se\/motala\/valet2010\/valsedelspackning-ar-i-full-gang\/#primaryimage"},"thumbnailUrl":"http:\/\/wp.kristdemokraterna.se\/motala\/files\/2010\/08\/2010-08-03_bildstartsida.jpg","datePublished":"2010-08-04T18:47:27+00:00","dateModified":"2015-04-08T09:46:48+00:00","breadcrumb":{"@id":"https:\/\/wp.kristdemokraterna.se\/motala\/valet2010\/valsedelspackning-ar-i-full-gang\/#breadcrumb"},"inLanguage":"sv-SE","potentialAction":[{"@type":"ReadAction","target":["https:\/\/wp.kristdemokraterna.se\/motala\/valet2010\/valsedelspackning-ar-i-full-gang\/"]}]},{"@type":"ImageObject","inLanguage":"sv-SE","@id":"https:\/\/wp.kristdemokraterna.se\/motala\/valet2010\/valsedelspackning-ar-i-full-gang\/#primaryimage","url":"https:\/\/wp.kristdemokraterna.se\/motala\/files\/2010\/08\/2010-08-03_bildstartsida.jpg","contentUrl":"https:\/\/wp.kristdemokraterna.se\/motala\/files\/2010\/08\/2010-08-03_bildstartsida.jpg","width":392,"height":294},{"@type":"BreadcrumbList","@id":"https:\/\/wp.kristdemokraterna.se\/motala\/valet2010\/valsedelspackning-ar-i-full-gang\/#breadcrumb","itemListElement":[{"@type":"ListItem","position":1,"name":"Hem","item":"https:\/\/wp.kristdemokraterna.se\/motala\/"},{"@type":"ListItem","position":2,"name":"Valet 19 sept 2010","item":"https:\/\/wp.kristdemokraterna.se\/motala\/valet2010\/"},{"@type":"ListItem","position":3,"name":"Valsedelspackning \u00e4r i full g\u00e5ng"}]},{"@type":"WebSite","@id":"https:\/\/wp.kristdemokraterna.se\/motala\/#website","url":"https:\/\/wp.kristdemokraterna.se\/motala\/","name":"Kristdemokraterna i Motala","description":"Kristdemokraterna","inLanguage":"sv-SE"}]}},"_links":{"self":[{"href":"https:\/\/wp.kristdemokraterna.se\/motala\/wp-json\/wp\/v2\/pages\/930","targetHints":{"allow":["GET"]}}],"collection":[{"href":"https:\/\/wp.kristdemokraterna.se\/motala\/wp-json\/wp\/v2\/pages"}],"about":[{"href":"https:\/\/wp.kristdemokraterna.se\/motala\/wp-json\/wp\/v2\/types\/page"}],"author":[{"embeddable":true,"href":"https:\/\/wp.kristdemokraterna.se\/motala\/wp-json\/wp\/v2\/users\/686"}],"replies":[{"embeddable":true,"href":"https:\/\/wp.kristdemokraterna.se\/motala\/wp-json\/wp\/v2\/comments?post=930"}],"version-history":[{"count":7,"href":"https:\/\/wp.kristdemokraterna.se\/motala\/wp-json\/wp\/v2\/pages\/930\/revisions"}],"predecessor-version":[{"id":932,"href":"https:\/\/wp.kristdemokraterna.se\/motala\/wp-json\/wp\/v2\/pages\/930\/revisions\/932"}],"up":[{"embeddable":true,"href":"https:\/\/wp.kristdemokraterna.se\/motala\/wp-json\/wp\/v2\/pages\/538"}],"wp:attachment":[{"href":"https:\/\/wp.kristdemokraterna.se\/motala\/wp-json\/wp\/v2\/media?parent=930"}],"curies":[{"name":"wp","href":"https:\/\/api.w.org\/{rel}","templated":true}]}}