{"id":653,"date":"2025-11-23T22:44:12","date_gmt":"2025-11-23T21:44:12","guid":{"rendered":"https:\/\/wp.kristdemokraterna.se\/munkedal\/?page_id=653"},"modified":"2025-11-23T22:44:12","modified_gmt":"2025-11-23T21:44:12","slug":"transporter-sjalvklart","status":"publish","type":"page","link":"https:\/\/wp.kristdemokraterna.se\/munkedal\/i-kommunen\/transporter-sjalvklart\/","title":{"rendered":"Transporter &#8211; sj\u00e4lvklart!"},"content":{"rendered":"<h3 id=\"h-Framtidensfordon\" class=\"font-heading-3\"><strong>Framtidens transporter i Munkedal?<\/strong><\/h3>\n<p class=\"font-normal\">S\u00e4g n\u00e5got som f\u00f6r\u00e4ndrat v\u00e5rt s\u00e4tt att f\u00f6rflytta oss. Vi b\u00f6rjar l\u00e4tt med h\u00e4st, bil, t\u00e5g, flyg, Segway och listan blir v\u00e4ldigt l\u00e5ng. Likv\u00e4l A-traktorn som en svensk f\u00f6reg\u00e5ngare till Mopedbilen, \u00e4ven om den startade som en id\u00e9 om en billig traktor i jordbruket. \u00c4r ett redskap f\u00f6r frihet, tillg\u00e4nglighet och r\u00e4ckvidd som transportslag.<\/p>\n<p>\u00c4r det inte dags att f\u00e5 till b\u00e4ttre f\u00f6rbindelser, igen f\u00f6r v\u00e5r del. B\u00e5de bil, lastbil, godst\u00e5g, liksom kollektiva trafikslag som buss och pendelt\u00e5g beh\u00f6vs \u00e4ven i framtiden. D\u00e4rf\u00f6r tycker vi att det \u00e4r en v\u00e4ldigt bra id\u00e9 med att skapa m\u00f6jligheter f\u00f6r arbetspendling i hela kommunen.<\/p>\n<p><a href=\"http:\/\/wp.kristdemokraterna.se\/munkedal\/files\/2025\/11\/img_5816-scaled.jpg\"><img loading=\"lazy\" decoding=\"async\" class=\"aligncenter wp-image-654 size-full\" src=\"http:\/\/wp.kristdemokraterna.se\/munkedal\/files\/2025\/11\/img_5816-scaled-e1763934167903.jpg\" alt=\"\" width=\"2103\" height=\"1114\" srcset=\"https:\/\/wp.kristdemokraterna.se\/munkedal\/files\/2025\/11\/img_5816-scaled-e1763934167903.jpg 2103w, https:\/\/wp.kristdemokraterna.se\/munkedal\/files\/2025\/11\/img_5816-scaled-e1763934167903-300x159.jpg 300w, https:\/\/wp.kristdemokraterna.se\/munkedal\/files\/2025\/11\/img_5816-scaled-e1763934167903-1024x542.jpg 1024w, https:\/\/wp.kristdemokraterna.se\/munkedal\/files\/2025\/11\/img_5816-scaled-e1763934167903-768x407.jpg 768w, https:\/\/wp.kristdemokraterna.se\/munkedal\/files\/2025\/11\/img_5816-scaled-e1763934167903-1536x814.jpg 1536w, https:\/\/wp.kristdemokraterna.se\/munkedal\/files\/2025\/11\/img_5816-scaled-e1763934167903-2048x1085.jpg 2048w, https:\/\/wp.kristdemokraterna.se\/munkedal\/files\/2025\/11\/img_5816-scaled-e1763934167903-370x196.jpg 370w, https:\/\/wp.kristdemokraterna.se\/munkedal\/files\/2025\/11\/img_5816-scaled-e1763934167903-770x408.jpg 770w, https:\/\/wp.kristdemokraterna.se\/munkedal\/files\/2025\/11\/img_5816-scaled-e1763934167903-450x238.jpg 450w, https:\/\/wp.kristdemokraterna.se\/munkedal\/files\/2025\/11\/img_5816-scaled-e1763934167903-280x148.jpg 280w, https:\/\/wp.kristdemokraterna.se\/munkedal\/files\/2025\/11\/img_5816-scaled-e1763934167903-340x180.jpg 340w, https:\/\/wp.kristdemokraterna.se\/munkedal\/files\/2025\/11\/img_5816-scaled-e1763934167903-200x106.jpg 200w, https:\/\/wp.kristdemokraterna.se\/munkedal\/files\/2025\/11\/img_5816-scaled-e1763934167903-106x56.jpg 106w\" sizes=\"auto, (max-width: 2103px) 100vw, 2103px\" \/><\/a><\/p>\n","protected":false},"excerpt":{"rendered":"<p>Framtidens transporter i Munkedal? S\u00e4g n\u00e5got som f\u00f6r\u00e4ndrat v\u00e5rt s\u00e4tt att f\u00f6rflytta oss. Vi b\u00f6rjar l\u00e4tt med h\u00e4st, bil, t\u00e5g, flyg, Segway och listan blir v\u00e4ldigt l\u00e5ng. Likv\u00e4l A-traktorn som en svensk f\u00f6reg\u00e5ngare till Mopedbilen, \u00e4ven om den startade som en id\u00e9 om en billig traktor i jordbruket. \u00c4r ett redskap f\u00f6r frihet, tillg\u00e4nglighet och <a class=\"read-more-link\" href=\"https:\/\/wp.kristdemokraterna.se\/munkedal\/i-kommunen\/transporter-sjalvklart\/\">Read More<\/a><\/p>\n","protected":false},"author":801,"featured_media":0,"parent":40,"menu_order":0,"comment_status":"closed","ping_status":"closed","template":"","meta":{"_acf_changed":false,"footnotes":""},"class_list":["post-653","page","type-page","status-publish","hentry"],"acf":[],"yoast_head":"<!-- This site is optimized with the Yoast SEO plugin v27.4 - https:\/\/yoast.com\/product\/yoast-seo-wordpress\/ -->\n<title>Transporter - sj\u00e4lvklart! - Kristdemokraterna i Munkedal<\/title>\n<meta name=\"robots\" content=\"index, follow, max-snippet:-1, max-image-preview:large, max-video-preview:-1\" \/>\n<link rel=\"canonical\" href=\"https:\/\/wp.kristdemokraterna.se\/munkedal\/i-kommunen\/transporter-sjalvklart\/\" \/>\n<meta property=\"og:locale\" content=\"sv_SE\" \/>\n<meta property=\"og:type\" content=\"article\" \/>\n<meta property=\"og:title\" content=\"Transporter - sj\u00e4lvklart! - Kristdemokraterna i Munkedal\" \/>\n<meta property=\"og:description\" content=\"Framtidens transporter i Munkedal? S\u00e4g n\u00e5got som f\u00f6r\u00e4ndrat v\u00e5rt s\u00e4tt att f\u00f6rflytta oss. Vi b\u00f6rjar l\u00e4tt med h\u00e4st, bil, t\u00e5g, flyg, Segway och listan blir v\u00e4ldigt l\u00e5ng. Likv\u00e4l A-traktorn som en svensk f\u00f6reg\u00e5ngare till Mopedbilen, \u00e4ven om den startade som en id\u00e9 om en billig traktor i jordbruket. \u00c4r ett redskap f\u00f6r frihet, tillg\u00e4nglighet och Read More\" \/>\n<meta property=\"og:url\" content=\"https:\/\/wp.kristdemokraterna.se\/munkedal\/i-kommunen\/transporter-sjalvklart\/\" \/>\n<meta property=\"og:site_name\" content=\"Kristdemokraterna i Munkedal\" \/>\n<meta property=\"og:image\" content=\"https:\/\/wp.kristdemokraterna.se\/munkedal\/files\/2025\/11\/img_5816-scaled-e1763934167903-1024x542.jpg\" \/>\n\t<meta property=\"og:image:width\" content=\"1024\" \/>\n\t<meta property=\"og:image:height\" content=\"542\" \/>\n\t<meta property=\"og:image:type\" content=\"image\/jpeg\" \/>\n<meta name=\"twitter:card\" content=\"summary_large_image\" \/>\n<meta name=\"twitter:label1\" content=\"Ber\u00e4knad l\u00e4stid\" \/>\n\t<meta name=\"twitter:data1\" content=\"1 minut\" \/>\n<script type=\"application\/ld+json\" class=\"yoast-schema-graph\">{\"@context\":\"https:\\\/\\\/schema.org\",\"@graph\":[{\"@type\":\"WebPage\",\"@id\":\"https:\\\/\\\/wp.kristdemokraterna.se\\\/munkedal\\\/i-kommunen\\\/transporter-sjalvklart\\\/\",\"url\":\"https:\\\/\\\/wp.kristdemokraterna.se\\\/munkedal\\\/i-kommunen\\\/transporter-sjalvklart\\\/\",\"name\":\"Transporter - sj\u00e4lvklart! - Kristdemokraterna i Munkedal\",\"isPartOf\":{\"@id\":\"https:\\\/\\\/wp.kristdemokraterna.se\\\/munkedal\\\/#website\"},\"primaryImageOfPage\":{\"@id\":\"https:\\\/\\\/wp.kristdemokraterna.se\\\/munkedal\\\/i-kommunen\\\/transporter-sjalvklart\\\/#primaryimage\"},\"image\":{\"@id\":\"https:\\\/\\\/wp.kristdemokraterna.se\\\/munkedal\\\/i-kommunen\\\/transporter-sjalvklart\\\/#primaryimage\"},\"thumbnailUrl\":\"http:\\\/\\\/wp.kristdemokraterna.se\\\/munkedal\\\/files\\\/2025\\\/11\\\/img_5816-scaled-e1763934167903.jpg\",\"datePublished\":\"2025-11-23T21:44:12+00:00\",\"breadcrumb\":{\"@id\":\"https:\\\/\\\/wp.kristdemokraterna.se\\\/munkedal\\\/i-kommunen\\\/transporter-sjalvklart\\\/#breadcrumb\"},\"inLanguage\":\"sv-SE\",\"potentialAction\":[{\"@type\":\"ReadAction\",\"target\":[\"https:\\\/\\\/wp.kristdemokraterna.se\\\/munkedal\\\/i-kommunen\\\/transporter-sjalvklart\\\/\"]}]},{\"@type\":\"ImageObject\",\"inLanguage\":\"sv-SE\",\"@id\":\"https:\\\/\\\/wp.kristdemokraterna.se\\\/munkedal\\\/i-kommunen\\\/transporter-sjalvklart\\\/#primaryimage\",\"url\":\"https:\\\/\\\/wp.kristdemokraterna.se\\\/munkedal\\\/files\\\/2025\\\/11\\\/img_5816-scaled-e1763934167903.jpg\",\"contentUrl\":\"https:\\\/\\\/wp.kristdemokraterna.se\\\/munkedal\\\/files\\\/2025\\\/11\\\/img_5816-scaled-e1763934167903.jpg\",\"width\":2103,\"height\":1114},{\"@type\":\"BreadcrumbList\",\"@id\":\"https:\\\/\\\/wp.kristdemokraterna.se\\\/munkedal\\\/i-kommunen\\\/transporter-sjalvklart\\\/#breadcrumb\",\"itemListElement\":[{\"@type\":\"ListItem\",\"position\":1,\"name\":\"Hem\",\"item\":\"https:\\\/\\\/wp.kristdemokraterna.se\\\/munkedal\\\/\"},{\"@type\":\"ListItem\",\"position\":2,\"name\":\"Kommunen\",\"item\":\"https:\\\/\\\/wp.kristdemokraterna.se\\\/munkedal\\\/i-kommunen\\\/\"},{\"@type\":\"ListItem\",\"position\":3,\"name\":\"Transporter &#8211; sj\u00e4lvklart!\"}]},{\"@type\":\"WebSite\",\"@id\":\"https:\\\/\\\/wp.kristdemokraterna.se\\\/munkedal\\\/#website\",\"url\":\"https:\\\/\\\/wp.kristdemokraterna.se\\\/munkedal\\\/\",\"name\":\"Kristdemokraterna i Munkedal\",\"description\":\"Hand i hand f\u00f6r framtiden\",\"inLanguage\":\"sv-SE\"}]}<\/script>\n<!-- \/ Yoast SEO plugin. -->","yoast_head_json":{"title":"Transporter - sj\u00e4lvklart! - Kristdemokraterna i Munkedal","robots":{"index":"index","follow":"follow","max-snippet":"max-snippet:-1","max-image-preview":"max-image-preview:large","max-video-preview":"max-video-preview:-1"},"canonical":"https:\/\/wp.kristdemokraterna.se\/munkedal\/i-kommunen\/transporter-sjalvklart\/","og_locale":"sv_SE","og_type":"article","og_title":"Transporter - sj\u00e4lvklart! - Kristdemokraterna i Munkedal","og_description":"Framtidens transporter i Munkedal? S\u00e4g n\u00e5got som f\u00f6r\u00e4ndrat v\u00e5rt s\u00e4tt att f\u00f6rflytta oss. Vi b\u00f6rjar l\u00e4tt med h\u00e4st, bil, t\u00e5g, flyg, Segway och listan blir v\u00e4ldigt l\u00e5ng. Likv\u00e4l A-traktorn som en svensk f\u00f6reg\u00e5ngare till Mopedbilen, \u00e4ven om den startade som en id\u00e9 om en billig traktor i jordbruket. \u00c4r ett redskap f\u00f6r frihet, tillg\u00e4nglighet och Read More","og_url":"https:\/\/wp.kristdemokraterna.se\/munkedal\/i-kommunen\/transporter-sjalvklart\/","og_site_name":"Kristdemokraterna i Munkedal","og_image":[{"width":1024,"height":542,"url":"https:\/\/wp.kristdemokraterna.se\/munkedal\/files\/2025\/11\/img_5816-scaled-e1763934167903-1024x542.jpg","type":"image\/jpeg"}],"twitter_card":"summary_large_image","twitter_misc":{"Ber\u00e4knad l\u00e4stid":"1 minut"},"schema":{"@context":"https:\/\/schema.org","@graph":[{"@type":"WebPage","@id":"https:\/\/wp.kristdemokraterna.se\/munkedal\/i-kommunen\/transporter-sjalvklart\/","url":"https:\/\/wp.kristdemokraterna.se\/munkedal\/i-kommunen\/transporter-sjalvklart\/","name":"Transporter - sj\u00e4lvklart! - Kristdemokraterna i Munkedal","isPartOf":{"@id":"https:\/\/wp.kristdemokraterna.se\/munkedal\/#website"},"primaryImageOfPage":{"@id":"https:\/\/wp.kristdemokraterna.se\/munkedal\/i-kommunen\/transporter-sjalvklart\/#primaryimage"},"image":{"@id":"https:\/\/wp.kristdemokraterna.se\/munkedal\/i-kommunen\/transporter-sjalvklart\/#primaryimage"},"thumbnailUrl":"http:\/\/wp.kristdemokraterna.se\/munkedal\/files\/2025\/11\/img_5816-scaled-e1763934167903.jpg","datePublished":"2025-11-23T21:44:12+00:00","breadcrumb":{"@id":"https:\/\/wp.kristdemokraterna.se\/munkedal\/i-kommunen\/transporter-sjalvklart\/#breadcrumb"},"inLanguage":"sv-SE","potentialAction":[{"@type":"ReadAction","target":["https:\/\/wp.kristdemokraterna.se\/munkedal\/i-kommunen\/transporter-sjalvklart\/"]}]},{"@type":"ImageObject","inLanguage":"sv-SE","@id":"https:\/\/wp.kristdemokraterna.se\/munkedal\/i-kommunen\/transporter-sjalvklart\/#primaryimage","url":"https:\/\/wp.kristdemokraterna.se\/munkedal\/files\/2025\/11\/img_5816-scaled-e1763934167903.jpg","contentUrl":"https:\/\/wp.kristdemokraterna.se\/munkedal\/files\/2025\/11\/img_5816-scaled-e1763934167903.jpg","width":2103,"height":1114},{"@type":"BreadcrumbList","@id":"https:\/\/wp.kristdemokraterna.se\/munkedal\/i-kommunen\/transporter-sjalvklart\/#breadcrumb","itemListElement":[{"@type":"ListItem","position":1,"name":"Hem","item":"https:\/\/wp.kristdemokraterna.se\/munkedal\/"},{"@type":"ListItem","position":2,"name":"Kommunen","item":"https:\/\/wp.kristdemokraterna.se\/munkedal\/i-kommunen\/"},{"@type":"ListItem","position":3,"name":"Transporter &#8211; sj\u00e4lvklart!"}]},{"@type":"WebSite","@id":"https:\/\/wp.kristdemokraterna.se\/munkedal\/#website","url":"https:\/\/wp.kristdemokraterna.se\/munkedal\/","name":"Kristdemokraterna i Munkedal","description":"Hand i hand f\u00f6r framtiden","inLanguage":"sv-SE"}]}},"_links":{"self":[{"href":"https:\/\/wp.kristdemokraterna.se\/munkedal\/wp-json\/wp\/v2\/pages\/653","targetHints":{"allow":["GET"]}}],"collection":[{"href":"https:\/\/wp.kristdemokraterna.se\/munkedal\/wp-json\/wp\/v2\/pages"}],"about":[{"href":"https:\/\/wp.kristdemokraterna.se\/munkedal\/wp-json\/wp\/v2\/types\/page"}],"author":[{"embeddable":true,"href":"https:\/\/wp.kristdemokraterna.se\/munkedal\/wp-json\/wp\/v2\/users\/801"}],"replies":[{"embeddable":true,"href":"https:\/\/wp.kristdemokraterna.se\/munkedal\/wp-json\/wp\/v2\/comments?post=653"}],"version-history":[{"count":1,"href":"https:\/\/wp.kristdemokraterna.se\/munkedal\/wp-json\/wp\/v2\/pages\/653\/revisions"}],"predecessor-version":[{"id":655,"href":"https:\/\/wp.kristdemokraterna.se\/munkedal\/wp-json\/wp\/v2\/pages\/653\/revisions\/655"}],"up":[{"embeddable":true,"href":"https:\/\/wp.kristdemokraterna.se\/munkedal\/wp-json\/wp\/v2\/pages\/40"}],"wp:attachment":[{"href":"https:\/\/wp.kristdemokraterna.se\/munkedal\/wp-json\/wp\/v2\/media?parent=653"}],"curies":[{"name":"wp","href":"https:\/\/api.w.org\/{rel}","templated":true}]}}