{"id":89,"date":"2020-02-14T10:43:11","date_gmt":"2020-02-14T09:43:11","guid":{"rendered":"http:\/\/wp.kristdemokraterna.se\/munkedal\/?page_id=89"},"modified":"2025-11-23T22:06:46","modified_gmt":"2025-11-23T21:06:46","slug":"om-kristdemokraterna","status":"publish","type":"page","link":"https:\/\/wp.kristdemokraterna.se\/munkedal\/styrelsen\/om-kristdemokraterna\/","title":{"rendered":"V\u00e5rt parti, Kristdemokraterna"},"content":{"rendered":"<p><strong>Kristdemokraterna i Sverige 2025:<\/strong><\/p>\n<p>&#8211; Ca 22 000 medlemmar<br \/>\n&#8211; 26 distrikt. Ett distrikt omfattar oftast ett l\u00e4n<br \/>\n&#8211; 19 riksdagsledam\u00f6ter<\/p>\n<p>I partiet finns ocks\u00e5 ett kvinnof\u00f6rbund, ungdomsf\u00f6rbund, studentf\u00f6rbund, seniorf\u00f6rbund, bondef\u00f6rbund (ja du l\u00e4ste r\u00e4tt!) och KIC &#8211; Kristdemokratiskt Internationellt Center.<\/p>\n<p><strong>Ytterligare statistik och information:<\/strong><\/p>\n<p>&#8211; Kristdemokraterna i Sverige bildades 1964<br \/>\n&#8211; Alf Svensson var partiledare mellan \u00e5ren 1973-2004<br \/>\n&#8211; G\u00f6ran H\u00e4gglund var partiledare fr\u00e5n april 2004 till januari 2015<br \/>\n&#8211; Ebba Busch Thor valdes till partiledare den 25 april 2015<br \/>\n&#8211; I det senaste riksdagsvalet fick Kristdemokraterna 5,34 % av r\u00f6sterna<\/p>\n<p>Kristdemokraterna kom in i Riksdagen f\u00f6r f\u00f6rsta g\u00e5ngen 1985. D\u00e5 var partiledaren Alf Svensson ensam riksdagsledamot f\u00f6r Kristdemokraterna. 1991 &#8211; 1994 satt Kristdemokraterna i regeringen tillsammans med Moderaterna, Folkpartiet och Centern. Mandatperioderna 2006-2010 och 2010-2014 hade Kristdemokraterna regeringsmakten tillsammans med Moderaterna, Folkpartiet och Centern under namnet Alliansen. Under senaste mandatperiodien var G\u00f6ran H\u00e4gglund socialminister med ansvar f\u00f6r bland annat familjepolitik. Maria Larsson \u00e4ldre- och folkh\u00e4lsominister och Stefan Attefall Civil- och bostadsminister.<\/p>\n<p>Kristdemokraterna har 757 kommunfullm\u00e4ktigeledam\u00f6ter vilket \u00e4r en \u00f6kning med 81 ledam\u00f6ter. Kristdemokraterna finns med i 261 av landets 290 kommuner varav 9 \u00e4r kommuner som vi tidigare saknade representation i.<\/p>\n<p>Kristdemokraterna \u00e4r representerat i Europaparlamentet med en ledamot: Alice Teodorescu M\u00e5we. I EU-valet 2024 fick partiet valresultatet 5,71 procent. P\u00e5 europeisk niv\u00e5 utg\u00f6r Kristdemokraterna en del av EPP \u2013 European People\u2019s Party \u2013 en sammanslutning av kristdemokratiska partier i Europa. EPP \u00e4r den st\u00f6rsta partigruppen i Europaparlamentet.<\/p>\n<p><a href=\"http:\/\/wp.kristdemokraterna.se\/munkedal\/files\/2025\/11\/x1000w-notified-battur.jpeg\"><img loading=\"lazy\" decoding=\"async\" class=\"alignnone wp-image-606\" src=\"http:\/\/wp.kristdemokraterna.se\/munkedal\/files\/2025\/11\/x1000w-notified-battur-300x169.jpeg\" alt=\"\" width=\"405\" height=\"228\" srcset=\"https:\/\/wp.kristdemokraterna.se\/munkedal\/files\/2025\/11\/x1000w-notified-battur-300x169.jpeg 300w, https:\/\/wp.kristdemokraterna.se\/munkedal\/files\/2025\/11\/x1000w-notified-battur-768x432.jpeg 768w, https:\/\/wp.kristdemokraterna.se\/munkedal\/files\/2025\/11\/x1000w-notified-battur-355x200.jpeg 355w, https:\/\/wp.kristdemokraterna.se\/munkedal\/files\/2025\/11\/x1000w-notified-battur-370x208.jpeg 370w, https:\/\/wp.kristdemokraterna.se\/munkedal\/files\/2025\/11\/x1000w-notified-battur-770x434.jpeg 770w, https:\/\/wp.kristdemokraterna.se\/munkedal\/files\/2025\/11\/x1000w-notified-battur-450x253.jpeg 450w, https:\/\/wp.kristdemokraterna.se\/munkedal\/files\/2025\/11\/x1000w-notified-battur-280x158.jpeg 280w, https:\/\/wp.kristdemokraterna.se\/munkedal\/files\/2025\/11\/x1000w-notified-battur-340x191.jpeg 340w, https:\/\/wp.kristdemokraterna.se\/munkedal\/files\/2025\/11\/x1000w-notified-battur-200x113.jpeg 200w, https:\/\/wp.kristdemokraterna.se\/munkedal\/files\/2025\/11\/x1000w-notified-battur-99x56.jpeg 99w, https:\/\/wp.kristdemokraterna.se\/munkedal\/files\/2025\/11\/x1000w-notified-battur.jpeg 1000w\" sizes=\"auto, (max-width: 405px) 100vw, 405px\" \/><\/a><\/p>\n","protected":false},"excerpt":{"rendered":"<p>Kristdemokraterna i Sverige 2025: &#8211; Ca 22 000 medlemmar &#8211; 26 distrikt. Ett distrikt omfattar oftast ett l\u00e4n &#8211; 19 riksdagsledam\u00f6ter I partiet finns ocks\u00e5 ett kvinnof\u00f6rbund, ungdomsf\u00f6rbund, studentf\u00f6rbund, seniorf\u00f6rbund, bondef\u00f6rbund (ja du l\u00e4ste r\u00e4tt!) och KIC &#8211; Kristdemokratiskt Internationellt Center. Ytterligare statistik och information: &#8211; Kristdemokraterna i Sverige bildades 1964 &#8211; Alf Svensson var <a class=\"read-more-link\" href=\"https:\/\/wp.kristdemokraterna.se\/munkedal\/styrelsen\/om-kristdemokraterna\/\">Read More<\/a><\/p>\n","protected":false},"author":801,"featured_media":0,"parent":31,"menu_order":8,"comment_status":"closed","ping_status":"closed","template":"","meta":{"_acf_changed":false,"footnotes":""},"class_list":["post-89","page","type-page","status-publish","hentry"],"acf":[],"yoast_head":"<!-- This site is optimized with the Yoast SEO plugin v27.4 - https:\/\/yoast.com\/product\/yoast-seo-wordpress\/ -->\n<title>V\u00e5rt parti, Kristdemokraterna - Kristdemokraterna i Munkedal<\/title>\n<meta name=\"robots\" content=\"index, follow, max-snippet:-1, max-image-preview:large, max-video-preview:-1\" \/>\n<link rel=\"canonical\" href=\"https:\/\/wp.kristdemokraterna.se\/munkedal\/styrelsen\/om-kristdemokraterna\/\" \/>\n<meta property=\"og:locale\" content=\"sv_SE\" \/>\n<meta property=\"og:type\" content=\"article\" \/>\n<meta property=\"og:title\" content=\"V\u00e5rt parti, Kristdemokraterna - Kristdemokraterna i Munkedal\" \/>\n<meta property=\"og:description\" content=\"Kristdemokraterna i Sverige 2025: &#8211; Ca 22 000 medlemmar &#8211; 26 distrikt. Ett distrikt omfattar oftast ett l\u00e4n &#8211; 19 riksdagsledam\u00f6ter I partiet finns ocks\u00e5 ett kvinnof\u00f6rbund, ungdomsf\u00f6rbund, studentf\u00f6rbund, seniorf\u00f6rbund, bondef\u00f6rbund (ja du l\u00e4ste r\u00e4tt!) och KIC &#8211; Kristdemokratiskt Internationellt Center. Ytterligare statistik och information: &#8211; Kristdemokraterna i Sverige bildades 1964 &#8211; Alf Svensson var Read More\" \/>\n<meta property=\"og:url\" content=\"https:\/\/wp.kristdemokraterna.se\/munkedal\/styrelsen\/om-kristdemokraterna\/\" \/>\n<meta property=\"og:site_name\" content=\"Kristdemokraterna i Munkedal\" \/>\n<meta property=\"article:modified_time\" content=\"2025-11-23T21:06:46+00:00\" \/>\n<meta property=\"og:image\" content=\"https:\/\/wp.kristdemokraterna.se\/munkedal\/files\/2025\/11\/x1000w-notified-battur.jpeg\" \/>\n\t<meta property=\"og:image:width\" content=\"1000\" \/>\n\t<meta property=\"og:image:height\" content=\"563\" \/>\n\t<meta property=\"og:image:type\" content=\"image\/jpeg\" \/>\n<meta name=\"twitter:card\" content=\"summary_large_image\" \/>\n<meta name=\"twitter:label1\" content=\"Ber\u00e4knad l\u00e4stid\" \/>\n\t<meta name=\"twitter:data1\" content=\"2 minuter\" \/>\n<script type=\"application\/ld+json\" class=\"yoast-schema-graph\">{\"@context\":\"https:\\\/\\\/schema.org\",\"@graph\":[{\"@type\":\"WebPage\",\"@id\":\"https:\\\/\\\/wp.kristdemokraterna.se\\\/munkedal\\\/styrelsen\\\/om-kristdemokraterna\\\/\",\"url\":\"https:\\\/\\\/wp.kristdemokraterna.se\\\/munkedal\\\/styrelsen\\\/om-kristdemokraterna\\\/\",\"name\":\"V\u00e5rt parti, Kristdemokraterna - Kristdemokraterna i Munkedal\",\"isPartOf\":{\"@id\":\"https:\\\/\\\/wp.kristdemokraterna.se\\\/munkedal\\\/#website\"},\"primaryImageOfPage\":{\"@id\":\"https:\\\/\\\/wp.kristdemokraterna.se\\\/munkedal\\\/styrelsen\\\/om-kristdemokraterna\\\/#primaryimage\"},\"image\":{\"@id\":\"https:\\\/\\\/wp.kristdemokraterna.se\\\/munkedal\\\/styrelsen\\\/om-kristdemokraterna\\\/#primaryimage\"},\"thumbnailUrl\":\"http:\\\/\\\/wp.kristdemokraterna.se\\\/munkedal\\\/files\\\/2025\\\/11\\\/x1000w-notified-battur-300x169.jpeg\",\"datePublished\":\"2020-02-14T09:43:11+00:00\",\"dateModified\":\"2025-11-23T21:06:46+00:00\",\"breadcrumb\":{\"@id\":\"https:\\\/\\\/wp.kristdemokraterna.se\\\/munkedal\\\/styrelsen\\\/om-kristdemokraterna\\\/#breadcrumb\"},\"inLanguage\":\"sv-SE\",\"potentialAction\":[{\"@type\":\"ReadAction\",\"target\":[\"https:\\\/\\\/wp.kristdemokraterna.se\\\/munkedal\\\/styrelsen\\\/om-kristdemokraterna\\\/\"]}]},{\"@type\":\"ImageObject\",\"inLanguage\":\"sv-SE\",\"@id\":\"https:\\\/\\\/wp.kristdemokraterna.se\\\/munkedal\\\/styrelsen\\\/om-kristdemokraterna\\\/#primaryimage\",\"url\":\"https:\\\/\\\/wp.kristdemokraterna.se\\\/munkedal\\\/files\\\/2025\\\/11\\\/x1000w-notified-battur.jpeg\",\"contentUrl\":\"https:\\\/\\\/wp.kristdemokraterna.se\\\/munkedal\\\/files\\\/2025\\\/11\\\/x1000w-notified-battur.jpeg\",\"width\":1000,\"height\":563},{\"@type\":\"BreadcrumbList\",\"@id\":\"https:\\\/\\\/wp.kristdemokraterna.se\\\/munkedal\\\/styrelsen\\\/om-kristdemokraterna\\\/#breadcrumb\",\"itemListElement\":[{\"@type\":\"ListItem\",\"position\":1,\"name\":\"Hem\",\"item\":\"https:\\\/\\\/wp.kristdemokraterna.se\\\/munkedal\\\/\"},{\"@type\":\"ListItem\",\"position\":2,\"name\":\"Om KD Munkedal\",\"item\":\"https:\\\/\\\/wp.kristdemokraterna.se\\\/munkedal\\\/styrelsen\\\/\"},{\"@type\":\"ListItem\",\"position\":3,\"name\":\"V\u00e5rt parti, Kristdemokraterna\"}]},{\"@type\":\"WebSite\",\"@id\":\"https:\\\/\\\/wp.kristdemokraterna.se\\\/munkedal\\\/#website\",\"url\":\"https:\\\/\\\/wp.kristdemokraterna.se\\\/munkedal\\\/\",\"name\":\"Kristdemokraterna i Munkedal\",\"description\":\"Hand i hand f\u00f6r framtiden\",\"inLanguage\":\"sv-SE\"}]}<\/script>\n<!-- \/ Yoast SEO plugin. -->","yoast_head_json":{"title":"V\u00e5rt parti, Kristdemokraterna - Kristdemokraterna i Munkedal","robots":{"index":"index","follow":"follow","max-snippet":"max-snippet:-1","max-image-preview":"max-image-preview:large","max-video-preview":"max-video-preview:-1"},"canonical":"https:\/\/wp.kristdemokraterna.se\/munkedal\/styrelsen\/om-kristdemokraterna\/","og_locale":"sv_SE","og_type":"article","og_title":"V\u00e5rt parti, Kristdemokraterna - Kristdemokraterna i Munkedal","og_description":"Kristdemokraterna i Sverige 2025: &#8211; Ca 22 000 medlemmar &#8211; 26 distrikt. Ett distrikt omfattar oftast ett l\u00e4n &#8211; 19 riksdagsledam\u00f6ter I partiet finns ocks\u00e5 ett kvinnof\u00f6rbund, ungdomsf\u00f6rbund, studentf\u00f6rbund, seniorf\u00f6rbund, bondef\u00f6rbund (ja du l\u00e4ste r\u00e4tt!) och KIC &#8211; Kristdemokratiskt Internationellt Center. Ytterligare statistik och information: &#8211; Kristdemokraterna i Sverige bildades 1964 &#8211; Alf Svensson var Read More","og_url":"https:\/\/wp.kristdemokraterna.se\/munkedal\/styrelsen\/om-kristdemokraterna\/","og_site_name":"Kristdemokraterna i Munkedal","article_modified_time":"2025-11-23T21:06:46+00:00","og_image":[{"width":1000,"height":563,"url":"https:\/\/wp.kristdemokraterna.se\/munkedal\/files\/2025\/11\/x1000w-notified-battur.jpeg","type":"image\/jpeg"}],"twitter_card":"summary_large_image","twitter_misc":{"Ber\u00e4knad l\u00e4stid":"2 minuter"},"schema":{"@context":"https:\/\/schema.org","@graph":[{"@type":"WebPage","@id":"https:\/\/wp.kristdemokraterna.se\/munkedal\/styrelsen\/om-kristdemokraterna\/","url":"https:\/\/wp.kristdemokraterna.se\/munkedal\/styrelsen\/om-kristdemokraterna\/","name":"V\u00e5rt parti, Kristdemokraterna - Kristdemokraterna i Munkedal","isPartOf":{"@id":"https:\/\/wp.kristdemokraterna.se\/munkedal\/#website"},"primaryImageOfPage":{"@id":"https:\/\/wp.kristdemokraterna.se\/munkedal\/styrelsen\/om-kristdemokraterna\/#primaryimage"},"image":{"@id":"https:\/\/wp.kristdemokraterna.se\/munkedal\/styrelsen\/om-kristdemokraterna\/#primaryimage"},"thumbnailUrl":"http:\/\/wp.kristdemokraterna.se\/munkedal\/files\/2025\/11\/x1000w-notified-battur-300x169.jpeg","datePublished":"2020-02-14T09:43:11+00:00","dateModified":"2025-11-23T21:06:46+00:00","breadcrumb":{"@id":"https:\/\/wp.kristdemokraterna.se\/munkedal\/styrelsen\/om-kristdemokraterna\/#breadcrumb"},"inLanguage":"sv-SE","potentialAction":[{"@type":"ReadAction","target":["https:\/\/wp.kristdemokraterna.se\/munkedal\/styrelsen\/om-kristdemokraterna\/"]}]},{"@type":"ImageObject","inLanguage":"sv-SE","@id":"https:\/\/wp.kristdemokraterna.se\/munkedal\/styrelsen\/om-kristdemokraterna\/#primaryimage","url":"https:\/\/wp.kristdemokraterna.se\/munkedal\/files\/2025\/11\/x1000w-notified-battur.jpeg","contentUrl":"https:\/\/wp.kristdemokraterna.se\/munkedal\/files\/2025\/11\/x1000w-notified-battur.jpeg","width":1000,"height":563},{"@type":"BreadcrumbList","@id":"https:\/\/wp.kristdemokraterna.se\/munkedal\/styrelsen\/om-kristdemokraterna\/#breadcrumb","itemListElement":[{"@type":"ListItem","position":1,"name":"Hem","item":"https:\/\/wp.kristdemokraterna.se\/munkedal\/"},{"@type":"ListItem","position":2,"name":"Om KD Munkedal","item":"https:\/\/wp.kristdemokraterna.se\/munkedal\/styrelsen\/"},{"@type":"ListItem","position":3,"name":"V\u00e5rt parti, Kristdemokraterna"}]},{"@type":"WebSite","@id":"https:\/\/wp.kristdemokraterna.se\/munkedal\/#website","url":"https:\/\/wp.kristdemokraterna.se\/munkedal\/","name":"Kristdemokraterna i Munkedal","description":"Hand i hand f\u00f6r framtiden","inLanguage":"sv-SE"}]}},"_links":{"self":[{"href":"https:\/\/wp.kristdemokraterna.se\/munkedal\/wp-json\/wp\/v2\/pages\/89","targetHints":{"allow":["GET"]}}],"collection":[{"href":"https:\/\/wp.kristdemokraterna.se\/munkedal\/wp-json\/wp\/v2\/pages"}],"about":[{"href":"https:\/\/wp.kristdemokraterna.se\/munkedal\/wp-json\/wp\/v2\/types\/page"}],"author":[{"embeddable":true,"href":"https:\/\/wp.kristdemokraterna.se\/munkedal\/wp-json\/wp\/v2\/users\/801"}],"replies":[{"embeddable":true,"href":"https:\/\/wp.kristdemokraterna.se\/munkedal\/wp-json\/wp\/v2\/comments?post=89"}],"version-history":[{"count":18,"href":"https:\/\/wp.kristdemokraterna.se\/munkedal\/wp-json\/wp\/v2\/pages\/89\/revisions"}],"predecessor-version":[{"id":650,"href":"https:\/\/wp.kristdemokraterna.se\/munkedal\/wp-json\/wp\/v2\/pages\/89\/revisions\/650"}],"up":[{"embeddable":true,"href":"https:\/\/wp.kristdemokraterna.se\/munkedal\/wp-json\/wp\/v2\/pages\/31"}],"wp:attachment":[{"href":"https:\/\/wp.kristdemokraterna.se\/munkedal\/wp-json\/wp\/v2\/media?parent=89"}],"curies":[{"name":"wp","href":"https:\/\/api.w.org\/{rel}","templated":true}]}}