{"version":"1.0","provider_name":"Kristdemokraterna i Nacka","provider_url":"https:\/\/wp.kristdemokraterna.se\/nacka","title":"Anders Tiger - Gruppledare - Kristdemokraterna i Nacka","type":"rich","width":600,"height":338,"html":"<blockquote class=\"wp-embedded-content\" data-secret=\"mqKQ5H2OH7\"><a href=\"https:\/\/wp.kristdemokraterna.se\/nacka\/anders-tiger-gruppledare\/\">Anders Tiger &#8211; Gruppledare<\/a><\/blockquote><iframe sandbox=\"allow-scripts\" security=\"restricted\" src=\"https:\/\/wp.kristdemokraterna.se\/nacka\/anders-tiger-gruppledare\/embed\/#?secret=mqKQ5H2OH7\" width=\"600\" height=\"338\" title=\"\u201dAnders Tiger &#8211; Gruppledare\u201d &ndash; Kristdemokraterna i Nacka\" data-secret=\"mqKQ5H2OH7\" frameborder=\"0\" marginwidth=\"0\" marginheight=\"0\" scrolling=\"no\" class=\"wp-embedded-content\"><\/iframe><script type=\"text\/javascript\">\n\/* <![CDATA[ *\/\n\/*! This file is auto-generated *\/\n!function(d,l){\"use strict\";l.querySelector&&d.addEventListener&&\"undefined\"!=typeof URL&&(d.wp=d.wp||{},d.wp.receiveEmbedMessage||(d.wp.receiveEmbedMessage=function(e){var t=e.data;if((t||t.secret||t.message||t.value)&&!\/[^a-zA-Z0-9]\/.test(t.secret)){for(var s,r,n,a=l.querySelectorAll('iframe[data-secret=\"'+t.secret+'\"]'),o=l.querySelectorAll('blockquote[data-secret=\"'+t.secret+'\"]'),c=new RegExp(\"^https?:$\",\"i\"),i=0;i<o.length;i++)o[i].style.display=\"none\";for(i=0;i<a.length;i++)s=a[i],e.source===s.contentWindow&&(s.removeAttribute(\"style\"),\"height\"===t.message?(1e3<(r=parseInt(t.value,10))?r=1e3:~~r<200&&(r=200),s.height=r):\"link\"===t.message&&(r=new URL(s.getAttribute(\"src\")),n=new URL(t.value),c.test(n.protocol))&&n.host===r.host&&l.activeElement===s&&(d.top.location.href=t.value))}},d.addEventListener(\"message\",d.wp.receiveEmbedMessage,!1),l.addEventListener(\"DOMContentLoaded\",function(){for(var e,t,s=l.querySelectorAll(\"iframe.wp-embedded-content\"),r=0;r<s.length;r++)(t=(e=s[r]).getAttribute(\"data-secret\"))||(t=Math.random().toString(36).substring(2,12),e.src+=\"#?secret=\"+t,e.setAttribute(\"data-secret\",t)),e.contentWindow.postMessage({message:\"ready\",secret:t},\"*\")},!1)))}(window,document);\n\/\/# sourceURL=https:\/\/wp.kristdemokraterna.se\/nacka\/wp-includes\/js\/wp-embed.min.js\n\/* ]]> *\/\n<\/script>\n","description":"Namn: Anders Tiger \u00c5lder: 72 \u00e5r Bostadsomr\u00e5de: Alphyddan Politiskt uppdrag: Gruppledare, Ordf\u00f6rande i Val och demokratin\u00e4mnden, Ledamot i milj\u00f6- och stadsbyggnadsn\u00e4mnden Civilt yrke: Journalist, men i min firma ing\u00e5r b\u00e5de journalistik och snickeri Varf\u00f6r \u00e4r du Kristdemokrat: I en komplex v\u00e4rd beh\u00f6vs enkla goda principer som riktningsgivare. Kristdemokraterna styrs av n\u00e5gra s\u00e5dana. Respekten f\u00f6r individen L\u00e4s mer","thumbnail_url":"https:\/\/wp.kristdemokraterna.se\/nacka\/files\/2022\/02\/dsc4935-scaled-e1653033683836.jpg","thumbnail_width":374,"thumbnail_height":562}

Namn: Anders Tiger Ålder: 72 år Bostadsområde: Alphyddan Politiskt uppdrag: Gruppledare, Ordförande i Val och demokratinämnden, Ledamot i miljö- och stadsbyggnadsnämnden Civilt yrke: Journalist, men i min firma ingår både journalistik och snickeri Varför är du Kristdemokrat: I en komplex värd behövs enkla goda principer som riktningsgivare. Kristdemokraterna styrs av några sådana. Respekten för individen Läs mer
