{"id":1410,"date":"2026-03-26T12:51:43","date_gmt":"2026-03-26T11:51:43","guid":{"rendered":"https:\/\/wp.kristdemokraterna.se\/nacka\/?page_id=1410"},"modified":"2026-05-05T19:00:52","modified_gmt":"2026-05-05T17:00:52","slug":"idrott-och-fritid-for-ett-halsosammare-nacka","status":"publish","type":"page","link":"https:\/\/wp.kristdemokraterna.se\/nacka\/idrott-och-fritid-for-ett-halsosammare-nacka\/","title":{"rendered":"Alla barn f\u00f6rtj\u00e4nar en meningsfull fritid"},"content":{"rendered":"<p class=\"font-claude-response-body break-words whitespace-normal leading-[1.7]\">Barn och unga i Nacka ska ha en meningsfull fritid. Det l\u00e5ter enkelt, men det kr\u00e4ver politiska prioriteringar. F\u00f6reningslivet \u00e4r inte ett trevligt tillval, det \u00e4r en av de viktigaste grunderna f\u00f6r gemenskap, trygghet och tillh\u00f6righet f\u00f6r barn och unga m\u00e4nniskor. Det \u00e4r d\u00e4r v\u00e4nner blir f\u00f6r livet, vuxna f\u00f6rebilder finns och k\u00e4nslan av att h\u00f6ra n\u00e5gonstans v\u00e4xer fram.<\/p>\n<p class=\"font-claude-response-body break-words whitespace-normal leading-[1.7]\">Nackas bredd med \u00f6ver 50 olika idrotter \u00e4r n\u00e5got vi v\u00e4rnar och \u00e4r stolta \u00f6ver. J\u00e4rlah\u00f6jden ska forts\u00e4tta vara kommunens idrottsnav, och vi vill bygga fler idrottsanl\u00e4ggningar runt om i Nacka.<\/p>\n","protected":false},"excerpt":{"rendered":"<p>Barn och unga i Nacka ska ha en meningsfull fritid. Det l\u00e5ter enkelt, men det kr\u00e4ver politiska prioriteringar. F\u00f6reningslivet \u00e4r inte ett trevligt tillval, det \u00e4r en av de viktigaste grunderna f\u00f6r gemenskap, trygghet och tillh\u00f6righet f\u00f6r barn och unga m\u00e4nniskor. Det \u00e4r d\u00e4r v\u00e4nner blir f\u00f6r livet, vuxna f\u00f6rebilder finns och k\u00e4nslan av att <a class=\"read-more-link\" href=\"https:\/\/wp.kristdemokraterna.se\/nacka\/idrott-och-fritid-for-ett-halsosammare-nacka\/\">L\u00e4s mer<\/a><\/p>\n","protected":false},"author":789,"featured_media":0,"parent":0,"menu_order":0,"comment_status":"closed","ping_status":"closed","template":"","meta":{"_acf_changed":false,"footnotes":""},"class_list":["post-1410","page","type-page","status-publish","hentry"],"acf":[],"yoast_head":"<!-- This site is optimized with the Yoast SEO plugin v27.5 - https:\/\/yoast.com\/product\/yoast-seo-wordpress\/ -->\n<title>Alla barn f\u00f6rtj\u00e4nar en meningsfull fritid - Kristdemokraterna i Nacka<\/title>\n<meta name=\"robots\" content=\"index, follow, max-snippet:-1, max-image-preview:large, max-video-preview:-1\" \/>\n<link rel=\"canonical\" href=\"https:\/\/wp.kristdemokraterna.se\/nacka\/idrott-och-fritid-for-ett-halsosammare-nacka\/\" \/>\n<meta property=\"og:locale\" content=\"sv_SE\" \/>\n<meta property=\"og:type\" content=\"article\" \/>\n<meta property=\"og:title\" content=\"Alla barn f\u00f6rtj\u00e4nar en meningsfull fritid - Kristdemokraterna i Nacka\" \/>\n<meta property=\"og:description\" content=\"Barn och unga i Nacka ska ha en meningsfull fritid. Det l\u00e5ter enkelt, men det kr\u00e4ver politiska prioriteringar. F\u00f6reningslivet \u00e4r inte ett trevligt tillval, det \u00e4r en av de viktigaste grunderna f\u00f6r gemenskap, trygghet och tillh\u00f6righet f\u00f6r barn och unga m\u00e4nniskor. Det \u00e4r d\u00e4r v\u00e4nner blir f\u00f6r livet, vuxna f\u00f6rebilder finns och k\u00e4nslan av att L\u00e4s mer\" \/>\n<meta property=\"og:url\" content=\"https:\/\/wp.kristdemokraterna.se\/nacka\/idrott-och-fritid-for-ett-halsosammare-nacka\/\" \/>\n<meta property=\"og:site_name\" content=\"Kristdemokraterna i Nacka\" \/>\n<meta property=\"article:modified_time\" content=\"2026-05-05T17:00:52+00:00\" \/>\n<meta name=\"twitter:card\" content=\"summary_large_image\" \/>\n<meta name=\"twitter:label1\" content=\"Ber\u00e4knad l\u00e4stid\" \/>\n\t<meta name=\"twitter:data1\" content=\"1 minut\" \/>\n<script type=\"application\/ld+json\" class=\"yoast-schema-graph\">{\"@context\":\"https:\\\/\\\/schema.org\",\"@graph\":[{\"@type\":\"WebPage\",\"@id\":\"https:\\\/\\\/wp.kristdemokraterna.se\\\/nacka\\\/idrott-och-fritid-for-ett-halsosammare-nacka\\\/\",\"url\":\"https:\\\/\\\/wp.kristdemokraterna.se\\\/nacka\\\/idrott-och-fritid-for-ett-halsosammare-nacka\\\/\",\"name\":\"Alla barn f\u00f6rtj\u00e4nar en meningsfull fritid - Kristdemokraterna i Nacka\",\"isPartOf\":{\"@id\":\"https:\\\/\\\/wp.kristdemokraterna.se\\\/nacka\\\/#website\"},\"datePublished\":\"2026-03-26T11:51:43+00:00\",\"dateModified\":\"2026-05-05T17:00:52+00:00\",\"breadcrumb\":{\"@id\":\"https:\\\/\\\/wp.kristdemokraterna.se\\\/nacka\\\/idrott-och-fritid-for-ett-halsosammare-nacka\\\/#breadcrumb\"},\"inLanguage\":\"sv-SE\",\"potentialAction\":[{\"@type\":\"ReadAction\",\"target\":[\"https:\\\/\\\/wp.kristdemokraterna.se\\\/nacka\\\/idrott-och-fritid-for-ett-halsosammare-nacka\\\/\"]}]},{\"@type\":\"BreadcrumbList\",\"@id\":\"https:\\\/\\\/wp.kristdemokraterna.se\\\/nacka\\\/idrott-och-fritid-for-ett-halsosammare-nacka\\\/#breadcrumb\",\"itemListElement\":[{\"@type\":\"ListItem\",\"position\":1,\"name\":\"Hem\",\"item\":\"https:\\\/\\\/wp.kristdemokraterna.se\\\/nacka\\\/\"},{\"@type\":\"ListItem\",\"position\":2,\"name\":\"Alla barn f\u00f6rtj\u00e4nar en meningsfull fritid\"}]},{\"@type\":\"WebSite\",\"@id\":\"https:\\\/\\\/wp.kristdemokraterna.se\\\/nacka\\\/#website\",\"url\":\"https:\\\/\\\/wp.kristdemokraterna.se\\\/nacka\\\/\",\"name\":\"Kristdemokraterna i Nacka\",\"description\":\"Vi \u00e4r hj\u00e4rtat till h\u00f6ger\",\"inLanguage\":\"sv-SE\"}]}<\/script>\n<!-- \/ Yoast SEO plugin. -->","yoast_head_json":{"title":"Alla barn f\u00f6rtj\u00e4nar en meningsfull fritid - Kristdemokraterna i Nacka","robots":{"index":"index","follow":"follow","max-snippet":"max-snippet:-1","max-image-preview":"max-image-preview:large","max-video-preview":"max-video-preview:-1"},"canonical":"https:\/\/wp.kristdemokraterna.se\/nacka\/idrott-och-fritid-for-ett-halsosammare-nacka\/","og_locale":"sv_SE","og_type":"article","og_title":"Alla barn f\u00f6rtj\u00e4nar en meningsfull fritid - Kristdemokraterna i Nacka","og_description":"Barn och unga i Nacka ska ha en meningsfull fritid. Det l\u00e5ter enkelt, men det kr\u00e4ver politiska prioriteringar. F\u00f6reningslivet \u00e4r inte ett trevligt tillval, det \u00e4r en av de viktigaste grunderna f\u00f6r gemenskap, trygghet och tillh\u00f6righet f\u00f6r barn och unga m\u00e4nniskor. Det \u00e4r d\u00e4r v\u00e4nner blir f\u00f6r livet, vuxna f\u00f6rebilder finns och k\u00e4nslan av att L\u00e4s mer","og_url":"https:\/\/wp.kristdemokraterna.se\/nacka\/idrott-och-fritid-for-ett-halsosammare-nacka\/","og_site_name":"Kristdemokraterna i Nacka","article_modified_time":"2026-05-05T17:00:52+00:00","twitter_card":"summary_large_image","twitter_misc":{"Ber\u00e4knad l\u00e4stid":"1 minut"},"schema":{"@context":"https:\/\/schema.org","@graph":[{"@type":"WebPage","@id":"https:\/\/wp.kristdemokraterna.se\/nacka\/idrott-och-fritid-for-ett-halsosammare-nacka\/","url":"https:\/\/wp.kristdemokraterna.se\/nacka\/idrott-och-fritid-for-ett-halsosammare-nacka\/","name":"Alla barn f\u00f6rtj\u00e4nar en meningsfull fritid - Kristdemokraterna i Nacka","isPartOf":{"@id":"https:\/\/wp.kristdemokraterna.se\/nacka\/#website"},"datePublished":"2026-03-26T11:51:43+00:00","dateModified":"2026-05-05T17:00:52+00:00","breadcrumb":{"@id":"https:\/\/wp.kristdemokraterna.se\/nacka\/idrott-och-fritid-for-ett-halsosammare-nacka\/#breadcrumb"},"inLanguage":"sv-SE","potentialAction":[{"@type":"ReadAction","target":["https:\/\/wp.kristdemokraterna.se\/nacka\/idrott-och-fritid-for-ett-halsosammare-nacka\/"]}]},{"@type":"BreadcrumbList","@id":"https:\/\/wp.kristdemokraterna.se\/nacka\/idrott-och-fritid-for-ett-halsosammare-nacka\/#breadcrumb","itemListElement":[{"@type":"ListItem","position":1,"name":"Hem","item":"https:\/\/wp.kristdemokraterna.se\/nacka\/"},{"@type":"ListItem","position":2,"name":"Alla barn f\u00f6rtj\u00e4nar en meningsfull fritid"}]},{"@type":"WebSite","@id":"https:\/\/wp.kristdemokraterna.se\/nacka\/#website","url":"https:\/\/wp.kristdemokraterna.se\/nacka\/","name":"Kristdemokraterna i Nacka","description":"Vi \u00e4r hj\u00e4rtat till h\u00f6ger","inLanguage":"sv-SE"}]}},"_links":{"self":[{"href":"https:\/\/wp.kristdemokraterna.se\/nacka\/wp-json\/wp\/v2\/pages\/1410","targetHints":{"allow":["GET"]}}],"collection":[{"href":"https:\/\/wp.kristdemokraterna.se\/nacka\/wp-json\/wp\/v2\/pages"}],"about":[{"href":"https:\/\/wp.kristdemokraterna.se\/nacka\/wp-json\/wp\/v2\/types\/page"}],"author":[{"embeddable":true,"href":"https:\/\/wp.kristdemokraterna.se\/nacka\/wp-json\/wp\/v2\/users\/789"}],"replies":[{"embeddable":true,"href":"https:\/\/wp.kristdemokraterna.se\/nacka\/wp-json\/wp\/v2\/comments?post=1410"}],"version-history":[{"count":3,"href":"https:\/\/wp.kristdemokraterna.se\/nacka\/wp-json\/wp\/v2\/pages\/1410\/revisions"}],"predecessor-version":[{"id":1525,"href":"https:\/\/wp.kristdemokraterna.se\/nacka\/wp-json\/wp\/v2\/pages\/1410\/revisions\/1525"}],"wp:attachment":[{"href":"https:\/\/wp.kristdemokraterna.se\/nacka\/wp-json\/wp\/v2\/media?parent=1410"}],"curies":[{"name":"wp","href":"https:\/\/api.w.org\/{rel}","templated":true}]}}