{"id":1422,"date":"2026-03-26T12:58:42","date_gmt":"2026-03-26T11:58:42","guid":{"rendered":"https:\/\/wp.kristdemokraterna.se\/nacka\/?page_id=1422"},"modified":"2026-03-26T12:58:42","modified_gmt":"2026-03-26T11:58:42","slug":"smaforetag-och-lokala-arbetsplatser","status":"publish","type":"page","link":"https:\/\/wp.kristdemokraterna.se\/nacka\/smaforetag-och-lokala-arbetsplatser\/","title":{"rendered":"Sm\u00e5f\u00f6retag och lokala arbetsplatser"},"content":{"rendered":"<p><span style=\"font-weight: 400\">Sm\u00e5f\u00f6retagen \u00e4r inte bara viktiga f\u00f6r syssels\u00e4ttningen. De \u00e4r en del av den v\u00e4v som h\u00e5ller lokalsamh\u00e4llet samman. Den lokala butiken, verkstaden eller restaurangen fungerar inte enbart som en plats f\u00f6r ekonomiska transaktioner, utan som en arena f\u00f6r m\u00f6ten, samtal och relationer. <\/span><\/p>\n<p><span style=\"font-weight: 400\">M\u00e5nga av dessa f\u00f6retag \u00e4r dessutom familjef\u00f6retag, och det \u00e4r ingen tillf\u00e4llighet. Familjef\u00f6retag tenderar att erbjuda h\u00f6gre anst\u00e4llningstrygghet, vara motst\u00e5ndskraftiga under kriser och skapa arbetstillf\u00e4llen \u00e4ven i omr\u00e5den d\u00e4r andra akt\u00f6rer drar sig tillbaka. Deras drivkraft \u00e4r ofta n\u00e5got annat \u00e4n kortsiktig vinst. Det handlar om att bygga n\u00e5got som h\u00e5ller, f\u00f6r familjen och f\u00f6r n\u00e4sta generation.<\/span><\/p>\n<p><span style=\"font-weight: 400\"> Kristdemokraterna vill skapa b\u00e4ttre f\u00f6ruts\u00e4ttningar f\u00f6r denna typ av f\u00f6retagande i Nacka. Goda f\u00f6ruts\u00e4ttningar f\u00f6r sm\u00e5f\u00f6retagare \u00e4r en f\u00f6ruts\u00e4ttning f\u00f6r det goda samh\u00e4llet. Den insikten ska ocks\u00e5 pr\u00e4gla hur Nacka kommun m\u00f6ter sina f\u00f6retagare.<\/span><\/p>\n<ul>\n<li style=\"font-weight: 400\"><span style=\"font-weight: 400\">Minska den administrativa b\u00f6rdan, korta tillst\u00e5ndsprocesserna och s\u00e4kerst\u00e4lla att det faktiskt finns mark och lokaler d\u00e4r verksamheter kan etablera sig och v\u00e4xa.\u00a0<\/span><\/li>\n<li style=\"font-weight: 400\"><span style=\"font-weight: 400\">Vi ska arbeta f\u00f6r att fr\u00e4mja pop-up f\u00f6retag under tex sommarhalv\u00e5ret f\u00f6r att f\u00e5 fler unga i arbete.\u00a0<\/span><\/li>\n<li style=\"font-weight: 400\"><span style=\"font-weight: 400\">Vi ser \u00f6ver hur kommunen kan st\u00f6tta fler kvinnor att starta f\u00f6retag.\u00a0<\/span><\/li>\n<\/ul>\n","protected":false},"excerpt":{"rendered":"<p>Sm\u00e5f\u00f6retagen \u00e4r inte bara viktiga f\u00f6r syssels\u00e4ttningen. De \u00e4r en del av den v\u00e4v som h\u00e5ller lokalsamh\u00e4llet samman. Den lokala butiken, verkstaden eller restaurangen fungerar inte enbart som en plats f\u00f6r ekonomiska transaktioner, utan som en arena f\u00f6r m\u00f6ten, samtal och relationer. M\u00e5nga av dessa f\u00f6retag \u00e4r dessutom familjef\u00f6retag, och det \u00e4r ingen tillf\u00e4llighet. Familjef\u00f6retag <a class=\"read-more-link\" href=\"https:\/\/wp.kristdemokraterna.se\/nacka\/smaforetag-och-lokala-arbetsplatser\/\">L\u00e4s mer<\/a><\/p>\n","protected":false},"author":789,"featured_media":0,"parent":0,"menu_order":0,"comment_status":"closed","ping_status":"closed","template":"","meta":{"_acf_changed":false,"footnotes":""},"class_list":["post-1422","page","type-page","status-publish","hentry"],"acf":[],"yoast_head":"<!-- This site is optimized with the Yoast SEO plugin v27.4 - https:\/\/yoast.com\/product\/yoast-seo-wordpress\/ -->\n<title>Sm\u00e5f\u00f6retag och lokala arbetsplatser - Kristdemokraterna i Nacka<\/title>\n<meta name=\"robots\" content=\"index, follow, max-snippet:-1, max-image-preview:large, max-video-preview:-1\" \/>\n<link rel=\"canonical\" href=\"https:\/\/wp.kristdemokraterna.se\/nacka\/smaforetag-och-lokala-arbetsplatser\/\" \/>\n<meta property=\"og:locale\" content=\"sv_SE\" \/>\n<meta property=\"og:type\" content=\"article\" \/>\n<meta property=\"og:title\" content=\"Sm\u00e5f\u00f6retag och lokala arbetsplatser - Kristdemokraterna i Nacka\" \/>\n<meta property=\"og:description\" content=\"Sm\u00e5f\u00f6retagen \u00e4r inte bara viktiga f\u00f6r syssels\u00e4ttningen. De \u00e4r en del av den v\u00e4v som h\u00e5ller lokalsamh\u00e4llet samman. Den lokala butiken, verkstaden eller restaurangen fungerar inte enbart som en plats f\u00f6r ekonomiska transaktioner, utan som en arena f\u00f6r m\u00f6ten, samtal och relationer. M\u00e5nga av dessa f\u00f6retag \u00e4r dessutom familjef\u00f6retag, och det \u00e4r ingen tillf\u00e4llighet. Familjef\u00f6retag L\u00e4s mer\" \/>\n<meta property=\"og:url\" content=\"https:\/\/wp.kristdemokraterna.se\/nacka\/smaforetag-och-lokala-arbetsplatser\/\" \/>\n<meta property=\"og:site_name\" content=\"Kristdemokraterna i Nacka\" \/>\n<meta name=\"twitter:card\" content=\"summary_large_image\" \/>\n<meta name=\"twitter:label1\" content=\"Ber\u00e4knad l\u00e4stid\" \/>\n\t<meta name=\"twitter:data1\" content=\"1 minut\" \/>\n<script type=\"application\/ld+json\" class=\"yoast-schema-graph\">{\"@context\":\"https:\\\/\\\/schema.org\",\"@graph\":[{\"@type\":\"WebPage\",\"@id\":\"https:\\\/\\\/wp.kristdemokraterna.se\\\/nacka\\\/smaforetag-och-lokala-arbetsplatser\\\/\",\"url\":\"https:\\\/\\\/wp.kristdemokraterna.se\\\/nacka\\\/smaforetag-och-lokala-arbetsplatser\\\/\",\"name\":\"Sm\u00e5f\u00f6retag och lokala arbetsplatser - Kristdemokraterna i Nacka\",\"isPartOf\":{\"@id\":\"https:\\\/\\\/wp.kristdemokraterna.se\\\/nacka\\\/#website\"},\"datePublished\":\"2026-03-26T11:58:42+00:00\",\"breadcrumb\":{\"@id\":\"https:\\\/\\\/wp.kristdemokraterna.se\\\/nacka\\\/smaforetag-och-lokala-arbetsplatser\\\/#breadcrumb\"},\"inLanguage\":\"sv-SE\",\"potentialAction\":[{\"@type\":\"ReadAction\",\"target\":[\"https:\\\/\\\/wp.kristdemokraterna.se\\\/nacka\\\/smaforetag-och-lokala-arbetsplatser\\\/\"]}]},{\"@type\":\"BreadcrumbList\",\"@id\":\"https:\\\/\\\/wp.kristdemokraterna.se\\\/nacka\\\/smaforetag-och-lokala-arbetsplatser\\\/#breadcrumb\",\"itemListElement\":[{\"@type\":\"ListItem\",\"position\":1,\"name\":\"Hem\",\"item\":\"https:\\\/\\\/wp.kristdemokraterna.se\\\/nacka\\\/\"},{\"@type\":\"ListItem\",\"position\":2,\"name\":\"Sm\u00e5f\u00f6retag och lokala arbetsplatser\"}]},{\"@type\":\"WebSite\",\"@id\":\"https:\\\/\\\/wp.kristdemokraterna.se\\\/nacka\\\/#website\",\"url\":\"https:\\\/\\\/wp.kristdemokraterna.se\\\/nacka\\\/\",\"name\":\"Kristdemokraterna i Nacka\",\"description\":\"Vi \u00e4r hj\u00e4rtat till h\u00f6ger\",\"inLanguage\":\"sv-SE\"}]}<\/script>\n<!-- \/ Yoast SEO plugin. -->","yoast_head_json":{"title":"Sm\u00e5f\u00f6retag och lokala arbetsplatser - Kristdemokraterna i Nacka","robots":{"index":"index","follow":"follow","max-snippet":"max-snippet:-1","max-image-preview":"max-image-preview:large","max-video-preview":"max-video-preview:-1"},"canonical":"https:\/\/wp.kristdemokraterna.se\/nacka\/smaforetag-och-lokala-arbetsplatser\/","og_locale":"sv_SE","og_type":"article","og_title":"Sm\u00e5f\u00f6retag och lokala arbetsplatser - Kristdemokraterna i Nacka","og_description":"Sm\u00e5f\u00f6retagen \u00e4r inte bara viktiga f\u00f6r syssels\u00e4ttningen. De \u00e4r en del av den v\u00e4v som h\u00e5ller lokalsamh\u00e4llet samman. Den lokala butiken, verkstaden eller restaurangen fungerar inte enbart som en plats f\u00f6r ekonomiska transaktioner, utan som en arena f\u00f6r m\u00f6ten, samtal och relationer. M\u00e5nga av dessa f\u00f6retag \u00e4r dessutom familjef\u00f6retag, och det \u00e4r ingen tillf\u00e4llighet. Familjef\u00f6retag L\u00e4s mer","og_url":"https:\/\/wp.kristdemokraterna.se\/nacka\/smaforetag-och-lokala-arbetsplatser\/","og_site_name":"Kristdemokraterna i Nacka","twitter_card":"summary_large_image","twitter_misc":{"Ber\u00e4knad l\u00e4stid":"1 minut"},"schema":{"@context":"https:\/\/schema.org","@graph":[{"@type":"WebPage","@id":"https:\/\/wp.kristdemokraterna.se\/nacka\/smaforetag-och-lokala-arbetsplatser\/","url":"https:\/\/wp.kristdemokraterna.se\/nacka\/smaforetag-och-lokala-arbetsplatser\/","name":"Sm\u00e5f\u00f6retag och lokala arbetsplatser - Kristdemokraterna i Nacka","isPartOf":{"@id":"https:\/\/wp.kristdemokraterna.se\/nacka\/#website"},"datePublished":"2026-03-26T11:58:42+00:00","breadcrumb":{"@id":"https:\/\/wp.kristdemokraterna.se\/nacka\/smaforetag-och-lokala-arbetsplatser\/#breadcrumb"},"inLanguage":"sv-SE","potentialAction":[{"@type":"ReadAction","target":["https:\/\/wp.kristdemokraterna.se\/nacka\/smaforetag-och-lokala-arbetsplatser\/"]}]},{"@type":"BreadcrumbList","@id":"https:\/\/wp.kristdemokraterna.se\/nacka\/smaforetag-och-lokala-arbetsplatser\/#breadcrumb","itemListElement":[{"@type":"ListItem","position":1,"name":"Hem","item":"https:\/\/wp.kristdemokraterna.se\/nacka\/"},{"@type":"ListItem","position":2,"name":"Sm\u00e5f\u00f6retag och lokala arbetsplatser"}]},{"@type":"WebSite","@id":"https:\/\/wp.kristdemokraterna.se\/nacka\/#website","url":"https:\/\/wp.kristdemokraterna.se\/nacka\/","name":"Kristdemokraterna i Nacka","description":"Vi \u00e4r hj\u00e4rtat till h\u00f6ger","inLanguage":"sv-SE"}]}},"_links":{"self":[{"href":"https:\/\/wp.kristdemokraterna.se\/nacka\/wp-json\/wp\/v2\/pages\/1422","targetHints":{"allow":["GET"]}}],"collection":[{"href":"https:\/\/wp.kristdemokraterna.se\/nacka\/wp-json\/wp\/v2\/pages"}],"about":[{"href":"https:\/\/wp.kristdemokraterna.se\/nacka\/wp-json\/wp\/v2\/types\/page"}],"author":[{"embeddable":true,"href":"https:\/\/wp.kristdemokraterna.se\/nacka\/wp-json\/wp\/v2\/users\/789"}],"replies":[{"embeddable":true,"href":"https:\/\/wp.kristdemokraterna.se\/nacka\/wp-json\/wp\/v2\/comments?post=1422"}],"version-history":[{"count":1,"href":"https:\/\/wp.kristdemokraterna.se\/nacka\/wp-json\/wp\/v2\/pages\/1422\/revisions"}],"predecessor-version":[{"id":1423,"href":"https:\/\/wp.kristdemokraterna.se\/nacka\/wp-json\/wp\/v2\/pages\/1422\/revisions\/1423"}],"wp:attachment":[{"href":"https:\/\/wp.kristdemokraterna.se\/nacka\/wp-json\/wp\/v2\/media?parent=1422"}],"curies":[{"name":"wp","href":"https:\/\/api.w.org\/{rel}","templated":true}]}}