{"id":1437,"date":"2026-03-26T13:25:30","date_gmt":"2026-03-26T12:25:30","guid":{"rendered":"https:\/\/wp.kristdemokraterna.se\/nacka\/?page_id=1437"},"modified":"2026-03-26T13:25:30","modified_gmt":"2026-03-26T12:25:30","slug":"var-samhallssyn","status":"publish","type":"page","link":"https:\/\/wp.kristdemokraterna.se\/nacka\/var-samhallssyn\/","title":{"rendered":"V\u00e5r samh\u00e4llssyn"},"content":{"rendered":"<p><strong>Kristdemokratisk politik utg\u00e5r fr\u00e5n m\u00e4nniskans v\u00e4rde och fr\u00e5n \u00f6vertygelsen att samh\u00e4llet byggs underifr\u00e5n, av familjer, f\u00f6reningar och fria medborgare.<\/strong><\/p>\n<p><strong>V\u00e5ra principer<br \/>\n<\/strong><span style=\"font-weight: 400\">Kristdemokraternas politik i Nacka vilar p\u00e5 fem grundl\u00e4ggande principer. Frihet och ansvar: m\u00e4nniskans frihet att forma sitt liv \u00e4r central, men friheten f\u00f6ruts\u00e4tter ansvar, f\u00f6r varandra, f\u00f6r naturen och f\u00f6r samh\u00e4llet. Subsidiaritet: beslut ska fattas s\u00e5 n\u00e4ra m\u00e4nniskor som m\u00f6jligt, och kommunen ska agera n\u00e4r det \u00e4r n\u00f6dv\u00e4ndigt men inte ta \u00f6ver uppgifter som m\u00e4nniskor och civilsamh\u00e4lle kan hantera sj\u00e4lva. F\u00f6rvaltarskap: milj\u00f6 och natur \u00e4r ett arv vi har ansvar att f\u00f6rvalta f\u00f6r kommande generationer. M\u00e4nniskov\u00e4rdet: v\u00e4rdet p\u00e5 m\u00e4nniskan \u00e4r absolut. Personalismen: vi \u00e4r en individ, men vi \u00e4r en del av en m\u00e4ngd olika gemenskaper. Viktigaste gemenskapen f\u00f6r m\u00e4nniskan \u00e4r familjen.<\/span><\/p>\n<p><span style=\"font-weight: 400\"><strong>Vad tror vi p\u00e5 i praktiken?<\/strong><br \/>\n<\/span><span style=\"font-weight: 400\">Medborgarna, familjerna och civilsamh\u00e4llet \u00e4r inte bara de som b\u00e4r upp samh\u00e4llet, de \u00e4r samh\u00e4llet. Politiken finns till f\u00f6r att hj\u00e4lpa till d\u00e4r det beh\u00f6vs, undanr\u00f6ja problem och uppr\u00e4tth\u00e5lla de gemensamma spelregler, den ordning och trygghet som gagnar oss alla. Vi ska f\u00f6ra en politik som f\u00f6rlitar sig p\u00e5 att m\u00e4nniskor kan och vill ta eget ansvar. Varje liten ol\u00e4genhet \u00e4r inte ett problem kommunen ska l\u00f6sa. Att leva tillsammans med andra inneb\u00e4r ibland att acceptera att ens egna preferenser inte har h\u00f6gsta prioritet. Politiken ska ocks\u00e5 se till det l\u00e5ngsiktigt n\u00f6dv\u00e4ndiga, fr\u00e5n naturv\u00e5rd till civilt f\u00f6rsvar, fr\u00e5n krisberedskap till att v\u00e5rda det som h\u00e5ller ihop samh\u00e4llet. Vi \u00e4r starkast i en fri gemenskap.<\/span><\/p>\n<p><span style=\"font-weight: 400\"><strong>Kristdemokratisk ideologi<\/strong><br \/>\n<\/span><span style=\"font-weight: 400\">Vi ser p\u00e5 det politiska i dess ursprungliga betydelse, allt det som r\u00f6r det gemensamma samh\u00e4llslivet. Politiken \u00e4r mer \u00e4n bara det som beslutas av politiker i kommunfullm\u00e4ktige eller riksdag. Det \u00e4r allt vad vi som personer, familjer, f\u00f6retagare och grannar g\u00f6r som ber\u00f6r det gemensamma. \u00c5 andra sidan har vi det privata, den sf\u00e4r som ska vara fredad fr\u00e5n politiken. Denna tydliga \u00e5tskillnad mellan det enskilda och det allm\u00e4nna \u00e4r viktig f\u00f6r oss kristdemokrater.<\/span><\/p>\n<p><span style=\"font-weight: 400\"><em>Samh\u00e4llet byggs underifr\u00e5n<\/em>, av fria och ansvarstagande medborgare som k\u00e4nner trygghet och delaktighet i det gemensamma. Av m\u00e4nniskor, unga som gamla, som \u00e4r fria att forma sitt liv, som k\u00e4nner ett st\u00f6d fr\u00e5n det offentliga n\u00e4r s\u00e5 beh\u00f6vs och en tillit till v\u00e5ra institutioner och v\u00e5ra medm\u00e4nniskor. Det politiska kompletteras av det privata, det som bara r\u00f6r den enskilde och familjen, vilket politiken inte ska r\u00e5da \u00f6ver.<\/span><\/p>\n<p><span style=\"font-weight: 400\"><em>B\u00e5de som politiker och som medborgare<\/em> \u00e4r det viktigt att p\u00e5minna sig om att vi \u00e4r just b\u00e5da dessa, samtidigt. Vi som arbetar med politiken \u00e4r inte bara f\u00f6rtroendevalda, vi \u00e4r dina grannar, de du m\u00f6ter i parken, p\u00e5 tr\u00e4ningen eller i mataff\u00e4ren. Vi bor i samma omr\u00e5den, v\u00e5ra barn g\u00e5r i samma skolor och vi ber\u00f6rs av samma saker i omv\u00e4rlden. Den lokala politiken ska vara just s\u00e5, vardagsn\u00e4ra.<\/span><\/p>\n<p><span style=\"font-weight: 400\"><em>F\u00f6r oss kristdemokrater kan ingen m\u00e4nniska<\/em> reduceras varken till en individ eller en del i ett kollektiv. Var och en har ett oantastligt v\u00e4rde som unik person, oavsett bakgrund, \u00e5lder eller prestationer. J\u00e4mlikhet handlar f\u00f6r oss om likhet i v\u00e4rdighet och om att vi alla \u00e4r lika inf\u00f6r de principer som styr och d\u00f6mer, inte om likhet i behov, personlighet eller utfall i livet. Vi \u00e4r alla olika, men med samma m\u00e4nniskov\u00e4rde och med mycket gemensamt.<\/span><\/p>\n<p><span style=\"font-weight: 400\"><em>Frihet \u00e4r ett av v\u00e5ra ledord, av b\u00e5de principiella<\/em> och praktiska sk\u00e4l. I ett pluralistiskt samh\u00e4lle \u00e4r friheten ibland sv\u00e5r att handskas med. Ibland \u00e4r det n\u00f6dv\u00e4ndigt att st\u00e5 tillbaka och l\u00e5ta olikheter frodas, hellre \u00e4n att str\u00e4va efter en ordnad likformighet. Samtidigt \u00e4r friheten mer \u00e4n att bara f\u00e5 best\u00e4mma allt sj\u00e4lv. Den fr\u00e4mjas av fasta regler och en grundl\u00e4ggande gemenskap.<\/span><\/p>\n<p><span style=\"font-weight: 400\"><em>Fr\u00e5n kommunens sida ska vi ha b\u00e5de kraften<\/em> och modet att agera n\u00e4r s\u00e5 \u00e4r n\u00f6dv\u00e4ndigt, men alltid komma ih\u00e5g att m\u00e4nniskor vars initiativkraft f\u00e5r spelrum i l\u00e4ngden bygger ett b\u00e4ttre samh\u00e4lle \u00e4n vad politiken kan tvinga fram. Beslut ska tas p\u00e5 l\u00e4gsta funktionella niv\u00e5. Kommunen ska best\u00e4mma bara n\u00e4r det \u00e4r p\u00e5 kommunal niv\u00e5 det \u00e4r b\u00e4st att g\u00f6ra det. Familjer och f\u00f6reningar r\u00e5der b\u00e4st \u00f6ver sig sj\u00e4lva.<\/span><\/p>\n<p><span style=\"font-weight: 400\"><em>V\u00e5r skepsis inf\u00f6r storskaliga l\u00f6sningar<\/em> kommer inte bara av en vurm f\u00f6r de sm\u00e5 gemenskapernas frihet, utan ocks\u00e5 fr\u00e5n en st\u00e4ndig medvetenhet om v\u00e5r egen ofullst\u00e4ndighet. Den politiska och byr\u00e5kratiska maskinen har sina fel och brister, och att ge den alltf\u00f6r mycket makt riskerar att f\u00f6rst\u00e4rka nackdelarna likav\u00e4l som styrkorna. Den politiska makten ska vara begr\u00e4nsad, uppdelad och hanteras med \u00f6dmjukhet.<\/span><\/p>\n<p><span style=\"font-weight: 400\"><em>N\u00e4r ska d\u00e5 kommunen vara stark?<\/em> N\u00e4r vi beh\u00f6ver f\u00f6rvalta det goda i samh\u00e4llet f\u00f6r framtida generationer, vare sig det g\u00e4ller natur, kultur eller traditioner. N\u00e4r de svaga och utsatta beh\u00f6ver allas v\u00e5r hj\u00e4lp. N\u00e4r samh\u00e4llets r\u00e4ttsliga och demokratiska strukturer m\u00e5ste v\u00e4rnas. N\u00e4r vi m\u00e5ste ha ett l\u00e5ngsiktigt perspektiv som g\u00e5r bortom den enskildes egen horisont.<\/span><\/p>\n<p><span style=\"font-weight: 400\"><em>Vi s\u00e4ger ibland att Nacka existerar<\/em> mellan Jerusalem och Aten. Med det menar vi att v\u00e5rt samh\u00e4lle vilar p\u00e5 och ska st\u00e4rka de ideal som byggde den v\u00e4sterl\u00e4ndska civilisationen, p\u00e5 den dynamik som finns mellan de judeokristna v\u00e4rdena och det grekiska s\u00f6kandet efter naturr\u00e4tt och rationalitet. Det \u00e4r en kombination som har gett oss m\u00e4nskliga r\u00e4ttigheter, v\u00e4lst\u00e5nd och erk\u00e4nnande av estetikens betydelse. Utan Jerusalem blir Aten en materialistisk utopi. Utan Aten blir kristendomen en teokrati. Vi beh\u00f6ver dynamiken och vi beh\u00f6ver f\u00f6rvalta och utveckla det arv som givits oss.<\/span><\/p>\n<p>&nbsp;<\/p>\n","protected":false},"excerpt":{"rendered":"<p>Kristdemokratisk politik utg\u00e5r fr\u00e5n m\u00e4nniskans v\u00e4rde och fr\u00e5n \u00f6vertygelsen att samh\u00e4llet byggs underifr\u00e5n, av familjer, f\u00f6reningar och fria medborgare. V\u00e5ra principer Kristdemokraternas politik i Nacka vilar p\u00e5 fem grundl\u00e4ggande principer. Frihet och ansvar: m\u00e4nniskans frihet att forma sitt liv \u00e4r central, men friheten f\u00f6ruts\u00e4tter ansvar, f\u00f6r varandra, f\u00f6r naturen och f\u00f6r samh\u00e4llet. Subsidiaritet: beslut ska <a class=\"read-more-link\" href=\"https:\/\/wp.kristdemokraterna.se\/nacka\/var-samhallssyn\/\">L\u00e4s mer<\/a><\/p>\n","protected":false},"author":789,"featured_media":0,"parent":0,"menu_order":0,"comment_status":"closed","ping_status":"closed","template":"","meta":{"_acf_changed":false,"footnotes":""},"class_list":["post-1437","page","type-page","status-publish","hentry"],"acf":[],"yoast_head":"<!-- This site is optimized with the Yoast SEO plugin v27.4 - https:\/\/yoast.com\/product\/yoast-seo-wordpress\/ -->\n<title>V\u00e5r samh\u00e4llssyn - Kristdemokraterna i Nacka<\/title>\n<meta name=\"robots\" content=\"index, follow, max-snippet:-1, max-image-preview:large, max-video-preview:-1\" \/>\n<link rel=\"canonical\" href=\"https:\/\/wp.kristdemokraterna.se\/nacka\/var-samhallssyn\/\" \/>\n<meta property=\"og:locale\" content=\"sv_SE\" \/>\n<meta property=\"og:type\" content=\"article\" \/>\n<meta property=\"og:title\" content=\"V\u00e5r samh\u00e4llssyn - Kristdemokraterna i Nacka\" \/>\n<meta property=\"og:description\" content=\"Kristdemokratisk politik utg\u00e5r fr\u00e5n m\u00e4nniskans v\u00e4rde och fr\u00e5n \u00f6vertygelsen att samh\u00e4llet byggs underifr\u00e5n, av familjer, f\u00f6reningar och fria medborgare. V\u00e5ra principer Kristdemokraternas politik i Nacka vilar p\u00e5 fem grundl\u00e4ggande principer. Frihet och ansvar: m\u00e4nniskans frihet att forma sitt liv \u00e4r central, men friheten f\u00f6ruts\u00e4tter ansvar, f\u00f6r varandra, f\u00f6r naturen och f\u00f6r samh\u00e4llet. Subsidiaritet: beslut ska L\u00e4s mer\" \/>\n<meta property=\"og:url\" content=\"https:\/\/wp.kristdemokraterna.se\/nacka\/var-samhallssyn\/\" \/>\n<meta property=\"og:site_name\" content=\"Kristdemokraterna i Nacka\" \/>\n<meta name=\"twitter:card\" content=\"summary_large_image\" \/>\n<meta name=\"twitter:label1\" content=\"Ber\u00e4knad l\u00e4stid\" \/>\n\t<meta name=\"twitter:data1\" content=\"5 minuter\" \/>\n<script type=\"application\/ld+json\" class=\"yoast-schema-graph\">{\"@context\":\"https:\\\/\\\/schema.org\",\"@graph\":[{\"@type\":\"WebPage\",\"@id\":\"https:\\\/\\\/wp.kristdemokraterna.se\\\/nacka\\\/var-samhallssyn\\\/\",\"url\":\"https:\\\/\\\/wp.kristdemokraterna.se\\\/nacka\\\/var-samhallssyn\\\/\",\"name\":\"V\u00e5r samh\u00e4llssyn - Kristdemokraterna i Nacka\",\"isPartOf\":{\"@id\":\"https:\\\/\\\/wp.kristdemokraterna.se\\\/nacka\\\/#website\"},\"datePublished\":\"2026-03-26T12:25:30+00:00\",\"breadcrumb\":{\"@id\":\"https:\\\/\\\/wp.kristdemokraterna.se\\\/nacka\\\/var-samhallssyn\\\/#breadcrumb\"},\"inLanguage\":\"sv-SE\",\"potentialAction\":[{\"@type\":\"ReadAction\",\"target\":[\"https:\\\/\\\/wp.kristdemokraterna.se\\\/nacka\\\/var-samhallssyn\\\/\"]}]},{\"@type\":\"BreadcrumbList\",\"@id\":\"https:\\\/\\\/wp.kristdemokraterna.se\\\/nacka\\\/var-samhallssyn\\\/#breadcrumb\",\"itemListElement\":[{\"@type\":\"ListItem\",\"position\":1,\"name\":\"Hem\",\"item\":\"https:\\\/\\\/wp.kristdemokraterna.se\\\/nacka\\\/\"},{\"@type\":\"ListItem\",\"position\":2,\"name\":\"V\u00e5r samh\u00e4llssyn\"}]},{\"@type\":\"WebSite\",\"@id\":\"https:\\\/\\\/wp.kristdemokraterna.se\\\/nacka\\\/#website\",\"url\":\"https:\\\/\\\/wp.kristdemokraterna.se\\\/nacka\\\/\",\"name\":\"Kristdemokraterna i Nacka\",\"description\":\"Vi \u00e4r hj\u00e4rtat till h\u00f6ger\",\"inLanguage\":\"sv-SE\"}]}<\/script>\n<!-- \/ Yoast SEO plugin. -->","yoast_head_json":{"title":"V\u00e5r samh\u00e4llssyn - Kristdemokraterna i Nacka","robots":{"index":"index","follow":"follow","max-snippet":"max-snippet:-1","max-image-preview":"max-image-preview:large","max-video-preview":"max-video-preview:-1"},"canonical":"https:\/\/wp.kristdemokraterna.se\/nacka\/var-samhallssyn\/","og_locale":"sv_SE","og_type":"article","og_title":"V\u00e5r samh\u00e4llssyn - Kristdemokraterna i Nacka","og_description":"Kristdemokratisk politik utg\u00e5r fr\u00e5n m\u00e4nniskans v\u00e4rde och fr\u00e5n \u00f6vertygelsen att samh\u00e4llet byggs underifr\u00e5n, av familjer, f\u00f6reningar och fria medborgare. V\u00e5ra principer Kristdemokraternas politik i Nacka vilar p\u00e5 fem grundl\u00e4ggande principer. Frihet och ansvar: m\u00e4nniskans frihet att forma sitt liv \u00e4r central, men friheten f\u00f6ruts\u00e4tter ansvar, f\u00f6r varandra, f\u00f6r naturen och f\u00f6r samh\u00e4llet. Subsidiaritet: beslut ska L\u00e4s mer","og_url":"https:\/\/wp.kristdemokraterna.se\/nacka\/var-samhallssyn\/","og_site_name":"Kristdemokraterna i Nacka","twitter_card":"summary_large_image","twitter_misc":{"Ber\u00e4knad l\u00e4stid":"5 minuter"},"schema":{"@context":"https:\/\/schema.org","@graph":[{"@type":"WebPage","@id":"https:\/\/wp.kristdemokraterna.se\/nacka\/var-samhallssyn\/","url":"https:\/\/wp.kristdemokraterna.se\/nacka\/var-samhallssyn\/","name":"V\u00e5r samh\u00e4llssyn - Kristdemokraterna i Nacka","isPartOf":{"@id":"https:\/\/wp.kristdemokraterna.se\/nacka\/#website"},"datePublished":"2026-03-26T12:25:30+00:00","breadcrumb":{"@id":"https:\/\/wp.kristdemokraterna.se\/nacka\/var-samhallssyn\/#breadcrumb"},"inLanguage":"sv-SE","potentialAction":[{"@type":"ReadAction","target":["https:\/\/wp.kristdemokraterna.se\/nacka\/var-samhallssyn\/"]}]},{"@type":"BreadcrumbList","@id":"https:\/\/wp.kristdemokraterna.se\/nacka\/var-samhallssyn\/#breadcrumb","itemListElement":[{"@type":"ListItem","position":1,"name":"Hem","item":"https:\/\/wp.kristdemokraterna.se\/nacka\/"},{"@type":"ListItem","position":2,"name":"V\u00e5r samh\u00e4llssyn"}]},{"@type":"WebSite","@id":"https:\/\/wp.kristdemokraterna.se\/nacka\/#website","url":"https:\/\/wp.kristdemokraterna.se\/nacka\/","name":"Kristdemokraterna i Nacka","description":"Vi \u00e4r hj\u00e4rtat till h\u00f6ger","inLanguage":"sv-SE"}]}},"_links":{"self":[{"href":"https:\/\/wp.kristdemokraterna.se\/nacka\/wp-json\/wp\/v2\/pages\/1437","targetHints":{"allow":["GET"]}}],"collection":[{"href":"https:\/\/wp.kristdemokraterna.se\/nacka\/wp-json\/wp\/v2\/pages"}],"about":[{"href":"https:\/\/wp.kristdemokraterna.se\/nacka\/wp-json\/wp\/v2\/types\/page"}],"author":[{"embeddable":true,"href":"https:\/\/wp.kristdemokraterna.se\/nacka\/wp-json\/wp\/v2\/users\/789"}],"replies":[{"embeddable":true,"href":"https:\/\/wp.kristdemokraterna.se\/nacka\/wp-json\/wp\/v2\/comments?post=1437"}],"version-history":[{"count":1,"href":"https:\/\/wp.kristdemokraterna.se\/nacka\/wp-json\/wp\/v2\/pages\/1437\/revisions"}],"predecessor-version":[{"id":1438,"href":"https:\/\/wp.kristdemokraterna.se\/nacka\/wp-json\/wp\/v2\/pages\/1437\/revisions\/1438"}],"wp:attachment":[{"href":"https:\/\/wp.kristdemokraterna.se\/nacka\/wp-json\/wp\/v2\/media?parent=1437"}],"curies":[{"name":"wp","href":"https:\/\/api.w.org\/{rel}","templated":true}]}}