{"id":1440,"date":"2026-03-26T14:00:54","date_gmt":"2026-03-26T13:00:54","guid":{"rendered":"https:\/\/wp.kristdemokraterna.se\/nacka\/?page_id=1440"},"modified":"2026-03-26T14:01:11","modified_gmt":"2026-03-26T13:01:11","slug":"insatser-mot-ensamhet-och-psykisk-ohalsa","status":"publish","type":"page","link":"https:\/\/wp.kristdemokraterna.se\/nacka\/insatser-mot-ensamhet-och-psykisk-ohalsa\/","title":{"rendered":"Insatser mot ensamhet och psykisk oh\u00e4lsa"},"content":{"rendered":"<p><span style=\"font-weight: 400\">Ensamhet \u00e4r en av v\u00e5r tids stora utmaningar. En av fyra lider av ofrivillig ensamhet, vilket bidrar till psykisk oh\u00e4lsa. Att v\u00e4nda utvecklingen kr\u00e4ver f\u00f6rebyggande insatser p\u00e5 flera fronter samtidigt.\u00a0<\/span><\/p>\n<ul>\n<li style=\"font-weight: 400\"><span style=\"font-weight: 400\">Bryt ensamheten genom gemenskap \u2013 planera in m\u00f6tesplatser i samh\u00e4llsbygget och st\u00e4rk f\u00f6reningslivet f\u00f6r alla generationer.<\/span><\/li>\n<li style=\"font-weight: 400\"><span style=\"font-weight: 400\">Tidiga insatser \u2013 st\u00e4rk elevh\u00e4lsan, inf\u00f6r screening f\u00f6r psykisk oh\u00e4lsa i skolan och korta k\u00f6erna till BUP och socialpsykiatrin.<\/span><\/li>\n<li style=\"font-weight: 400\"><span style=\"font-weight: 400\">St\u00e4rk familjen \u2013 utveckla f\u00f6r\u00e4ldrast\u00f6d f\u00f6r familjer med barn i riskzon eller med psykisk oh\u00e4lsa.<\/span><\/li>\n<li style=\"font-weight: 400\"><span style=\"font-weight: 400\">St\u00e4rk st\u00f6det i skolan till barn med NPF och skapa inkluderande l\u00e4rmilj\u00f6er och meningsfull fritid f\u00f6r barn och unga med funktionsneds\u00e4ttningar.<\/span><\/li>\n<li style=\"font-weight: 400\"><span style=\"font-weight: 400\">Snabba insatser vid hemmasittande. Tydlig \u00e5tg\u00e4rdsplan med samverkan mellan familj, skola och socialtj\u00e4nst.<\/span><\/li>\n<li style=\"font-weight: 400\"><span style=\"font-weight: 400\">St\u00e4rk insatser mot \u00e4ldres psykiska oh\u00e4lsa.<\/span><\/li>\n<\/ul>\n","protected":false},"excerpt":{"rendered":"<p>Ensamhet \u00e4r en av v\u00e5r tids stora utmaningar. En av fyra lider av ofrivillig ensamhet, vilket bidrar till psykisk oh\u00e4lsa. Att v\u00e4nda utvecklingen kr\u00e4ver f\u00f6rebyggande insatser p\u00e5 flera fronter samtidigt.\u00a0 Bryt ensamheten genom gemenskap \u2013 planera in m\u00f6tesplatser i samh\u00e4llsbygget och st\u00e4rk f\u00f6reningslivet f\u00f6r alla generationer. Tidiga insatser \u2013 st\u00e4rk elevh\u00e4lsan, inf\u00f6r screening f\u00f6r psykisk <a class=\"read-more-link\" href=\"https:\/\/wp.kristdemokraterna.se\/nacka\/insatser-mot-ensamhet-och-psykisk-ohalsa\/\">L\u00e4s mer<\/a><\/p>\n","protected":false},"author":789,"featured_media":0,"parent":0,"menu_order":0,"comment_status":"closed","ping_status":"closed","template":"","meta":{"_acf_changed":false,"footnotes":""},"class_list":["post-1440","page","type-page","status-publish","hentry"],"acf":[],"yoast_head":"<!-- This site is optimized with the Yoast SEO plugin v27.4 - https:\/\/yoast.com\/product\/yoast-seo-wordpress\/ -->\n<title>Insatser mot ensamhet och psykisk oh\u00e4lsa - Kristdemokraterna i Nacka<\/title>\n<meta name=\"robots\" content=\"index, follow, max-snippet:-1, max-image-preview:large, max-video-preview:-1\" \/>\n<link rel=\"canonical\" href=\"https:\/\/wp.kristdemokraterna.se\/nacka\/insatser-mot-ensamhet-och-psykisk-ohalsa\/\" \/>\n<meta property=\"og:locale\" content=\"sv_SE\" \/>\n<meta property=\"og:type\" content=\"article\" \/>\n<meta property=\"og:title\" content=\"Insatser mot ensamhet och psykisk oh\u00e4lsa - Kristdemokraterna i Nacka\" \/>\n<meta property=\"og:description\" content=\"Ensamhet \u00e4r en av v\u00e5r tids stora utmaningar. En av fyra lider av ofrivillig ensamhet, vilket bidrar till psykisk oh\u00e4lsa. Att v\u00e4nda utvecklingen kr\u00e4ver f\u00f6rebyggande insatser p\u00e5 flera fronter samtidigt.\u00a0 Bryt ensamheten genom gemenskap \u2013 planera in m\u00f6tesplatser i samh\u00e4llsbygget och st\u00e4rk f\u00f6reningslivet f\u00f6r alla generationer. Tidiga insatser \u2013 st\u00e4rk elevh\u00e4lsan, inf\u00f6r screening f\u00f6r psykisk L\u00e4s mer\" \/>\n<meta property=\"og:url\" content=\"https:\/\/wp.kristdemokraterna.se\/nacka\/insatser-mot-ensamhet-och-psykisk-ohalsa\/\" \/>\n<meta property=\"og:site_name\" content=\"Kristdemokraterna i Nacka\" \/>\n<meta property=\"article:modified_time\" content=\"2026-03-26T13:01:11+00:00\" \/>\n<meta name=\"twitter:card\" content=\"summary_large_image\" \/>\n<meta name=\"twitter:label1\" content=\"Ber\u00e4knad l\u00e4stid\" \/>\n\t<meta name=\"twitter:data1\" content=\"1 minut\" \/>\n<script type=\"application\/ld+json\" class=\"yoast-schema-graph\">{\"@context\":\"https:\\\/\\\/schema.org\",\"@graph\":[{\"@type\":\"WebPage\",\"@id\":\"https:\\\/\\\/wp.kristdemokraterna.se\\\/nacka\\\/insatser-mot-ensamhet-och-psykisk-ohalsa\\\/\",\"url\":\"https:\\\/\\\/wp.kristdemokraterna.se\\\/nacka\\\/insatser-mot-ensamhet-och-psykisk-ohalsa\\\/\",\"name\":\"Insatser mot ensamhet och psykisk oh\u00e4lsa - Kristdemokraterna i Nacka\",\"isPartOf\":{\"@id\":\"https:\\\/\\\/wp.kristdemokraterna.se\\\/nacka\\\/#website\"},\"datePublished\":\"2026-03-26T13:00:54+00:00\",\"dateModified\":\"2026-03-26T13:01:11+00:00\",\"breadcrumb\":{\"@id\":\"https:\\\/\\\/wp.kristdemokraterna.se\\\/nacka\\\/insatser-mot-ensamhet-och-psykisk-ohalsa\\\/#breadcrumb\"},\"inLanguage\":\"sv-SE\",\"potentialAction\":[{\"@type\":\"ReadAction\",\"target\":[\"https:\\\/\\\/wp.kristdemokraterna.se\\\/nacka\\\/insatser-mot-ensamhet-och-psykisk-ohalsa\\\/\"]}]},{\"@type\":\"BreadcrumbList\",\"@id\":\"https:\\\/\\\/wp.kristdemokraterna.se\\\/nacka\\\/insatser-mot-ensamhet-och-psykisk-ohalsa\\\/#breadcrumb\",\"itemListElement\":[{\"@type\":\"ListItem\",\"position\":1,\"name\":\"Hem\",\"item\":\"https:\\\/\\\/wp.kristdemokraterna.se\\\/nacka\\\/\"},{\"@type\":\"ListItem\",\"position\":2,\"name\":\"Insatser mot ensamhet och psykisk oh\u00e4lsa\"}]},{\"@type\":\"WebSite\",\"@id\":\"https:\\\/\\\/wp.kristdemokraterna.se\\\/nacka\\\/#website\",\"url\":\"https:\\\/\\\/wp.kristdemokraterna.se\\\/nacka\\\/\",\"name\":\"Kristdemokraterna i Nacka\",\"description\":\"Vi \u00e4r hj\u00e4rtat till h\u00f6ger\",\"inLanguage\":\"sv-SE\"}]}<\/script>\n<!-- \/ Yoast SEO plugin. -->","yoast_head_json":{"title":"Insatser mot ensamhet och psykisk oh\u00e4lsa - Kristdemokraterna i Nacka","robots":{"index":"index","follow":"follow","max-snippet":"max-snippet:-1","max-image-preview":"max-image-preview:large","max-video-preview":"max-video-preview:-1"},"canonical":"https:\/\/wp.kristdemokraterna.se\/nacka\/insatser-mot-ensamhet-och-psykisk-ohalsa\/","og_locale":"sv_SE","og_type":"article","og_title":"Insatser mot ensamhet och psykisk oh\u00e4lsa - Kristdemokraterna i Nacka","og_description":"Ensamhet \u00e4r en av v\u00e5r tids stora utmaningar. En av fyra lider av ofrivillig ensamhet, vilket bidrar till psykisk oh\u00e4lsa. Att v\u00e4nda utvecklingen kr\u00e4ver f\u00f6rebyggande insatser p\u00e5 flera fronter samtidigt.\u00a0 Bryt ensamheten genom gemenskap \u2013 planera in m\u00f6tesplatser i samh\u00e4llsbygget och st\u00e4rk f\u00f6reningslivet f\u00f6r alla generationer. Tidiga insatser \u2013 st\u00e4rk elevh\u00e4lsan, inf\u00f6r screening f\u00f6r psykisk L\u00e4s mer","og_url":"https:\/\/wp.kristdemokraterna.se\/nacka\/insatser-mot-ensamhet-och-psykisk-ohalsa\/","og_site_name":"Kristdemokraterna i Nacka","article_modified_time":"2026-03-26T13:01:11+00:00","twitter_card":"summary_large_image","twitter_misc":{"Ber\u00e4knad l\u00e4stid":"1 minut"},"schema":{"@context":"https:\/\/schema.org","@graph":[{"@type":"WebPage","@id":"https:\/\/wp.kristdemokraterna.se\/nacka\/insatser-mot-ensamhet-och-psykisk-ohalsa\/","url":"https:\/\/wp.kristdemokraterna.se\/nacka\/insatser-mot-ensamhet-och-psykisk-ohalsa\/","name":"Insatser mot ensamhet och psykisk oh\u00e4lsa - Kristdemokraterna i Nacka","isPartOf":{"@id":"https:\/\/wp.kristdemokraterna.se\/nacka\/#website"},"datePublished":"2026-03-26T13:00:54+00:00","dateModified":"2026-03-26T13:01:11+00:00","breadcrumb":{"@id":"https:\/\/wp.kristdemokraterna.se\/nacka\/insatser-mot-ensamhet-och-psykisk-ohalsa\/#breadcrumb"},"inLanguage":"sv-SE","potentialAction":[{"@type":"ReadAction","target":["https:\/\/wp.kristdemokraterna.se\/nacka\/insatser-mot-ensamhet-och-psykisk-ohalsa\/"]}]},{"@type":"BreadcrumbList","@id":"https:\/\/wp.kristdemokraterna.se\/nacka\/insatser-mot-ensamhet-och-psykisk-ohalsa\/#breadcrumb","itemListElement":[{"@type":"ListItem","position":1,"name":"Hem","item":"https:\/\/wp.kristdemokraterna.se\/nacka\/"},{"@type":"ListItem","position":2,"name":"Insatser mot ensamhet och psykisk oh\u00e4lsa"}]},{"@type":"WebSite","@id":"https:\/\/wp.kristdemokraterna.se\/nacka\/#website","url":"https:\/\/wp.kristdemokraterna.se\/nacka\/","name":"Kristdemokraterna i Nacka","description":"Vi \u00e4r hj\u00e4rtat till h\u00f6ger","inLanguage":"sv-SE"}]}},"_links":{"self":[{"href":"https:\/\/wp.kristdemokraterna.se\/nacka\/wp-json\/wp\/v2\/pages\/1440","targetHints":{"allow":["GET"]}}],"collection":[{"href":"https:\/\/wp.kristdemokraterna.se\/nacka\/wp-json\/wp\/v2\/pages"}],"about":[{"href":"https:\/\/wp.kristdemokraterna.se\/nacka\/wp-json\/wp\/v2\/types\/page"}],"author":[{"embeddable":true,"href":"https:\/\/wp.kristdemokraterna.se\/nacka\/wp-json\/wp\/v2\/users\/789"}],"replies":[{"embeddable":true,"href":"https:\/\/wp.kristdemokraterna.se\/nacka\/wp-json\/wp\/v2\/comments?post=1440"}],"version-history":[{"count":1,"href":"https:\/\/wp.kristdemokraterna.se\/nacka\/wp-json\/wp\/v2\/pages\/1440\/revisions"}],"predecessor-version":[{"id":1441,"href":"https:\/\/wp.kristdemokraterna.se\/nacka\/wp-json\/wp\/v2\/pages\/1440\/revisions\/1441"}],"wp:attachment":[{"href":"https:\/\/wp.kristdemokraterna.se\/nacka\/wp-json\/wp\/v2\/media?parent=1440"}],"curies":[{"name":"wp","href":"https:\/\/api.w.org\/{rel}","templated":true}]}}