{"id":2677,"date":"2019-09-09T11:48:46","date_gmt":"2019-09-09T09:48:46","guid":{"rendered":"http:\/\/wp.kristdemokraterna.se\/norrkoping\/?page_id=2677"},"modified":"2025-04-01T11:08:49","modified_gmt":"2025-04-01T09:08:49","slug":"stadgar","status":"publish","type":"page","link":"https:\/\/wp.kristdemokraterna.se\/norrkoping\/om-oss\/stadgar\/","title":{"rendered":"V\u00e5ra stadgar"},"content":{"rendered":"<p>Stadgar \u00e4r beteckningen p\u00e5 de interna regler som g\u00e4ller f\u00f6r en f\u00f6rening eller en organisation. Stadgarna har framf\u00f6r allt betydelse f\u00f6r det praktiska arbetet i organisationen och f\u00f6r att ge riktlinjer f\u00f6r verksamheten.<\/p>\n<p>Kristdemokraternas stadgar antogs av Kristdemokraternas h\u00f6gsta beslutande organ, rikstinget, \u00e5r 2015 och 2017 och blev sedan reviderade p\u00e5 rikstinget, \u00e5r 2019.<\/p>\n<p>\u00a4 L\u00e4s mer: <a href=\"http:\/\/wp.kristdemokraterna.se\/norrkoping\/files\/2021\/01\/stadgar_kristdemokraterna_2019.pdf\" target=\"_blank\" rel=\"noopener\">stadgar-kristdemokraterna-2019<\/a> (pdf)<\/p>\n<p>&nbsp;<\/p>\n","protected":false},"excerpt":{"rendered":"<p>Stadgar \u00e4r beteckningen p\u00e5 de interna regler som g\u00e4ller f\u00f6r en f\u00f6rening eller en organisation. Stadgarna har framf\u00f6r allt betydelse f\u00f6r det praktiska arbetet i organisationen och f\u00f6r att ge riktlinjer f\u00f6r verksamheten. Kristdemokraternas stadgar antogs av Kristdemokraternas h\u00f6gsta beslutande organ, rikstinget, \u00e5r 2015 och 2017 och blev sedan reviderade p\u00e5 rikstinget, \u00e5r 2019. \u00a4 <a class=\"read-more-link\" href=\"https:\/\/wp.kristdemokraterna.se\/norrkoping\/om-oss\/stadgar\/\">Read More<\/a><\/p>\n","protected":false},"author":45,"featured_media":0,"parent":93,"menu_order":4,"comment_status":"closed","ping_status":"closed","template":"","meta":{"_acf_changed":false,"footnotes":""},"class_list":["post-2677","page","type-page","status-publish","hentry"],"acf":[],"yoast_head":"<!-- This site is optimized with the Yoast SEO plugin v27.3 - https:\/\/yoast.com\/product\/yoast-seo-wordpress\/ -->\n<title>V\u00e5ra stadgar - Norrk\u00f6ping<\/title>\n<meta name=\"robots\" content=\"index, follow, max-snippet:-1, max-image-preview:large, max-video-preview:-1\" \/>\n<link rel=\"canonical\" href=\"https:\/\/wp.kristdemokraterna.se\/norrkoping\/om-oss\/stadgar\/\" \/>\n<meta property=\"og:locale\" content=\"sv_SE\" \/>\n<meta property=\"og:type\" content=\"article\" \/>\n<meta property=\"og:title\" content=\"V\u00e5ra stadgar - Norrk\u00f6ping\" \/>\n<meta property=\"og:description\" content=\"Stadgar \u00e4r beteckningen p\u00e5 de interna regler som g\u00e4ller f\u00f6r en f\u00f6rening eller en organisation. Stadgarna har framf\u00f6r allt betydelse f\u00f6r det praktiska arbetet i organisationen och f\u00f6r att ge riktlinjer f\u00f6r verksamheten. Kristdemokraternas stadgar antogs av Kristdemokraternas h\u00f6gsta beslutande organ, rikstinget, \u00e5r 2015 och 2017 och blev sedan reviderade p\u00e5 rikstinget, \u00e5r 2019. \u00a4 Read More\" \/>\n<meta property=\"og:url\" content=\"https:\/\/wp.kristdemokraterna.se\/norrkoping\/om-oss\/stadgar\/\" \/>\n<meta property=\"og:site_name\" content=\"Norrk\u00f6ping\" \/>\n<meta property=\"article:publisher\" content=\"https:\/\/www.facebook.com\/kdnorrkoping\/\" \/>\n<meta property=\"article:modified_time\" content=\"2025-04-01T09:08:49+00:00\" \/>\n<meta name=\"twitter:card\" content=\"summary_large_image\" \/>\n<meta name=\"twitter:label1\" content=\"Ber\u00e4knad l\u00e4stid\" \/>\n\t<meta name=\"twitter:data1\" content=\"1 minut\" \/>\n<script type=\"application\/ld+json\" class=\"yoast-schema-graph\">{\"@context\":\"https:\\\/\\\/schema.org\",\"@graph\":[{\"@type\":\"WebPage\",\"@id\":\"https:\\\/\\\/wp.kristdemokraterna.se\\\/norrkoping\\\/om-oss\\\/stadgar\\\/\",\"url\":\"https:\\\/\\\/wp.kristdemokraterna.se\\\/norrkoping\\\/om-oss\\\/stadgar\\\/\",\"name\":\"V\u00e5ra stadgar - Norrk\u00f6ping\",\"isPartOf\":{\"@id\":\"https:\\\/\\\/wp.kristdemokraterna.se\\\/norrkoping\\\/#website\"},\"datePublished\":\"2019-09-09T09:48:46+00:00\",\"dateModified\":\"2025-04-01T09:08:49+00:00\",\"breadcrumb\":{\"@id\":\"https:\\\/\\\/wp.kristdemokraterna.se\\\/norrkoping\\\/om-oss\\\/stadgar\\\/#breadcrumb\"},\"inLanguage\":\"sv-SE\",\"potentialAction\":[{\"@type\":\"ReadAction\",\"target\":[\"https:\\\/\\\/wp.kristdemokraterna.se\\\/norrkoping\\\/om-oss\\\/stadgar\\\/\"]}]},{\"@type\":\"BreadcrumbList\",\"@id\":\"https:\\\/\\\/wp.kristdemokraterna.se\\\/norrkoping\\\/om-oss\\\/stadgar\\\/#breadcrumb\",\"itemListElement\":[{\"@type\":\"ListItem\",\"position\":1,\"name\":\"Hem\",\"item\":\"https:\\\/\\\/wp.kristdemokraterna.se\\\/norrkoping\\\/\"},{\"@type\":\"ListItem\",\"position\":2,\"name\":\"V\u00e5rt parti\",\"item\":\"https:\\\/\\\/wp.kristdemokraterna.se\\\/norrkoping\\\/om-oss\\\/\"},{\"@type\":\"ListItem\",\"position\":3,\"name\":\"V\u00e5ra stadgar\"}]},{\"@type\":\"WebSite\",\"@id\":\"https:\\\/\\\/wp.kristdemokraterna.se\\\/norrkoping\\\/#website\",\"url\":\"https:\\\/\\\/wp.kristdemokraterna.se\\\/norrkoping\\\/\",\"name\":\"Norrk\u00f6ping\",\"description\":\"Kristdemokraterna\",\"inLanguage\":\"sv-SE\"}]}<\/script>\n<!-- \/ Yoast SEO plugin. -->","yoast_head_json":{"title":"V\u00e5ra stadgar - Norrk\u00f6ping","robots":{"index":"index","follow":"follow","max-snippet":"max-snippet:-1","max-image-preview":"max-image-preview:large","max-video-preview":"max-video-preview:-1"},"canonical":"https:\/\/wp.kristdemokraterna.se\/norrkoping\/om-oss\/stadgar\/","og_locale":"sv_SE","og_type":"article","og_title":"V\u00e5ra stadgar - Norrk\u00f6ping","og_description":"Stadgar \u00e4r beteckningen p\u00e5 de interna regler som g\u00e4ller f\u00f6r en f\u00f6rening eller en organisation. Stadgarna har framf\u00f6r allt betydelse f\u00f6r det praktiska arbetet i organisationen och f\u00f6r att ge riktlinjer f\u00f6r verksamheten. Kristdemokraternas stadgar antogs av Kristdemokraternas h\u00f6gsta beslutande organ, rikstinget, \u00e5r 2015 och 2017 och blev sedan reviderade p\u00e5 rikstinget, \u00e5r 2019. \u00a4 Read More","og_url":"https:\/\/wp.kristdemokraterna.se\/norrkoping\/om-oss\/stadgar\/","og_site_name":"Norrk\u00f6ping","article_publisher":"https:\/\/www.facebook.com\/kdnorrkoping\/","article_modified_time":"2025-04-01T09:08:49+00:00","twitter_card":"summary_large_image","twitter_misc":{"Ber\u00e4knad l\u00e4stid":"1 minut"},"schema":{"@context":"https:\/\/schema.org","@graph":[{"@type":"WebPage","@id":"https:\/\/wp.kristdemokraterna.se\/norrkoping\/om-oss\/stadgar\/","url":"https:\/\/wp.kristdemokraterna.se\/norrkoping\/om-oss\/stadgar\/","name":"V\u00e5ra stadgar - Norrk\u00f6ping","isPartOf":{"@id":"https:\/\/wp.kristdemokraterna.se\/norrkoping\/#website"},"datePublished":"2019-09-09T09:48:46+00:00","dateModified":"2025-04-01T09:08:49+00:00","breadcrumb":{"@id":"https:\/\/wp.kristdemokraterna.se\/norrkoping\/om-oss\/stadgar\/#breadcrumb"},"inLanguage":"sv-SE","potentialAction":[{"@type":"ReadAction","target":["https:\/\/wp.kristdemokraterna.se\/norrkoping\/om-oss\/stadgar\/"]}]},{"@type":"BreadcrumbList","@id":"https:\/\/wp.kristdemokraterna.se\/norrkoping\/om-oss\/stadgar\/#breadcrumb","itemListElement":[{"@type":"ListItem","position":1,"name":"Hem","item":"https:\/\/wp.kristdemokraterna.se\/norrkoping\/"},{"@type":"ListItem","position":2,"name":"V\u00e5rt parti","item":"https:\/\/wp.kristdemokraterna.se\/norrkoping\/om-oss\/"},{"@type":"ListItem","position":3,"name":"V\u00e5ra stadgar"}]},{"@type":"WebSite","@id":"https:\/\/wp.kristdemokraterna.se\/norrkoping\/#website","url":"https:\/\/wp.kristdemokraterna.se\/norrkoping\/","name":"Norrk\u00f6ping","description":"Kristdemokraterna","inLanguage":"sv-SE"}]}},"_links":{"self":[{"href":"https:\/\/wp.kristdemokraterna.se\/norrkoping\/wp-json\/wp\/v2\/pages\/2677","targetHints":{"allow":["GET"]}}],"collection":[{"href":"https:\/\/wp.kristdemokraterna.se\/norrkoping\/wp-json\/wp\/v2\/pages"}],"about":[{"href":"https:\/\/wp.kristdemokraterna.se\/norrkoping\/wp-json\/wp\/v2\/types\/page"}],"author":[{"embeddable":true,"href":"https:\/\/wp.kristdemokraterna.se\/norrkoping\/wp-json\/wp\/v2\/users\/45"}],"replies":[{"embeddable":true,"href":"https:\/\/wp.kristdemokraterna.se\/norrkoping\/wp-json\/wp\/v2\/comments?post=2677"}],"version-history":[{"count":10,"href":"https:\/\/wp.kristdemokraterna.se\/norrkoping\/wp-json\/wp\/v2\/pages\/2677\/revisions"}],"predecessor-version":[{"id":2751,"href":"https:\/\/wp.kristdemokraterna.se\/norrkoping\/wp-json\/wp\/v2\/pages\/2677\/revisions\/2751"}],"up":[{"embeddable":true,"href":"https:\/\/wp.kristdemokraterna.se\/norrkoping\/wp-json\/wp\/v2\/pages\/93"}],"wp:attachment":[{"href":"https:\/\/wp.kristdemokraterna.se\/norrkoping\/wp-json\/wp\/v2\/media?parent=2677"}],"curies":[{"name":"wp","href":"https:\/\/api.w.org\/{rel}","templated":true}]}}