{"id":199,"date":"2018-06-12T13:46:30","date_gmt":"2018-06-12T11:46:30","guid":{"rendered":"http:\/\/wp.kristdemokraterna.se\/nybro\/?page_id=199"},"modified":"2026-02-24T17:12:26","modified_gmt":"2026-02-24T16:12:26","slug":"partiavdelningen","status":"publish","type":"page","link":"https:\/\/wp.kristdemokraterna.se\/nybro\/kontakta-oss-2\/partiavdelningen\/","title":{"rendered":"Partiavdelningen"},"content":{"rendered":"<h3>Ordf\u00f6rande<\/h3>\n<p>Anders Petersson<\/p>\n<h3>Vice ordf\u00f6rande och gruppledare<\/h3>\n<p>Stefan Lagesson<\/p>\n<h3>Ordinarie styrelseledam\u00f6ter<\/h3>\n<p>Pierre Josefsson<br \/>\nTorsten Tietz<br \/>\nMichael Ericson<br \/>\nUlla Eriksson<br \/>\nEmma Kahnt<\/p>\n<h3>Ers\u00e4ttare<\/h3>\n<p>Lisbet Carlsson<br \/>\nMyrtel Tobiasson<\/p>\n<h3>Revisorer<\/h3>\n<p>Robert Duveskog<br \/>\nAnders Duveskog<\/p>\n<h3>Ers\u00e4ttare<\/h3>\n<p>Sofia Dackebrand<\/p>\n<h3>Valberedning<\/h3>\n<p>Styrelsen<\/p>\n<h3>Arkivansvarig<\/h3>\n<p>Styrelsen<\/p>\n<h3>Ansvarig f\u00f6r hemsida<\/h3>\n<p>Anders Petersson<\/p>\n<h3>Ansvarig n\u00e4rradioprogram<\/h3>\n<p>Stefan Lagesson<\/p>\n<h3>Ombud till riksting \/ Partidistriktsstyrelse<\/h3>\n<p>Stefan Lagesson<br \/>\nMichael Ericson<\/p>\n<p>&nbsp;<\/p>\n<p>&nbsp;<\/p>\n","protected":false},"excerpt":{"rendered":"<p>Ordf\u00f6rande Anders Petersson Vice ordf\u00f6rande och gruppledare Stefan Lagesson Ordinarie styrelseledam\u00f6ter Pierre Josefsson Torsten Tietz Michael Ericson Ulla Eriksson Emma Kahnt Ers\u00e4ttare Lisbet Carlsson Myrtel Tobiasson Revisorer Robert Duveskog Anders Duveskog Ers\u00e4ttare Sofia Dackebrand Valberedning Styrelsen Arkivansvarig Styrelsen Ansvarig f\u00f6r hemsida Anders Petersson Ansvarig n\u00e4rradioprogram Stefan Lagesson Ombud till riksting \/ Partidistriktsstyrelse Stefan Lagesson Michael <a class=\"read-more-link\" href=\"https:\/\/wp.kristdemokraterna.se\/nybro\/kontakta-oss-2\/partiavdelningen\/\">Read More<\/a><\/p>\n","protected":false},"author":444,"featured_media":0,"parent":201,"menu_order":0,"comment_status":"closed","ping_status":"closed","template":"","meta":{"_acf_changed":false,"footnotes":""},"class_list":["post-199","page","type-page","status-publish","hentry"],"acf":[],"yoast_head":"<!-- This site is optimized with the Yoast SEO plugin v27.5 - https:\/\/yoast.com\/product\/yoast-seo-wordpress\/ -->\n<title>Partiavdelningen - Kristdemokraterna i Nybro<\/title>\n<meta name=\"robots\" content=\"noindex, follow, max-snippet:-1, max-image-preview:large, max-video-preview:-1\" \/>\n<meta property=\"og:locale\" content=\"sv_SE\" \/>\n<meta property=\"og:type\" content=\"article\" \/>\n<meta property=\"og:title\" content=\"Partiavdelningen - Kristdemokraterna i Nybro\" \/>\n<meta property=\"og:description\" content=\"Ordf\u00f6rande Anders Petersson Vice ordf\u00f6rande och gruppledare Stefan Lagesson Ordinarie styrelseledam\u00f6ter Pierre Josefsson Torsten Tietz Michael Ericson Ulla Eriksson Emma Kahnt Ers\u00e4ttare Lisbet Carlsson Myrtel Tobiasson Revisorer Robert Duveskog Anders Duveskog Ers\u00e4ttare Sofia Dackebrand Valberedning Styrelsen Arkivansvarig Styrelsen Ansvarig f\u00f6r hemsida Anders Petersson Ansvarig n\u00e4rradioprogram Stefan Lagesson Ombud till riksting \/ Partidistriktsstyrelse Stefan Lagesson Michael Read More\" \/>\n<meta property=\"og:url\" content=\"https:\/\/wp.kristdemokraterna.se\/nybro\/kontakta-oss-2\/partiavdelningen\/\" \/>\n<meta property=\"og:site_name\" content=\"Kristdemokraterna i Nybro\" \/>\n<meta property=\"article:modified_time\" content=\"2026-02-24T16:12:26+00:00\" \/>\n<meta name=\"twitter:card\" content=\"summary_large_image\" \/>\n<meta name=\"twitter:label1\" content=\"Ber\u00e4knad l\u00e4stid\" \/>\n\t<meta name=\"twitter:data1\" content=\"1 minut\" \/>\n<script type=\"application\/ld+json\" class=\"yoast-schema-graph\">{\"@context\":\"https:\\\/\\\/schema.org\",\"@graph\":[{\"@type\":\"WebPage\",\"@id\":\"https:\\\/\\\/wp.kristdemokraterna.se\\\/nybro\\\/kontakta-oss-2\\\/partiavdelningen\\\/\",\"url\":\"https:\\\/\\\/wp.kristdemokraterna.se\\\/nybro\\\/kontakta-oss-2\\\/partiavdelningen\\\/\",\"name\":\"Partiavdelningen - Kristdemokraterna i Nybro\",\"isPartOf\":{\"@id\":\"https:\\\/\\\/wp.kristdemokraterna.se\\\/nybro\\\/#website\"},\"datePublished\":\"2018-06-12T11:46:30+00:00\",\"dateModified\":\"2026-02-24T16:12:26+00:00\",\"breadcrumb\":{\"@id\":\"https:\\\/\\\/wp.kristdemokraterna.se\\\/nybro\\\/kontakta-oss-2\\\/partiavdelningen\\\/#breadcrumb\"},\"inLanguage\":\"sv-SE\",\"potentialAction\":[{\"@type\":\"ReadAction\",\"target\":[\"https:\\\/\\\/wp.kristdemokraterna.se\\\/nybro\\\/kontakta-oss-2\\\/partiavdelningen\\\/\"]}]},{\"@type\":\"BreadcrumbList\",\"@id\":\"https:\\\/\\\/wp.kristdemokraterna.se\\\/nybro\\\/kontakta-oss-2\\\/partiavdelningen\\\/#breadcrumb\",\"itemListElement\":[{\"@type\":\"ListItem\",\"position\":1,\"name\":\"Hem\",\"item\":\"https:\\\/\\\/wp.kristdemokraterna.se\\\/nybro\\\/\"},{\"@type\":\"ListItem\",\"position\":2,\"name\":\"Kontakta oss\",\"item\":\"https:\\\/\\\/wp.kristdemokraterna.se\\\/nybro\\\/kontakta-oss-2\\\/\"},{\"@type\":\"ListItem\",\"position\":3,\"name\":\"Partiavdelningen\"}]},{\"@type\":\"WebSite\",\"@id\":\"https:\\\/\\\/wp.kristdemokraterna.se\\\/nybro\\\/#website\",\"url\":\"https:\\\/\\\/wp.kristdemokraterna.se\\\/nybro\\\/\",\"name\":\"Kristdemokraterna i Nybro\",\"description\":\"En till Kristdemokraterna webbplats\",\"inLanguage\":\"sv-SE\"}]}<\/script>\n<!-- \/ Yoast SEO plugin. -->","yoast_head_json":{"title":"Partiavdelningen - Kristdemokraterna i Nybro","robots":{"index":"noindex","follow":"follow","max-snippet":"max-snippet:-1","max-image-preview":"max-image-preview:large","max-video-preview":"max-video-preview:-1"},"og_locale":"sv_SE","og_type":"article","og_title":"Partiavdelningen - Kristdemokraterna i Nybro","og_description":"Ordf\u00f6rande Anders Petersson Vice ordf\u00f6rande och gruppledare Stefan Lagesson Ordinarie styrelseledam\u00f6ter Pierre Josefsson Torsten Tietz Michael Ericson Ulla Eriksson Emma Kahnt Ers\u00e4ttare Lisbet Carlsson Myrtel Tobiasson Revisorer Robert Duveskog Anders Duveskog Ers\u00e4ttare Sofia Dackebrand Valberedning Styrelsen Arkivansvarig Styrelsen Ansvarig f\u00f6r hemsida Anders Petersson Ansvarig n\u00e4rradioprogram Stefan Lagesson Ombud till riksting \/ Partidistriktsstyrelse Stefan Lagesson Michael Read More","og_url":"https:\/\/wp.kristdemokraterna.se\/nybro\/kontakta-oss-2\/partiavdelningen\/","og_site_name":"Kristdemokraterna i Nybro","article_modified_time":"2026-02-24T16:12:26+00:00","twitter_card":"summary_large_image","twitter_misc":{"Ber\u00e4knad l\u00e4stid":"1 minut"},"schema":{"@context":"https:\/\/schema.org","@graph":[{"@type":"WebPage","@id":"https:\/\/wp.kristdemokraterna.se\/nybro\/kontakta-oss-2\/partiavdelningen\/","url":"https:\/\/wp.kristdemokraterna.se\/nybro\/kontakta-oss-2\/partiavdelningen\/","name":"Partiavdelningen - Kristdemokraterna i Nybro","isPartOf":{"@id":"https:\/\/wp.kristdemokraterna.se\/nybro\/#website"},"datePublished":"2018-06-12T11:46:30+00:00","dateModified":"2026-02-24T16:12:26+00:00","breadcrumb":{"@id":"https:\/\/wp.kristdemokraterna.se\/nybro\/kontakta-oss-2\/partiavdelningen\/#breadcrumb"},"inLanguage":"sv-SE","potentialAction":[{"@type":"ReadAction","target":["https:\/\/wp.kristdemokraterna.se\/nybro\/kontakta-oss-2\/partiavdelningen\/"]}]},{"@type":"BreadcrumbList","@id":"https:\/\/wp.kristdemokraterna.se\/nybro\/kontakta-oss-2\/partiavdelningen\/#breadcrumb","itemListElement":[{"@type":"ListItem","position":1,"name":"Hem","item":"https:\/\/wp.kristdemokraterna.se\/nybro\/"},{"@type":"ListItem","position":2,"name":"Kontakta oss","item":"https:\/\/wp.kristdemokraterna.se\/nybro\/kontakta-oss-2\/"},{"@type":"ListItem","position":3,"name":"Partiavdelningen"}]},{"@type":"WebSite","@id":"https:\/\/wp.kristdemokraterna.se\/nybro\/#website","url":"https:\/\/wp.kristdemokraterna.se\/nybro\/","name":"Kristdemokraterna i Nybro","description":"En till Kristdemokraterna webbplats","inLanguage":"sv-SE"}]}},"_links":{"self":[{"href":"https:\/\/wp.kristdemokraterna.se\/nybro\/wp-json\/wp\/v2\/pages\/199","targetHints":{"allow":["GET"]}}],"collection":[{"href":"https:\/\/wp.kristdemokraterna.se\/nybro\/wp-json\/wp\/v2\/pages"}],"about":[{"href":"https:\/\/wp.kristdemokraterna.se\/nybro\/wp-json\/wp\/v2\/types\/page"}],"author":[{"embeddable":true,"href":"https:\/\/wp.kristdemokraterna.se\/nybro\/wp-json\/wp\/v2\/users\/444"}],"replies":[{"embeddable":true,"href":"https:\/\/wp.kristdemokraterna.se\/nybro\/wp-json\/wp\/v2\/comments?post=199"}],"version-history":[{"count":8,"href":"https:\/\/wp.kristdemokraterna.se\/nybro\/wp-json\/wp\/v2\/pages\/199\/revisions"}],"predecessor-version":[{"id":318,"href":"https:\/\/wp.kristdemokraterna.se\/nybro\/wp-json\/wp\/v2\/pages\/199\/revisions\/318"}],"up":[{"embeddable":true,"href":"https:\/\/wp.kristdemokraterna.se\/nybro\/wp-json\/wp\/v2\/pages\/201"}],"wp:attachment":[{"href":"https:\/\/wp.kristdemokraterna.se\/nybro\/wp-json\/wp\/v2\/media?parent=199"}],"curies":[{"name":"wp","href":"https:\/\/api.w.org\/{rel}","templated":true}]}}

<h3>Ordförande</h3>
<p>Anders Petersson</p>
<h3>Vice ordförande och gruppledare</h3>
<p>Stefan Lagesson</p>
<h3>Ordinarie styrelseledamöter</h3>
<p>Pierre Josefsson<br />
Torsten Tietz<br />
Michael Ericson<br />
Ulla Eriksson<br />
Emma Kahnt</p>
<h3>Ersättare</h3>
<p>Lisbet Carlsson<br />
Myrtel Tobiasson</p>
<h3>Revisorer</h3>
<p>Robert Duveskog<br />
Anders Duveskog</p>
<h3>Ersättare</h3>
<p>Sofia Dackebrand</p>
<h3>Valberedning</h3>
<p>Styrelsen</p>
<h3>Arkivansvarig</h3>
<p>Styrelsen</p>
<h3>Ansvarig för hemsida</h3>
<p>Anders Petersson</p>
<h3>Ansvarig närradioprogram</h3>
<p>Stefan Lagesson</p>
<h3>Ombud till riksting / Partidistriktsstyrelse</h3>
<p>Stefan Lagesson<br />
Michael Ericson</p>
<p>&nbsp;</p>
<p>&nbsp;</p>

<p>Ordförande Anders Petersson Vice ordförande och gruppledare Stefan Lagesson Ordinarie styrelseledamöter Pierre Josefsson Torsten Tietz Michael Ericson Ulla Eriksson Emma Kahnt Ersättare Lisbet Carlsson Myrtel Tobiasson Revisorer Robert Duveskog Anders Duveskog Ersättare Sofia Dackebrand Valberedning Styrelsen Arkivansvarig Styrelsen Ansvarig för hemsida Anders Petersson Ansvarig närradioprogram Stefan Lagesson Ombud till riksting / Partidistriktsstyrelse Stefan Lagesson Michael <a class="read-more-link" href="https://wp.kristdemokraterna.se/nybro/kontakta-oss-2/partiavdelningen/">Read More</a></p>

<!-- This site is optimized with the Yoast SEO plugin v27.5 - https://yoast.com/product/yoast-seo-wordpress/ -->
<title>Partiavdelningen - Kristdemokraterna i Nybro</title>
<meta name="robots" content="noindex, follow, max-snippet:-1, max-image-preview:large, max-video-preview:-1" />
<meta property="og:locale" content="sv_SE" />
<meta property="og:type" content="article" />
<meta property="og:title" content="Partiavdelningen - Kristdemokraterna i Nybro" />
<meta property="og:description" content="Ordförande Anders Petersson Vice ordförande och gruppledare Stefan Lagesson Ordinarie styrelseledamöter Pierre Josefsson Torsten Tietz Michael Ericson Ulla Eriksson Emma Kahnt Ersättare Lisbet Carlsson Myrtel Tobiasson Revisorer Robert Duveskog Anders Duveskog Ersättare Sofia Dackebrand Valberedning Styrelsen Arkivansvarig Styrelsen Ansvarig för hemsida Anders Petersson Ansvarig närradioprogram Stefan Lagesson Ombud till riksting / Partidistriktsstyrelse Stefan Lagesson Michael Read More" />
<meta property="og:url" content="https://wp.kristdemokraterna.se/nybro/kontakta-oss-2/partiavdelningen/" />
<meta property="og:site_name" content="Kristdemokraterna i Nybro" />
<meta property="article:modified_time" content="2026-02-24T16:12:26+00:00" />
<meta name="twitter:card" content="summary_large_image" />
<meta name="twitter:label1" content="Beräknad lästid" />
	<meta name="twitter:data1" content="1 minut" />
<script type="application/ld+json" class="yoast-schema-graph">{"@context":"https:\/\/schema.org","@graph":[{"@type":"WebPage","@id":"https:\/\/wp.kristdemokraterna.se\/nybro\/kontakta-oss-2\/partiavdelningen\/","url":"https:\/\/wp.kristdemokraterna.se\/nybro\/kontakta-oss-2\/partiavdelningen\/","name":"Partiavdelningen - Kristdemokraterna i Nybro","isPartOf":{"@id":"https:\/\/wp.kristdemokraterna.se\/nybro\/#website"},"datePublished":"2018-06-12T11:46:30+00:00","dateModified":"2026-02-24T16:12:26+00:00","breadcrumb":{"@id":"https:\/\/wp.kristdemokraterna.se\/nybro\/kontakta-oss-2\/partiavdelningen\/#breadcrumb"},"inLanguage":"sv-SE","potentialAction":[{"@type":"ReadAction","target":["https:\/\/wp.kristdemokraterna.se\/nybro\/kontakta-oss-2\/partiavdelningen\/"]}]},{"@type":"BreadcrumbList","@id":"https:\/\/wp.kristdemokraterna.se\/nybro\/kontakta-oss-2\/partiavdelningen\/#breadcrumb","itemListElement":[{"@type":"ListItem","position":1,"name":"Hem","item":"https:\/\/wp.kristdemokraterna.se\/nybro\/"},{"@type":"ListItem","position":2,"name":"Kontakta oss","item":"https:\/\/wp.kristdemokraterna.se\/nybro\/kontakta-oss-2\/"},{"@type":"ListItem","position":3,"name":"Partiavdelningen"}]},{"@type":"WebSite","@id":"https:\/\/wp.kristdemokraterna.se\/nybro\/#website","url":"https:\/\/wp.kristdemokraterna.se\/nybro\/","name":"Kristdemokraterna i Nybro","description":"En till Kristdemokraterna webbplats","inLanguage":"sv-SE"}]}</script>
<!-- / Yoast SEO plugin. -->

Ordförande Anders Petersson Vice ordförande och gruppledare Stefan Lagesson Ordinarie styrelseledamöter Pierre Josefsson Torsten Tietz Michael Ericson Ulla Eriksson Emma Kahnt Ersättare Lisbet Carlsson Myrtel Tobiasson Revisorer Robert Duveskog Anders Duveskog Ersättare Sofia Dackebrand Valberedning Styrelsen Arkivansvarig Styrelsen Ansvarig för hemsida Anders Petersson Ansvarig närradioprogram Stefan Lagesson Ombud till riksting / Partidistriktsstyrelse Stefan Lagesson Michael Read More
