{"id":368,"date":"2017-12-04T16:44:15","date_gmt":"2017-12-04T15:44:15","guid":{"rendered":"http:\/\/wp.kristdemokraterna.se\/nykoping-oxelosund\/?page_id=368"},"modified":"2023-08-17T10:57:47","modified_gmt":"2023-08-17T08:57:47","slug":"om-kristdemokraterna","status":"publish","type":"page","link":"https:\/\/wp.kristdemokraterna.se\/nykoping\/textsida-fullbredd\/om-kristdemokraterna\/","title":{"rendered":"Kristdemokraterna"},"content":{"rendered":"<div id=\"ctl00_AllAreaPlaceHolder_MainContentArea_PageHeader1_pnlHeading\">\n<h4><strong>Kristdemokraterna \u00e4r en del av den stora internationella kristdemokratin, v\u00e4rldens n\u00e4st st\u00f6rsta politiska r\u00f6relse. Kristdemokrati st\u00e5r f\u00f6r demokrati byggd p\u00e5 kristen m\u00e4nniskosyn och v\u00e4rdegrund. Vi s\u00e4tter m\u00e4nniskov\u00e4rdet och familjen h\u00f6gt, och motarbetar alla former av totalitarism. Alla som delar v\u00e5ra id\u00e9er \u00e4r v\u00e4lkomna i partiet.<\/strong><\/h4>\n<p>L\u00e4s mer p\u00e5 <a href=\"https:\/\/kristdemokraterna.se\/var-politik\">kristdemokraterna.se<\/a><\/p>\n<p>&nbsp;<\/p>\n<\/div>\n","protected":false},"excerpt":{"rendered":"<p>Kristdemokraterna \u00e4r en del av den stora internationella kristdemokratin, v\u00e4rldens n\u00e4st st\u00f6rsta politiska r\u00f6relse. Kristdemokrati st\u00e5r f\u00f6r demokrati byggd p\u00e5 kristen m\u00e4nniskosyn och v\u00e4rdegrund. Vi s\u00e4tter m\u00e4nniskov\u00e4rdet och familjen h\u00f6gt, och motarbetar alla former av totalitarism. Alla som delar v\u00e5ra id\u00e9er \u00e4r v\u00e4lkomna i partiet. L\u00e4s mer p\u00e5 kristdemokraterna.se &nbsp;<\/p>\n","protected":false},"author":783,"featured_media":0,"parent":272,"menu_order":0,"comment_status":"closed","ping_status":"closed","template":"page.php","meta":{"_acf_changed":false,"footnotes":""},"class_list":["post-368","page","type-page","status-publish","hentry"],"acf":[],"yoast_head":"<!-- This site is optimized with the Yoast SEO plugin v27.4 - https:\/\/yoast.com\/product\/yoast-seo-wordpress\/ -->\n<title>Kristdemokraterna - Kristdemokraterna i Nyk\u00f6ping<\/title>\n<meta name=\"robots\" content=\"index, follow, max-snippet:-1, max-image-preview:large, max-video-preview:-1\" \/>\n<link rel=\"canonical\" href=\"https:\/\/wp.kristdemokraterna.se\/nykoping\/textsida-fullbredd\/om-kristdemokraterna\/\" \/>\n<meta property=\"og:locale\" content=\"sv_SE\" \/>\n<meta property=\"og:type\" content=\"article\" \/>\n<meta property=\"og:title\" content=\"Kristdemokraterna - Kristdemokraterna i Nyk\u00f6ping\" \/>\n<meta property=\"og:description\" content=\"Kristdemokraterna \u00e4r en del av den stora internationella kristdemokratin, v\u00e4rldens n\u00e4st st\u00f6rsta politiska r\u00f6relse. Kristdemokrati st\u00e5r f\u00f6r demokrati byggd p\u00e5 kristen m\u00e4nniskosyn och v\u00e4rdegrund. Vi s\u00e4tter m\u00e4nniskov\u00e4rdet och familjen h\u00f6gt, och motarbetar alla former av totalitarism. Alla som delar v\u00e5ra id\u00e9er \u00e4r v\u00e4lkomna i partiet. L\u00e4s mer p\u00e5 kristdemokraterna.se &nbsp;\" \/>\n<meta property=\"og:url\" content=\"https:\/\/wp.kristdemokraterna.se\/nykoping\/textsida-fullbredd\/om-kristdemokraterna\/\" \/>\n<meta property=\"og:site_name\" content=\"Kristdemokraterna i Nyk\u00f6ping\" \/>\n<meta property=\"article:modified_time\" content=\"2023-08-17T08:57:47+00:00\" \/>\n<meta name=\"twitter:card\" content=\"summary_large_image\" \/>\n<script type=\"application\/ld+json\" class=\"yoast-schema-graph\">{\"@context\":\"https:\\\/\\\/schema.org\",\"@graph\":[{\"@type\":\"WebPage\",\"@id\":\"https:\\\/\\\/wp.kristdemokraterna.se\\\/nykoping\\\/textsida-fullbredd\\\/om-kristdemokraterna\\\/\",\"url\":\"https:\\\/\\\/wp.kristdemokraterna.se\\\/nykoping\\\/textsida-fullbredd\\\/om-kristdemokraterna\\\/\",\"name\":\"Kristdemokraterna - Kristdemokraterna i Nyk\u00f6ping\",\"isPartOf\":{\"@id\":\"https:\\\/\\\/wp.kristdemokraterna.se\\\/nykoping\\\/#website\"},\"datePublished\":\"2017-12-04T15:44:15+00:00\",\"dateModified\":\"2023-08-17T08:57:47+00:00\",\"breadcrumb\":{\"@id\":\"https:\\\/\\\/wp.kristdemokraterna.se\\\/nykoping\\\/textsida-fullbredd\\\/om-kristdemokraterna\\\/#breadcrumb\"},\"inLanguage\":\"sv-SE\",\"potentialAction\":[{\"@type\":\"ReadAction\",\"target\":[\"https:\\\/\\\/wp.kristdemokraterna.se\\\/nykoping\\\/textsida-fullbredd\\\/om-kristdemokraterna\\\/\"]}]},{\"@type\":\"BreadcrumbList\",\"@id\":\"https:\\\/\\\/wp.kristdemokraterna.se\\\/nykoping\\\/textsida-fullbredd\\\/om-kristdemokraterna\\\/#breadcrumb\",\"itemListElement\":[{\"@type\":\"ListItem\",\"position\":1,\"name\":\"Hem\",\"item\":\"https:\\\/\\\/wp.kristdemokraterna.se\\\/nykoping\\\/\"},{\"@type\":\"ListItem\",\"position\":2,\"name\":\"Vad vi st\u00e5r f\u00f6r!\",\"item\":\"https:\\\/\\\/wp.kristdemokraterna.se\\\/nykoping\\\/textsida-fullbredd\\\/\"},{\"@type\":\"ListItem\",\"position\":3,\"name\":\"Kristdemokraterna\"}]},{\"@type\":\"WebSite\",\"@id\":\"https:\\\/\\\/wp.kristdemokraterna.se\\\/nykoping\\\/#website\",\"url\":\"https:\\\/\\\/wp.kristdemokraterna.se\\\/nykoping\\\/\",\"name\":\"Kristdemokraterna i Nyk\u00f6ping\",\"description\":\"Du ska kunna lita p\u00e5 Sverige\",\"inLanguage\":\"sv-SE\"}]}<\/script>\n<!-- \/ Yoast SEO plugin. -->","yoast_head_json":{"title":"Kristdemokraterna - Kristdemokraterna i Nyk\u00f6ping","robots":{"index":"index","follow":"follow","max-snippet":"max-snippet:-1","max-image-preview":"max-image-preview:large","max-video-preview":"max-video-preview:-1"},"canonical":"https:\/\/wp.kristdemokraterna.se\/nykoping\/textsida-fullbredd\/om-kristdemokraterna\/","og_locale":"sv_SE","og_type":"article","og_title":"Kristdemokraterna - Kristdemokraterna i Nyk\u00f6ping","og_description":"Kristdemokraterna \u00e4r en del av den stora internationella kristdemokratin, v\u00e4rldens n\u00e4st st\u00f6rsta politiska r\u00f6relse. Kristdemokrati st\u00e5r f\u00f6r demokrati byggd p\u00e5 kristen m\u00e4nniskosyn och v\u00e4rdegrund. Vi s\u00e4tter m\u00e4nniskov\u00e4rdet och familjen h\u00f6gt, och motarbetar alla former av totalitarism. Alla som delar v\u00e5ra id\u00e9er \u00e4r v\u00e4lkomna i partiet. L\u00e4s mer p\u00e5 kristdemokraterna.se &nbsp;","og_url":"https:\/\/wp.kristdemokraterna.se\/nykoping\/textsida-fullbredd\/om-kristdemokraterna\/","og_site_name":"Kristdemokraterna i Nyk\u00f6ping","article_modified_time":"2023-08-17T08:57:47+00:00","twitter_card":"summary_large_image","schema":{"@context":"https:\/\/schema.org","@graph":[{"@type":"WebPage","@id":"https:\/\/wp.kristdemokraterna.se\/nykoping\/textsida-fullbredd\/om-kristdemokraterna\/","url":"https:\/\/wp.kristdemokraterna.se\/nykoping\/textsida-fullbredd\/om-kristdemokraterna\/","name":"Kristdemokraterna - Kristdemokraterna i Nyk\u00f6ping","isPartOf":{"@id":"https:\/\/wp.kristdemokraterna.se\/nykoping\/#website"},"datePublished":"2017-12-04T15:44:15+00:00","dateModified":"2023-08-17T08:57:47+00:00","breadcrumb":{"@id":"https:\/\/wp.kristdemokraterna.se\/nykoping\/textsida-fullbredd\/om-kristdemokraterna\/#breadcrumb"},"inLanguage":"sv-SE","potentialAction":[{"@type":"ReadAction","target":["https:\/\/wp.kristdemokraterna.se\/nykoping\/textsida-fullbredd\/om-kristdemokraterna\/"]}]},{"@type":"BreadcrumbList","@id":"https:\/\/wp.kristdemokraterna.se\/nykoping\/textsida-fullbredd\/om-kristdemokraterna\/#breadcrumb","itemListElement":[{"@type":"ListItem","position":1,"name":"Hem","item":"https:\/\/wp.kristdemokraterna.se\/nykoping\/"},{"@type":"ListItem","position":2,"name":"Vad vi st\u00e5r f\u00f6r!","item":"https:\/\/wp.kristdemokraterna.se\/nykoping\/textsida-fullbredd\/"},{"@type":"ListItem","position":3,"name":"Kristdemokraterna"}]},{"@type":"WebSite","@id":"https:\/\/wp.kristdemokraterna.se\/nykoping\/#website","url":"https:\/\/wp.kristdemokraterna.se\/nykoping\/","name":"Kristdemokraterna i Nyk\u00f6ping","description":"Du ska kunna lita p\u00e5 Sverige","inLanguage":"sv-SE"}]}},"_links":{"self":[{"href":"https:\/\/wp.kristdemokraterna.se\/nykoping\/wp-json\/wp\/v2\/pages\/368","targetHints":{"allow":["GET"]}}],"collection":[{"href":"https:\/\/wp.kristdemokraterna.se\/nykoping\/wp-json\/wp\/v2\/pages"}],"about":[{"href":"https:\/\/wp.kristdemokraterna.se\/nykoping\/wp-json\/wp\/v2\/types\/page"}],"author":[{"embeddable":true,"href":"https:\/\/wp.kristdemokraterna.se\/nykoping\/wp-json\/wp\/v2\/users\/783"}],"replies":[{"embeddable":true,"href":"https:\/\/wp.kristdemokraterna.se\/nykoping\/wp-json\/wp\/v2\/comments?post=368"}],"version-history":[{"count":7,"href":"https:\/\/wp.kristdemokraterna.se\/nykoping\/wp-json\/wp\/v2\/pages\/368\/revisions"}],"predecessor-version":[{"id":702,"href":"https:\/\/wp.kristdemokraterna.se\/nykoping\/wp-json\/wp\/v2\/pages\/368\/revisions\/702"}],"up":[{"embeddable":true,"href":"https:\/\/wp.kristdemokraterna.se\/nykoping\/wp-json\/wp\/v2\/pages\/272"}],"wp:attachment":[{"href":"https:\/\/wp.kristdemokraterna.se\/nykoping\/wp-json\/wp\/v2\/media?parent=368"}],"curies":[{"name":"wp","href":"https:\/\/api.w.org\/{rel}","templated":true}]}}

<div id="ctl00_AllAreaPlaceHolder_MainContentArea_PageHeader1_pnlHeading">
<h4><strong>Kristdemokraterna är en del av den stora internationella kristdemokratin, världens näst största politiska rörelse. Kristdemokrati står för demokrati byggd på kristen människosyn och värdegrund. Vi sätter människovärdet och familjen högt, och motarbetar alla former av totalitarism. Alla som delar våra idéer är välkomna i partiet.</strong></h4>
<p>Läs mer på <a href="https://kristdemokraterna.se/var-politik">kristdemokraterna.se</a></p>
<p>&nbsp;</p>
</div>

<p>Kristdemokraterna är en del av den stora internationella kristdemokratin, världens näst största politiska rörelse. Kristdemokrati står för demokrati byggd på kristen människosyn och värdegrund. Vi sätter människovärdet och familjen högt, och motarbetar alla former av totalitarism. Alla som delar våra idéer är välkomna i partiet. Läs mer på kristdemokraterna.se &nbsp;</p>

<!-- This site is optimized with the Yoast SEO plugin v27.4 - https://yoast.com/product/yoast-seo-wordpress/ -->
<title>Kristdemokraterna - Kristdemokraterna i Nyköping</title>
<meta name="robots" content="index, follow, max-snippet:-1, max-image-preview:large, max-video-preview:-1" />
<link rel="canonical" href="https://wp.kristdemokraterna.se/nykoping/textsida-fullbredd/om-kristdemokraterna/" />
<meta property="og:locale" content="sv_SE" />
<meta property="og:type" content="article" />
<meta property="og:title" content="Kristdemokraterna - Kristdemokraterna i Nyköping" />
<meta property="og:description" content="Kristdemokraterna är en del av den stora internationella kristdemokratin, världens näst största politiska rörelse. Kristdemokrati står för demokrati byggd på kristen människosyn och värdegrund. Vi sätter människovärdet och familjen högt, och motarbetar alla former av totalitarism. Alla som delar våra idéer är välkomna i partiet. Läs mer på kristdemokraterna.se &nbsp;" />
<meta property="og:url" content="https://wp.kristdemokraterna.se/nykoping/textsida-fullbredd/om-kristdemokraterna/" />
<meta property="og:site_name" content="Kristdemokraterna i Nyköping" />
<meta property="article:modified_time" content="2023-08-17T08:57:47+00:00" />
<meta name="twitter:card" content="summary_large_image" />
<script type="application/ld+json" class="yoast-schema-graph">{"@context":"https:\/\/schema.org","@graph":[{"@type":"WebPage","@id":"https:\/\/wp.kristdemokraterna.se\/nykoping\/textsida-fullbredd\/om-kristdemokraterna\/","url":"https:\/\/wp.kristdemokraterna.se\/nykoping\/textsida-fullbredd\/om-kristdemokraterna\/","name":"Kristdemokraterna - Kristdemokraterna i Nyköping","isPartOf":{"@id":"https:\/\/wp.kristdemokraterna.se\/nykoping\/#website"},"datePublished":"2017-12-04T15:44:15+00:00","dateModified":"2023-08-17T08:57:47+00:00","breadcrumb":{"@id":"https:\/\/wp.kristdemokraterna.se\/nykoping\/textsida-fullbredd\/om-kristdemokraterna\/#breadcrumb"},"inLanguage":"sv-SE","potentialAction":[{"@type":"ReadAction","target":["https:\/\/wp.kristdemokraterna.se\/nykoping\/textsida-fullbredd\/om-kristdemokraterna\/"]}]},{"@type":"BreadcrumbList","@id":"https:\/\/wp.kristdemokraterna.se\/nykoping\/textsida-fullbredd\/om-kristdemokraterna\/#breadcrumb","itemListElement":[{"@type":"ListItem","position":1,"name":"Hem","item":"https:\/\/wp.kristdemokraterna.se\/nykoping\/"},{"@type":"ListItem","position":2,"name":"Vad vi står för!","item":"https:\/\/wp.kristdemokraterna.se\/nykoping\/textsida-fullbredd\/"},{"@type":"ListItem","position":3,"name":"Kristdemokraterna"}]},{"@type":"WebSite","@id":"https:\/\/wp.kristdemokraterna.se\/nykoping\/#website","url":"https:\/\/wp.kristdemokraterna.se\/nykoping\/","name":"Kristdemokraterna i Nyköping","description":"Du ska kunna lita på Sverige","inLanguage":"sv-SE"}]}</script>
<!-- / Yoast SEO plugin. -->

Kristdemokraterna - Kristdemokraterna i Nyköping

Kristdemokraterna är en del av den stora internationella kristdemokratin, världens näst största politiska rörelse. Kristdemokrati står för demokrati byggd på kristen människosyn och värdegrund. Vi sätter människovärdet och familjen högt, och motarbetar alla former av totalitarism. Alla som delar våra idéer är välkomna i partiet. Läs mer på kristdemokraterna.se &nbsp;

Kristdemokraterna i Nyköping

Vad vi står för!

Du ska kunna lita på Sverige
