{"id":462,"date":"2019-08-27T08:00:40","date_gmt":"2019-08-27T06:00:40","guid":{"rendered":"http:\/\/wp.kristdemokraterna.se\/nykoping\/?page_id=462"},"modified":"2023-03-23T19:53:45","modified_gmt":"2023-03-23T18:53:45","slug":"uppdrag-i-kommunen","status":"publish","type":"page","link":"https:\/\/wp.kristdemokraterna.se\/nykoping\/textsida-med-vanster-sidebar\/uppdrag-i-kommunen\/","title":{"rendered":"Uppdrag i kommunen"},"content":{"rendered":"<p>Kristdemokraterna i Nyk\u00f6ping<\/p>\n<p><em>Maud Wachtmeister<\/em><\/p>\n<ul>\n<li>Gruppledare<\/li>\n<li>Kommunfullm\u00e4ktige, ledamot<\/li>\n<li>Kommunstyrelsen, ledamot<\/li>\n<\/ul>\n<p><em>Stefan Landmark<\/em><\/p>\n<ul>\n<li>Kommunfullm\u00e4ktige, ledamot<\/li>\n<li>Milj\u00f6 och samh\u00e4llsbyggarn\u00e4mnden, 2:e vice ordf\u00f6rande<\/li>\n<li>Valn\u00e4mnd<\/li>\n<\/ul>\n<p><em>Eric H\u00e4ggblom<\/em><\/p>\n<ul>\n<li>Ordf\u00f6rande Kristdemokraterna i Nyk\u00f6ping<\/li>\n<li>Kommunfullm\u00e4ktige, ers\u00e4ttare<\/li>\n<li>Kompetens och arbetsmarknadsn\u00e4mnden, 2:e vice ordf\u00f6rande<\/li>\n<\/ul>\n<p><em>Petra Carlquist<\/em><\/p>\n<ul>\n<li>Barn och ungdomsn\u00e4mnden, ledamot<\/li>\n<li>Kommunfullm\u00e4ktige, ers\u00e4ttare<\/li>\n<\/ul>\n<p><em>Marita G\u00f6ransson<\/em><\/p>\n<ul>\n<li>Nyk\u00f6pings hem, vice ordf\u00f6rande<\/li>\n<\/ul>\n<p><em>Margareta Eriksson<\/em><\/p>\n<ul>\n<li>Kommunala pension\u00e4rsr\u00e5det<\/li>\n<\/ul>\n<p><em>Peter \u00d6jert<\/em><\/p>\n<ul>\n<li>Kultur- och fritidsn\u00e4mnden, ledamot<\/li>\n<\/ul>\n<p><em>Annika Bengtsson<\/em><\/p>\n<ul>\n<li>V\u00e5rd- och omsorgsn\u00e4mnden, ledamot<\/li>\n<\/ul>\n<p><em>Johan Argenius<\/em><\/p>\n<ul>\n<li>Milj\u00f6 och samh\u00e4llsbyggarn\u00e4mnden, ers\u00e4ttare<\/li>\n<\/ul>\n<p><em>Lennart Nylander<\/em><\/p>\n<ul>\n<li>Socialn\u00e4mnden, ers\u00e4ttare<\/li>\n<\/ul>\n<p><em>Lars Lundqvist<\/em><\/p>\n<ul>\n<li>Kommunfullm\u00e4ktige, ledamot<\/li>\n<\/ul>\n<p><em>Gerhard Georgsson<\/em><\/p>\n<ul>\n<li>Revisionen, ledamot<\/li>\n<\/ul>\n","protected":false},"excerpt":{"rendered":"<p>Kristdemokraterna i Nyk\u00f6ping Maud Wachtmeister Gruppledare Kommunfullm\u00e4ktige, ledamot Kommunstyrelsen, ledamot Stefan Landmark Kommunfullm\u00e4ktige, ledamot Milj\u00f6 och samh\u00e4llsbyggarn\u00e4mnden, 2:e vice ordf\u00f6rande Valn\u00e4mnd Eric H\u00e4ggblom Ordf\u00f6rande Kristdemokraterna i Nyk\u00f6ping Kommunfullm\u00e4ktige, ers\u00e4ttare Kompetens och arbetsmarknadsn\u00e4mnden, 2:e vice ordf\u00f6rande Petra Carlquist Barn och ungdomsn\u00e4mnden, ledamot Kommunfullm\u00e4ktige, ers\u00e4ttare Marita G\u00f6ransson Nyk\u00f6pings hem, vice ordf\u00f6rande Margareta Eriksson Kommunala pension\u00e4rsr\u00e5det Peter \u00d6jert <a class=\"read-more-link\" href=\"https:\/\/wp.kristdemokraterna.se\/nykoping\/textsida-med-vanster-sidebar\/uppdrag-i-kommunen\/\">L\u00e4s mer<\/a><\/p>\n","protected":false},"author":811,"featured_media":0,"parent":269,"menu_order":0,"comment_status":"closed","ping_status":"closed","template":"","meta":{"_acf_changed":false,"footnotes":""},"class_list":["post-462","page","type-page","status-publish","hentry"],"acf":[],"yoast_head":"<!-- This site is optimized with the Yoast SEO plugin v27.3 - https:\/\/yoast.com\/product\/yoast-seo-wordpress\/ -->\n<title>Uppdrag i kommunen - Kristdemokraterna i Nyk\u00f6ping<\/title>\n<meta name=\"robots\" content=\"index, follow, max-snippet:-1, max-image-preview:large, max-video-preview:-1\" \/>\n<link rel=\"canonical\" href=\"https:\/\/wp.kristdemokraterna.se\/nykoping\/textsida-med-vanster-sidebar\/uppdrag-i-kommunen\/\" \/>\n<meta property=\"og:locale\" content=\"sv_SE\" \/>\n<meta property=\"og:type\" content=\"article\" \/>\n<meta property=\"og:title\" content=\"Uppdrag i kommunen - Kristdemokraterna i Nyk\u00f6ping\" \/>\n<meta property=\"og:description\" content=\"Kristdemokraterna i Nyk\u00f6ping Maud Wachtmeister Gruppledare Kommunfullm\u00e4ktige, ledamot Kommunstyrelsen, ledamot Stefan Landmark Kommunfullm\u00e4ktige, ledamot Milj\u00f6 och samh\u00e4llsbyggarn\u00e4mnden, 2:e vice ordf\u00f6rande Valn\u00e4mnd Eric H\u00e4ggblom Ordf\u00f6rande Kristdemokraterna i Nyk\u00f6ping Kommunfullm\u00e4ktige, ers\u00e4ttare Kompetens och arbetsmarknadsn\u00e4mnden, 2:e vice ordf\u00f6rande Petra Carlquist Barn och ungdomsn\u00e4mnden, ledamot Kommunfullm\u00e4ktige, ers\u00e4ttare Marita G\u00f6ransson Nyk\u00f6pings hem, vice ordf\u00f6rande Margareta Eriksson Kommunala pension\u00e4rsr\u00e5det Peter \u00d6jert L\u00e4s mer\" \/>\n<meta property=\"og:url\" content=\"https:\/\/wp.kristdemokraterna.se\/nykoping\/textsida-med-vanster-sidebar\/uppdrag-i-kommunen\/\" \/>\n<meta property=\"og:site_name\" content=\"Kristdemokraterna i Nyk\u00f6ping\" \/>\n<meta property=\"article:modified_time\" content=\"2023-03-23T18:53:45+00:00\" \/>\n<meta name=\"twitter:card\" content=\"summary_large_image\" \/>\n<meta name=\"twitter:label1\" content=\"Ber\u00e4knad l\u00e4stid\" \/>\n\t<meta name=\"twitter:data1\" content=\"1 minut\" \/>\n<script type=\"application\/ld+json\" class=\"yoast-schema-graph\">{\"@context\":\"https:\\\/\\\/schema.org\",\"@graph\":[{\"@type\":\"WebPage\",\"@id\":\"https:\\\/\\\/wp.kristdemokraterna.se\\\/nykoping\\\/textsida-med-vanster-sidebar\\\/uppdrag-i-kommunen\\\/\",\"url\":\"https:\\\/\\\/wp.kristdemokraterna.se\\\/nykoping\\\/textsida-med-vanster-sidebar\\\/uppdrag-i-kommunen\\\/\",\"name\":\"Uppdrag i kommunen - Kristdemokraterna i Nyk\u00f6ping\",\"isPartOf\":{\"@id\":\"https:\\\/\\\/wp.kristdemokraterna.se\\\/nykoping\\\/#website\"},\"datePublished\":\"2019-08-27T06:00:40+00:00\",\"dateModified\":\"2023-03-23T18:53:45+00:00\",\"breadcrumb\":{\"@id\":\"https:\\\/\\\/wp.kristdemokraterna.se\\\/nykoping\\\/textsida-med-vanster-sidebar\\\/uppdrag-i-kommunen\\\/#breadcrumb\"},\"inLanguage\":\"sv-SE\",\"potentialAction\":[{\"@type\":\"ReadAction\",\"target\":[\"https:\\\/\\\/wp.kristdemokraterna.se\\\/nykoping\\\/textsida-med-vanster-sidebar\\\/uppdrag-i-kommunen\\\/\"]}]},{\"@type\":\"BreadcrumbList\",\"@id\":\"https:\\\/\\\/wp.kristdemokraterna.se\\\/nykoping\\\/textsida-med-vanster-sidebar\\\/uppdrag-i-kommunen\\\/#breadcrumb\",\"itemListElement\":[{\"@type\":\"ListItem\",\"position\":1,\"name\":\"Hem\",\"item\":\"https:\\\/\\\/wp.kristdemokraterna.se\\\/nykoping\\\/\"},{\"@type\":\"ListItem\",\"position\":2,\"name\":\"V\u00e5r partiavdelning\",\"item\":\"https:\\\/\\\/wp.kristdemokraterna.se\\\/nykoping\\\/textsida-med-vanster-sidebar\\\/\"},{\"@type\":\"ListItem\",\"position\":3,\"name\":\"Uppdrag i kommunen\"}]},{\"@type\":\"WebSite\",\"@id\":\"https:\\\/\\\/wp.kristdemokraterna.se\\\/nykoping\\\/#website\",\"url\":\"https:\\\/\\\/wp.kristdemokraterna.se\\\/nykoping\\\/\",\"name\":\"Kristdemokraterna i Nyk\u00f6ping\",\"description\":\"Du ska kunna lita p\u00e5 Sverige\",\"inLanguage\":\"sv-SE\"}]}<\/script>\n<!-- \/ Yoast SEO plugin. -->","yoast_head_json":{"title":"Uppdrag i kommunen - Kristdemokraterna i Nyk\u00f6ping","robots":{"index":"index","follow":"follow","max-snippet":"max-snippet:-1","max-image-preview":"max-image-preview:large","max-video-preview":"max-video-preview:-1"},"canonical":"https:\/\/wp.kristdemokraterna.se\/nykoping\/textsida-med-vanster-sidebar\/uppdrag-i-kommunen\/","og_locale":"sv_SE","og_type":"article","og_title":"Uppdrag i kommunen - Kristdemokraterna i Nyk\u00f6ping","og_description":"Kristdemokraterna i Nyk\u00f6ping Maud Wachtmeister Gruppledare Kommunfullm\u00e4ktige, ledamot Kommunstyrelsen, ledamot Stefan Landmark Kommunfullm\u00e4ktige, ledamot Milj\u00f6 och samh\u00e4llsbyggarn\u00e4mnden, 2:e vice ordf\u00f6rande Valn\u00e4mnd Eric H\u00e4ggblom Ordf\u00f6rande Kristdemokraterna i Nyk\u00f6ping Kommunfullm\u00e4ktige, ers\u00e4ttare Kompetens och arbetsmarknadsn\u00e4mnden, 2:e vice ordf\u00f6rande Petra Carlquist Barn och ungdomsn\u00e4mnden, ledamot Kommunfullm\u00e4ktige, ers\u00e4ttare Marita G\u00f6ransson Nyk\u00f6pings hem, vice ordf\u00f6rande Margareta Eriksson Kommunala pension\u00e4rsr\u00e5det Peter \u00d6jert L\u00e4s mer","og_url":"https:\/\/wp.kristdemokraterna.se\/nykoping\/textsida-med-vanster-sidebar\/uppdrag-i-kommunen\/","og_site_name":"Kristdemokraterna i Nyk\u00f6ping","article_modified_time":"2023-03-23T18:53:45+00:00","twitter_card":"summary_large_image","twitter_misc":{"Ber\u00e4knad l\u00e4stid":"1 minut"},"schema":{"@context":"https:\/\/schema.org","@graph":[{"@type":"WebPage","@id":"https:\/\/wp.kristdemokraterna.se\/nykoping\/textsida-med-vanster-sidebar\/uppdrag-i-kommunen\/","url":"https:\/\/wp.kristdemokraterna.se\/nykoping\/textsida-med-vanster-sidebar\/uppdrag-i-kommunen\/","name":"Uppdrag i kommunen - Kristdemokraterna i Nyk\u00f6ping","isPartOf":{"@id":"https:\/\/wp.kristdemokraterna.se\/nykoping\/#website"},"datePublished":"2019-08-27T06:00:40+00:00","dateModified":"2023-03-23T18:53:45+00:00","breadcrumb":{"@id":"https:\/\/wp.kristdemokraterna.se\/nykoping\/textsida-med-vanster-sidebar\/uppdrag-i-kommunen\/#breadcrumb"},"inLanguage":"sv-SE","potentialAction":[{"@type":"ReadAction","target":["https:\/\/wp.kristdemokraterna.se\/nykoping\/textsida-med-vanster-sidebar\/uppdrag-i-kommunen\/"]}]},{"@type":"BreadcrumbList","@id":"https:\/\/wp.kristdemokraterna.se\/nykoping\/textsida-med-vanster-sidebar\/uppdrag-i-kommunen\/#breadcrumb","itemListElement":[{"@type":"ListItem","position":1,"name":"Hem","item":"https:\/\/wp.kristdemokraterna.se\/nykoping\/"},{"@type":"ListItem","position":2,"name":"V\u00e5r partiavdelning","item":"https:\/\/wp.kristdemokraterna.se\/nykoping\/textsida-med-vanster-sidebar\/"},{"@type":"ListItem","position":3,"name":"Uppdrag i kommunen"}]},{"@type":"WebSite","@id":"https:\/\/wp.kristdemokraterna.se\/nykoping\/#website","url":"https:\/\/wp.kristdemokraterna.se\/nykoping\/","name":"Kristdemokraterna i Nyk\u00f6ping","description":"Du ska kunna lita p\u00e5 Sverige","inLanguage":"sv-SE"}]}},"_links":{"self":[{"href":"https:\/\/wp.kristdemokraterna.se\/nykoping\/wp-json\/wp\/v2\/pages\/462","targetHints":{"allow":["GET"]}}],"collection":[{"href":"https:\/\/wp.kristdemokraterna.se\/nykoping\/wp-json\/wp\/v2\/pages"}],"about":[{"href":"https:\/\/wp.kristdemokraterna.se\/nykoping\/wp-json\/wp\/v2\/types\/page"}],"author":[{"embeddable":true,"href":"https:\/\/wp.kristdemokraterna.se\/nykoping\/wp-json\/wp\/v2\/users\/811"}],"replies":[{"embeddable":true,"href":"https:\/\/wp.kristdemokraterna.se\/nykoping\/wp-json\/wp\/v2\/comments?post=462"}],"version-history":[{"count":13,"href":"https:\/\/wp.kristdemokraterna.se\/nykoping\/wp-json\/wp\/v2\/pages\/462\/revisions"}],"predecessor-version":[{"id":693,"href":"https:\/\/wp.kristdemokraterna.se\/nykoping\/wp-json\/wp\/v2\/pages\/462\/revisions\/693"}],"up":[{"embeddable":true,"href":"https:\/\/wp.kristdemokraterna.se\/nykoping\/wp-json\/wp\/v2\/pages\/269"}],"wp:attachment":[{"href":"https:\/\/wp.kristdemokraterna.se\/nykoping\/wp-json\/wp\/v2\/media?parent=462"}],"curies":[{"name":"wp","href":"https:\/\/api.w.org\/{rel}","templated":true}]}}