{"id":20,"date":"2013-07-10T22:09:22","date_gmt":"2013-07-10T20:09:22","guid":{"rendered":"http:\/\/wp.kristdemokraterna.se\/nynashamn\/?page_id=20"},"modified":"2025-10-01T14:17:49","modified_gmt":"2025-10-01T12:17:49","slug":"styrelse","status":"publish","type":"page","link":"https:\/\/wp.kristdemokraterna.se\/nynashamn\/kontakt\/styrelse\/","title":{"rendered":"Styrelse"},"content":{"rendered":"<p>Antonella Pirrone, Ordf\u00f6rande<br \/>\ne-mail:\u00a0<a href=\"mailto:antonella.pirrone@kristdemokraterna.se\">antonella.pirrone@kristdemokraterna.se<\/a><\/p>\n<p>Leif Kavander, Vice ordf\u00f6rande<\/p>\n<p>Oscar Harrisson, ledamot<\/p>\n<p>Stefan Johansson, ledamot<\/p>\n<p>Bengt-G\u00f6ran Pettersson, ledamot<\/p>\n<p>Touko Makkonen, ers\u00e4ttare<\/p>\n<p>Maximilian Hildeby, adjungerad politisk sekreterare<br \/>\nemail: <a href=\"mailto:maximilian.hildeby@nynashamn.se\">maximilian.hildeby@nynashamn.se<\/a><\/p>\n","protected":false},"excerpt":{"rendered":"<p>Antonella Pirrone, Ordf\u00f6rande e-mail:\u00a0antonella.pirrone@kristdemokraterna.se Leif Kavander, Vice ordf\u00f6rande Oscar Harrisson, ledamot Stefan Johansson, ledamot Bengt-G\u00f6ran Pettersson, ledamot Touko Makkonen, ers\u00e4ttare Maximilian Hildeby, adjungerad politisk sekreterare email: maximilian.hildeby@nynashamn.se<\/p>\n","protected":false},"author":53,"featured_media":0,"parent":6,"menu_order":1,"comment_status":"closed","ping_status":"closed","template":"","meta":{"_acf_changed":false,"footnotes":""},"class_list":["post-20","page","type-page","status-publish","hentry"],"acf":[],"yoast_head":"<!-- This site is optimized with the Yoast SEO plugin v27.4 - https:\/\/yoast.com\/product\/yoast-seo-wordpress\/ -->\n<title>Styrelse - Kristdemokraterna i Nyn\u00e4shamn<\/title>\n<meta name=\"robots\" content=\"index, follow, max-snippet:-1, max-image-preview:large, max-video-preview:-1\" \/>\n<link rel=\"canonical\" href=\"https:\/\/wp.kristdemokraterna.se\/nynashamn\/kontakt\/styrelse\/\" \/>\n<meta property=\"og:locale\" content=\"sv_SE\" \/>\n<meta property=\"og:type\" content=\"article\" \/>\n<meta property=\"og:title\" content=\"Styrelse - Kristdemokraterna i Nyn\u00e4shamn\" \/>\n<meta property=\"og:description\" content=\"Antonella Pirrone, Ordf\u00f6rande e-mail:\u00a0antonella.pirrone@kristdemokraterna.se Leif Kavander, Vice ordf\u00f6rande Oscar Harrisson, ledamot Stefan Johansson, ledamot Bengt-G\u00f6ran Pettersson, ledamot Touko Makkonen, ers\u00e4ttare Maximilian Hildeby, adjungerad politisk sekreterare email: maximilian.hildeby@nynashamn.se\" \/>\n<meta property=\"og:url\" content=\"https:\/\/wp.kristdemokraterna.se\/nynashamn\/kontakt\/styrelse\/\" \/>\n<meta property=\"og:site_name\" content=\"Kristdemokraterna i Nyn\u00e4shamn\" \/>\n<meta property=\"article:modified_time\" content=\"2025-10-01T12:17:49+00:00\" \/>\n<meta name=\"twitter:card\" content=\"summary_large_image\" \/>\n<meta name=\"twitter:label1\" content=\"Ber\u00e4knad l\u00e4stid\" \/>\n\t<meta name=\"twitter:data1\" content=\"1 minut\" \/>\n<script type=\"application\/ld+json\" class=\"yoast-schema-graph\">{\"@context\":\"https:\\\/\\\/schema.org\",\"@graph\":[{\"@type\":\"WebPage\",\"@id\":\"https:\\\/\\\/wp.kristdemokraterna.se\\\/nynashamn\\\/kontakt\\\/styrelse\\\/\",\"url\":\"https:\\\/\\\/wp.kristdemokraterna.se\\\/nynashamn\\\/kontakt\\\/styrelse\\\/\",\"name\":\"Styrelse - Kristdemokraterna i Nyn\u00e4shamn\",\"isPartOf\":{\"@id\":\"https:\\\/\\\/wp.kristdemokraterna.se\\\/nynashamn\\\/#website\"},\"datePublished\":\"2013-07-10T20:09:22+00:00\",\"dateModified\":\"2025-10-01T12:17:49+00:00\",\"breadcrumb\":{\"@id\":\"https:\\\/\\\/wp.kristdemokraterna.se\\\/nynashamn\\\/kontakt\\\/styrelse\\\/#breadcrumb\"},\"inLanguage\":\"sv-SE\",\"potentialAction\":[{\"@type\":\"ReadAction\",\"target\":[\"https:\\\/\\\/wp.kristdemokraterna.se\\\/nynashamn\\\/kontakt\\\/styrelse\\\/\"]}]},{\"@type\":\"BreadcrumbList\",\"@id\":\"https:\\\/\\\/wp.kristdemokraterna.se\\\/nynashamn\\\/kontakt\\\/styrelse\\\/#breadcrumb\",\"itemListElement\":[{\"@type\":\"ListItem\",\"position\":1,\"name\":\"Hem\",\"item\":\"https:\\\/\\\/wp.kristdemokraterna.se\\\/nynashamn\\\/\"},{\"@type\":\"ListItem\",\"position\":2,\"name\":\"Kontakta oss\",\"item\":\"https:\\\/\\\/wp.kristdemokraterna.se\\\/nynashamn\\\/kontakt\\\/\"},{\"@type\":\"ListItem\",\"position\":3,\"name\":\"Styrelse\"}]},{\"@type\":\"WebSite\",\"@id\":\"https:\\\/\\\/wp.kristdemokraterna.se\\\/nynashamn\\\/#website\",\"url\":\"https:\\\/\\\/wp.kristdemokraterna.se\\\/nynashamn\\\/\",\"name\":\"Kristdemokraterna i Nyn\u00e4shamn\",\"description\":\"Nyn\u00e4shamn i v\u00e5rt hj\u00e4rta\",\"inLanguage\":\"sv-SE\"}]}<\/script>\n<!-- \/ Yoast SEO plugin. -->","yoast_head_json":{"title":"Styrelse - Kristdemokraterna i Nyn\u00e4shamn","robots":{"index":"index","follow":"follow","max-snippet":"max-snippet:-1","max-image-preview":"max-image-preview:large","max-video-preview":"max-video-preview:-1"},"canonical":"https:\/\/wp.kristdemokraterna.se\/nynashamn\/kontakt\/styrelse\/","og_locale":"sv_SE","og_type":"article","og_title":"Styrelse - Kristdemokraterna i Nyn\u00e4shamn","og_description":"Antonella Pirrone, Ordf\u00f6rande e-mail:\u00a0antonella.pirrone@kristdemokraterna.se Leif Kavander, Vice ordf\u00f6rande Oscar Harrisson, ledamot Stefan Johansson, ledamot Bengt-G\u00f6ran Pettersson, ledamot Touko Makkonen, ers\u00e4ttare Maximilian Hildeby, adjungerad politisk sekreterare email: maximilian.hildeby@nynashamn.se","og_url":"https:\/\/wp.kristdemokraterna.se\/nynashamn\/kontakt\/styrelse\/","og_site_name":"Kristdemokraterna i Nyn\u00e4shamn","article_modified_time":"2025-10-01T12:17:49+00:00","twitter_card":"summary_large_image","twitter_misc":{"Ber\u00e4knad l\u00e4stid":"1 minut"},"schema":{"@context":"https:\/\/schema.org","@graph":[{"@type":"WebPage","@id":"https:\/\/wp.kristdemokraterna.se\/nynashamn\/kontakt\/styrelse\/","url":"https:\/\/wp.kristdemokraterna.se\/nynashamn\/kontakt\/styrelse\/","name":"Styrelse - Kristdemokraterna i Nyn\u00e4shamn","isPartOf":{"@id":"https:\/\/wp.kristdemokraterna.se\/nynashamn\/#website"},"datePublished":"2013-07-10T20:09:22+00:00","dateModified":"2025-10-01T12:17:49+00:00","breadcrumb":{"@id":"https:\/\/wp.kristdemokraterna.se\/nynashamn\/kontakt\/styrelse\/#breadcrumb"},"inLanguage":"sv-SE","potentialAction":[{"@type":"ReadAction","target":["https:\/\/wp.kristdemokraterna.se\/nynashamn\/kontakt\/styrelse\/"]}]},{"@type":"BreadcrumbList","@id":"https:\/\/wp.kristdemokraterna.se\/nynashamn\/kontakt\/styrelse\/#breadcrumb","itemListElement":[{"@type":"ListItem","position":1,"name":"Hem","item":"https:\/\/wp.kristdemokraterna.se\/nynashamn\/"},{"@type":"ListItem","position":2,"name":"Kontakta oss","item":"https:\/\/wp.kristdemokraterna.se\/nynashamn\/kontakt\/"},{"@type":"ListItem","position":3,"name":"Styrelse"}]},{"@type":"WebSite","@id":"https:\/\/wp.kristdemokraterna.se\/nynashamn\/#website","url":"https:\/\/wp.kristdemokraterna.se\/nynashamn\/","name":"Kristdemokraterna i Nyn\u00e4shamn","description":"Nyn\u00e4shamn i v\u00e5rt hj\u00e4rta","inLanguage":"sv-SE"}]}},"_links":{"self":[{"href":"https:\/\/wp.kristdemokraterna.se\/nynashamn\/wp-json\/wp\/v2\/pages\/20","targetHints":{"allow":["GET"]}}],"collection":[{"href":"https:\/\/wp.kristdemokraterna.se\/nynashamn\/wp-json\/wp\/v2\/pages"}],"about":[{"href":"https:\/\/wp.kristdemokraterna.se\/nynashamn\/wp-json\/wp\/v2\/types\/page"}],"author":[{"embeddable":true,"href":"https:\/\/wp.kristdemokraterna.se\/nynashamn\/wp-json\/wp\/v2\/users\/53"}],"replies":[{"embeddable":true,"href":"https:\/\/wp.kristdemokraterna.se\/nynashamn\/wp-json\/wp\/v2\/comments?post=20"}],"version-history":[{"count":28,"href":"https:\/\/wp.kristdemokraterna.se\/nynashamn\/wp-json\/wp\/v2\/pages\/20\/revisions"}],"predecessor-version":[{"id":430,"href":"https:\/\/wp.kristdemokraterna.se\/nynashamn\/wp-json\/wp\/v2\/pages\/20\/revisions\/430"}],"up":[{"embeddable":true,"href":"https:\/\/wp.kristdemokraterna.se\/nynashamn\/wp-json\/wp\/v2\/pages\/6"}],"wp:attachment":[{"href":"https:\/\/wp.kristdemokraterna.se\/nynashamn\/wp-json\/wp\/v2\/media?parent=20"}],"curies":[{"name":"wp","href":"https:\/\/api.w.org\/{rel}","templated":true}]}}